000
CXUS53 KMPX 010932
CF6RWF
PRELIMINARY LOCAL CLIMATOLOGICAL DATA (WS FORM: F-6)
STATION: REDWOOD FALLS MN
MONTH: SEPTEMBER
YEAR: 2020
LATITUDE: 44 32 N
LONGITUDE: 95 5 W
TEMPERATURE IN F: :PCPN: SNOW: WIND :SUNSHINE: SKY :PK WND
================================================================================
1 2 3 4 5 6A 6B 7 8 9 10 11 12 13 14 15 16 17 18
12Z AVG MX 2MIN
DY MAX MIN AVG DEP HDD CDD WTR SNW DPTH SPD SPD DIR MIN PSBL S-S WX SPD DR
================================================================================
1 75 55 65 -2 0 0 0.00 M M 10.2 22 180 M M 0 32 180
2 84 57 71 4 0 6 0.00 M M 11.4 24 210 M M 0 37 210
3 74 56 65 -1 0 0 T M M 15.3 23 310 M M 1 40 310
4 80 49 65 -1 0 0 0.00 M M 5.9 13 290 M M 0 20 310
5 79 50 65 -1 0 0 0.15 M M 6.5 35 340 M M 1 3 62 320
6 83 60 72 7 0 7 0.39 M M 13.1 29 150 M M 0 13 39 150
7 60 47 54 -11 11 0 0.31 M M 5.8 13 30 M M 6 1 21 20
8 50 44 47 -17 18 0 0.00 M M 6.3 13 350 M M 4 21 350
9 50 37 44 -20 21 0 T M M 3.2 8 350 M M 4 1 12 350
10 60 34 47 -17 18 0 0.00 M M 1.6 8 150 M M 4 12 11 110
11 57 41 49 -14 16 0 0.33 M M 5.4 15 130 M M 8 18 19 100
12 66 53 60 -3 5 0 T M M 5.1 14 230 M M 9 1 18 250
13 77 46 62 0 3 0 0.00 M M 4.8 9 60 M M 0 17 60
14 86 52 69 7 0 4 0.00 M M 10.7 21 220 M M 1 28 210
15 83 62 73 11 0 8 0.00 M M 12.8 22 210 M M 0 30 230
16 69 48 59 -2 6 0 0.00 M M 8.7 18 330 M M 3 30 320
17 62 44 53 -8 12 0 0.00 M M 3.4 9 110 M M 5 13 90
18 65 39 52 -8 13 0 0.00 M M 5.9 14 130 M M 0 20 140
19 73 43 58 -2 7 0 0.00 M M 12.3 25 150 M M 3 35 160
20 79 54 67 8 0 2 T M M 17.1 32 160 M M 0 42 170
21 80 51 66 7 0 1 0.00 M M 8.6 17 200 M M 0 24 190
22 86 53 70 12 0 5 0.00 M M 7.2 15 190 M M 0 1 25 160
23 86 54 70 12 0 5 T M M 9.4 18 190 M M 0 8 23 160
24 77 58 68 10 0 3 0.07 M M 6.8 22 110 M M 2 3 34 120
25 81 56 69 12 0 4 0.00 M M 8.7 22 280 M M 0 1 30 270
26 70 54 62 5 3 0 0.00 M M 5.3 17 130 M M 2 22 130
27 67 50 59 3 6 0 0.03 M M 15.8 27 270 M M 4 40 270
28 56 49 53 -3 12 0 0.01 M M 11.9 23 320 M M 9 36 320
29 72 43 58 3 7 0 T M M 9.8 18 310 M M 5 27 320
30 66 49 58 3 7 0 T M M 15.2 32 290 M M 4 45 290
================================================================================
SM 2153 1488 165 45 1.29 M 264.2 M 75
================================================================================
AV 71.8 49.6 8.8 FASTST M M 3 MAX(MPH)
MISC ----> 35 340 62 320
================================================================================
NOTES:
# LAST OF SEVERAL OCCURRENCES
COLUMN 17 PEAK WIND IN M.P.H.
PRELIMINARY LOCAL CLIMATOLOGICAL DATA (WS FORM: F-6) , PAGE 2
STATION: REDWOOD FALLS MN
MONTH: SEPTEMBER
YEAR: 2020
LATITUDE: 44 32 N
LONGITUDE: 95 5 W
[TEMPERATURE DATA] [PRECIPITATION DATA] SYMBOLS USED IN COLUMN 16
AVERAGE MONTHLY: 60.7 TOTAL FOR MONTH: 1.29 1 = FOG OR MIST
DPTR FM NORMAL: -0.5 DPTR FM NORMAL: -1.74 2 = FOG REDUCING VISIBILITY
HIGHEST: 86 ON 23,22 GRTST 24HR 0.54 ON 5- 6 TO 1/4 MILE OR LESS
LOWEST: 34 ON 10 3 = THUNDER
SNOW, ICE PELLETS, HAIL 4 = ICE PELLETS
TOTAL MONTH: M 5 = HAIL
GRTST 24HR M ON M 6 = FREEZING RAIN OR DRIZZLE
GRTST DEPTH: M ON M 7 = DUSTSTORM OR SANDSTORM:
VSBY 1/2 MILE OR LESS
8 = SMOKE OR HAZE
[NO. OF DAYS WITH] [WEATHER - DAYS WITH] 9 = BLOWING SNOW
X = TORNADO
MAX 32 OR BELOW: 0 0.01 INCH OR MORE: 7
MAX 90 OR ABOVE: 0 0.10 INCH OR MORE: 4
MIN 32 OR BELOW: 0 0.50 INCH OR MORE: 0
MIN 0 OR BELOW: 0 1.00 INCH OR MORE: 0
[HDD (BASE 65) ]
TOTAL THIS MO. 165 CLEAR (SCALE 0-3) 18
DPTR FM NORMAL -5 PTCLDY (SCALE 4-7) 9
TOTAL FM JUL 1 171 CLOUDY (SCALE 8-10) 3
DPTR FM NORMAL -30
[CDD (BASE 65) ]
TOTAL THIS MO. 45
DPTR FM NORMAL -11 [PRESSURE DATA]
TOTAL FM JAN 1 797 HIGHEST SLP 30.51 ON 10
DPTR FM NORMAL 133 LOWEST SLP 29.44 ON 26
[REMARKS]
#FINAL-09-20#