000
CXUS55 KPIH 011100
CF6RXE
PRELIMINARY LOCAL CLIMATOLOGICAL DATA (WS FORM: F-6)
STATION: REXBURG
MONTH: MARCH
YEAR: 2022
LATITUDE: 43 49 N
LONGITUDE: 111 48 W
TEMPERATURE IN F: :PCPN: SNOW: WIND :SUNSHINE: SKY :PK WND
================================================================================
1 2 3 4 5 6A 6B 7 8 9 10 11 12 13 14 15 16 17 18
12Z AVG MX 2MIN
DY MAX MIN AVG DEP HDD CDD WTR SNW DPTH SPD SPD DIR MIN PSBL S-S WX SPD DR
================================================================================
1 45 24 35 6 30 0 0.00 M M 2.0 8 80 M M 5 11 90
2 48 27 38 9 27 0 0.00 M M 4.2 8 350 M M 0 10 80
3 51 26 39 9 26 0 0.00 M M 3.7 8 40 M M 0 10 50
4 34 27 31 1 34 0 T M M 5.0 13 220 M M 6 1 18 190
5 39 23 31 0 34 0 0.01 M M 7.6 15 360 M M 9 1 25 360
6 34 14 24 -7 41 0 0.00 M M 9.2 20 350 M M 1 32 360
7 31 6 19 -13 46 0 0.00 M M 6.2 14 230 M M 5 22 220
8 33 16 25 -7 40 0 0.01 M M 6.4 15 230 M M 10 18 22 240
9 24 2 13 -19 52 0 0.00 M M 9.2 17 40 M M 2 28 50
10 21 -10 6 -27 59 0 T M M 6.6 16 210 M M 4 8 23 190
11 32 11 22 -11 43 0 0.00 M M 5.1 14 240 M M 9 20 240
12 39 24 32 -2 33 0 0.00 M M 4.4 12 60 M M 3 15 180
13 43 24 34 0 31 0 0.00 M M 11.3 24 230 M M 6 36 210
14 43 25 34 -1 31 0 0.00 M M 8.3 17 230 M M 4 25 220
15 44 28 36 1 29 0 0.13 M M 6.7 18 210 M M 8 18 29 220
16 42 27 35 0 30 0 0.01 M M 5.6 13 20 M M 7 1 18 20
17 42 17 30 -6 35 0 0.00 M M 3.2 9 60 M M 2 14 180
18 51 25 38 2 27 0 0.00 M M 7.6 15 230 M M 4 23 220
19 57 29 43 7 22 0 0.00 M M 8.5 18 180 M M 2 27 200
20 45 26 36 -1 29 0 0.28 M M 9.3 21 200 M M 8 1 30 180
21 39 15 27 -10 38 0 0.00 M M 4.7 13 200 M M 1 19 130
22 49 20 35 -3 30 0 0.00 M M 3.6 9 170 M M 2 14 160
23 56 25 41 3 24 0 0.00 M M 5.8 12 260 M M 0 18 250
24 63 29 46 8 19 0 0.00 M M 7.4 18 210 M M 1 27 180
25 58 31 45 7 20 0 0.00 M M 4.3 13 50 M M 0 17 50
26 66 32 49 10 16 0 0.00 M M 5.4 14 230 M M 0 21 200
27 70 32 51 12 14 0 0.00 M M 3.6 13 230 M M 0 19 230
28 68 42 55 16 10 0 0.00 M M 9.3 23 220 M M 1 35 240
29 57 34 46 6 19 0 0.00 M M 9.8 23 360 M M 5 33 350
30 57 26 42 2 23 0 0.00 M M 7.3 16 180 M M 0 25 180
31 45 31 38 -2 27 0 0.05 M M 10.4 23 200 M M 7 33 220
================================================================================
SM 1426 708 939 0 0.49 M 201.7 M 112
================================================================================
AV 46.0 22.8 6.5 FASTST M M 4 MAX(MPH)
MISC ----> 24 230 36 210
================================================================================
NOTES:
# LAST OF SEVERAL OCCURRENCES
COLUMN 17 PEAK WIND IN M.P.H.
PRELIMINARY LOCAL CLIMATOLOGICAL DATA (WS FORM: F-6) , PAGE 2
STATION: REXBURG
MONTH: MARCH
YEAR: 2022
LATITUDE: 43 49 N
LONGITUDE: 111 48 W
[TEMPERATURE DATA] [PRECIPITATION DATA] SYMBOLS USED IN COLUMN 16
AVERAGE MONTHLY: 34.4 TOTAL FOR MONTH: 0.49 1 = FOG OR MIST
DPTR FM NORMAL: -0.7 DPTR FM NORMAL: -0.40 2 = FOG REDUCING VISIBILITY
HIGHEST: 70 ON 27 GRTST 24HR 0.28 ON 20-20 TO 1/4 MILE OR LESS
LOWEST: -10 ON 10 3 = THUNDER
SNOW, ICE PELLETS, HAIL 4 = ICE PELLETS
TOTAL MONTH: M 5 = HAIL
GRTST 24HR M ON M 6 = FREEZING RAIN OR DRIZZLE
GRTST DEPTH: M ON M 7 = DUSTSTORM OR SANDSTORM:
VSBY 1/2 MILE OR LESS
8 = SMOKE OR HAZE
[NO. OF DAYS WITH] [WEATHER - DAYS WITH] 9 = BLOWING SNOW
X = TORNADO
MAX 32 OR BELOW: 4 0.01 INCH OR MORE: 6
MAX 90 OR ABOVE: 0 0.10 INCH OR MORE: 2
MIN 32 OR BELOW: 29 0.50 INCH OR MORE: 0
MIN 0 OR BELOW: 1 1.00 INCH OR MORE: 0
[HDD (BASE 65) ]
TOTAL THIS MO. 939 CLEAR (SCALE 0-3) 16
DPTR FM NORMAL 10 PTCLDY (SCALE 4-7) 12
TOTAL FM JUL 1 6505 CLOUDY (SCALE 8-10) 3
DPTR FM NORMAL -208
[CDD (BASE 65) ]
TOTAL THIS MO. 0
DPTR FM NORMAL 0 [PRESSURE DATA]
TOTAL FM JAN 1 0 HIGHEST SLP 30.50 ON 22
DPTR FM NORMAL 0 LOWEST SLP 29.54 ON 28
[REMARKS]
#FINAL-03-22#