000
CXUS54 KEWX 241010
CF6SAT
PRELIMINARY LOCAL CLIMATOLOGICAL DATA (WS FORM: F-6)
STATION: SAN ANTONIO
MONTH: APRIL
YEAR: 2024
LATITUDE: 29 31 N
LONGITUDE: 98 28 W
TEMPERATURE IN F: :PCPN: SNOW: WIND :SUNSHINE: SKY :PK WND
================================================================================
1 2 3 4 5 6A 6B 7 8 9 10 11 12 13 14 15 16 17 18
12Z AVG MX 2MIN
DY MAX MIN AVG DEP HDD CDD WTR SNW DPTH SPD SPD DIR MIN PSBL S-S WX SPD DR
================================================================================
1 87 65 76 10 0 11 0.15 T 0 10.0 30 340 M M 9 1358 45 340
2 79 53 66 -1 0 1 T 0.0 M 11.0 23 330 M M 4 3 31 340
3 82 45 64 -3 1 0 0.00 0.0 M 5.1 15 290 M M 0 24 340
4 88 49 69 2 0 4 0.00 0.0 0 7.5 17 230 M M 0 25 230
5 87 53 70 3 0 5 0.00 0.0 0 11.4 25 140 M M 2 36 130
6 83 59 71 3 0 6 T 0.0 0 11.0 21 130 M M 8 1 27 130
7 81 65 73 5 0 8 T 0.0 0 5.9 18 360 M M 9 26 360
8 78 64 71 3 0 6 T 0.0 0 7.1 18 130 M M 10 18 24 140
9 90 62 76 8 0 11 1.29 0.0 0 10.7 37 10 M M 8 138 62 20
10 74 55 65 -3 0 0 0.05 0.0 0 14.8 30 310 M M 4 138 41 340
11 84 52 68 0 0 3 0.00 0.0 0 7.3 18 360 M M 0 25 360
12 82 52 67 -2 0 2 0.00 0.0 0 9.2 21 140 M M 4 31 120
13 83 59 71 2 0 6 0.00 0.0 0 12.7 24 140 M M 5 33 170
14 86 65 76 7 0 11 0.00 0.0 0 10.9 20 140 M M 8 26 130
15 88 71 80 11 0 15 0.01 0.0 0 14.6 25 130 M M 10 3 37 120
16 80 71 76 7 0 11 0.03 0.0 0 6.3 18 150 M M 10 18 29 170
17 82 72 77 7 0 12 T 0.0 0 9.0 21 140 M M 10 1 27 150
18 88 72 80 10 0 15 T 0.0 0 7.5 20 160 M M 9 18 24 170
19 79 69 74 4 0 9 0.00 0.0 0 8.2 18 360 M M 10 24 360
20 78 58 68 -2 0 3 0.33 0.0 0 10.1 23 360 M M 10 138 34 10
21 72 53 63 -7 2 0 T 0.0 0 12.4 21 20 M M 7 3 32 10
22 74 52 63 -8 2 0 0.00 0.0 0 8.5 17 150 M M 4 24 170
23 74 59 67 -4 0 2 0.00 0.0 0 10.1 16 160 M M 9 21 140
================================================================================
SM 1879 1375 5 141 1.86 T 221.3 M 150
================================================================================
AV 81.7 59.8 9.6 FASTST M M 7 MAX(MPH)
MISC ----> 37 10 62 20
================================================================================
NOTES:
# LAST OF SEVERAL OCCURRENCES
COLUMN 17 PEAK WIND IN M.P.H.
PRELIMINARY LOCAL CLIMATOLOGICAL DATA (WS FORM: F-6) , PAGE 2
STATION: SAN ANTONIO
MONTH: APRIL
YEAR: 2024
LATITUDE: 29 31 N
LONGITUDE: 98 28 W
[TEMPERATURE DATA] [PRECIPITATION DATA] SYMBOLS USED IN COLUMN 16
AVERAGE MONTHLY: 70.7 TOTAL FOR MONTH: 1.86 1 = FOG OR MIST
DPTR FM NORMAL: 2.1 DPTR FM NORMAL: 0.09 2 = FOG REDUCING VISIBILITY
HIGHEST: 90 ON 9 GRTST 24HR 1.34 ON 9-10 TO 1/4 MILE OR LESS
LOWEST: 45 ON 3 3 = THUNDER
SNOW, ICE PELLETS, HAIL 4 = ICE PELLETS
TOTAL MONTH: T 5 = HAIL
GRTST 24HR T ON 1- 1 6 = FREEZING RAIN OR DRIZZLE
GRTST DEPTH: 0 7 = DUSTSTORM OR SANDSTORM:
VSBY 1/2 MILE OR LESS
8 = SMOKE OR HAZE
[NO. OF DAYS WITH] [WEATHER - DAYS WITH] 9 = BLOWING SNOW
X = TORNADO
MAX 32 OR BELOW: 0 0.01 INCH OR MORE: 6
MAX 90 OR ABOVE: 1 0.10 INCH OR MORE: 3
MIN 32 OR BELOW: 0 0.50 INCH OR MORE: 1
MIN 0 OR BELOW: 0 1.00 INCH OR MORE: 1
[HDD (BASE 65) ]
TOTAL THIS MO. 5 CLEAR (SCALE 0-3) 4
DPTR FM NORMAL -29 PTCLDY (SCALE 4-7) 8
TOTAL FM JUL 1 1193 CLOUDY (SCALE 8-10) 11
DPTR FM NORMAL -242
[CDD (BASE 65) ]
TOTAL THIS MO. 141
DPTR FM NORMAL 25 [PRESSURE DATA]
TOTAL FM JAN 1 286 HIGHEST SLP M ON M
DPTR FM NORMAL 70 LOWEST SLP 29.48 ON 9
[REMARKS]