000
CXUS56 KLOX 241155
CF6SBA
PRELIMINARY LOCAL CLIMATOLOGICAL DATA (WS FORM: F-6)
STATION: SANTA BARBARA AIRPORT CA
MONTH: APRIL
YEAR: 2024
LATITUDE: 34 25 N
LONGITUDE: 119 50 W
TEMPERATURE IN F: :PCPN: SNOW: WIND :SUNSHINE: SKY :PK WND
================================================================================
1 2 3 4 5 6A 6B 7 8 9 10 11 12 13 14 15 16 17 18
12Z AVG MX 2MIN
DY MAX MIN AVG DEP HDD CDD WTR SNW DPTH SPD SPD DIR MIN PSBL S-S WX SPD DR
================================================================================
1 66 45 56 -1 9 0 0.00 M M 5.1 16 270 M M 2 1 23 260
2 69 47 58 1 7 0 0.00 M M 5.0 14 260 M M 0 18 260
3 66 48 57 0 8 0 0.00 M M 5.8 15 260 M M 1 1 17 250
4 62 43 53 -4 12 0 0.05 M M 7.5 23 250 M M 7 1 33 260
5 58 44 51 -6 14 0 0.23 M M 8.3 24 300 M M 6 1 35 300
6 61 42 52 -5 13 0 0.00 M M 5.1 15 330 M M 0 19 330
7 67 42 55 -2 10 0 0.00 M M 4.3 14 350 M M 0 21 250
8 74 50 62 5 3 0 0.00 M M 8.9 21 10 M M 0 26 20
9 73 44 59 2 6 0 0.00 M M 3.8 10 260 M M 0 16 260
10 71 48 60 2 5 0 0.00 M M 3.3 10 130 M M 0 13 150
11 61 52 57 -1 8 0 0.00 M M 4.5 12 260 M M 6 12 M M
12 60 52 56 -2 9 0 0.00 M M 9.5 14 100 M M 10 1 24 130
13 59 45 52 -6 13 0 0.39 M M 10.5 22 110 M M 9 18 38 110
14 61 48 55 -3 10 0 0.35 M M 6.7 18 260 M M 7 1 28 290
15 65 46 56 -2 9 0 0.00 M M 4.6 14 130 M M 0 17 120
16 69 46 58 0 7 0 0.00 M M 5.2 14 260 M M 0 M M
17 62 49 56 -2 9 0 0.00 M M 4.8 14 140 M M 4 128 18 140
18 61 53 57 -1 8 0 0.00 M M 4.8 12 260 M M 8 128 18 250
19 58 54 56 -2 9 0 0.00 M M 4.6 12 250 M M 10 1 16 260
20 60 56 58 0 7 0 0.00 M M 4.3 9 250 M M 10 14 270
21 63 54 59 1 6 0 0.00 M M 6.0 13 90 M M 9 12 17 90
22 60 55 58 0 7 0 0.00 M M 4.9 13 270 M M 10 1 16 260
23 64 49 57 -1 8 0 0.00 M M 4.5 14 250 M M 6 1 18 260
================================================================================
SM 1470 1112 197 0 1.02 M 132.0 M 105
================================================================================
AV 63.9 48.3 5.7 FASTST M M 5 MAX(MPH)
MISC ----> 24 300 38 110
================================================================================
NOTES:
# LAST OF SEVERAL OCCURRENCES
COLUMN 17 PEAK WIND IN M.P.H.
PRELIMINARY LOCAL CLIMATOLOGICAL DATA (WS FORM: F-6) , PAGE 2
STATION: SANTA BARBARA AIRPORT CA
MONTH: APRIL
YEAR: 2024
LATITUDE: 34 25 N
LONGITUDE: 119 50 W
[TEMPERATURE DATA] [PRECIPITATION DATA] SYMBOLS USED IN COLUMN 16
AVERAGE MONTHLY: 56.1 TOTAL FOR MONTH: 1.02 1 = FOG OR MIST
DPTR FM NORMAL: -1.5 DPTR FM NORMAL: 0.23 2 = FOG REDUCING VISIBILITY
HIGHEST: 74 ON 8 GRTST 24HR 0.67 ON 13-14 TO 1/4 MILE OR LESS
LOWEST: 42 ON 7, 6 3 = THUNDER
SNOW, ICE PELLETS, HAIL 4 = ICE PELLETS
TOTAL MONTH: M 5 = HAIL
GRTST 24HR M ON M 6 = FREEZING RAIN OR DRIZZLE
GRTST DEPTH: M ON M 7 = DUSTSTORM OR SANDSTORM:
VSBY 1/2 MILE OR LESS
8 = SMOKE OR HAZE
[NO. OF DAYS WITH] [WEATHER - DAYS WITH] 9 = BLOWING SNOW
X = TORNADO
MAX 32 OR BELOW: 0 0.01 INCH OR MORE: 4
MAX 90 OR ABOVE: 0 0.10 INCH OR MORE: 3
MIN 32 OR BELOW: 0 0.50 INCH OR MORE: 0
MIN 0 OR BELOW: 0 1.00 INCH OR MORE: 0
[HDD (BASE 65) ]
TOTAL THIS MO. 197 CLEAR (SCALE 0-3) 10
DPTR FM NORMAL 23 PTCLDY (SCALE 4-7) 7
TOTAL FM JUL 1 1440 CLOUDY (SCALE 8-10) 6
DPTR FM NORMAL -561
[CDD (BASE 65) ]
TOTAL THIS MO. 0
DPTR FM NORMAL 0 [PRESSURE DATA]
TOTAL FM JAN 1 0 HIGHEST SLP M ON M
DPTR FM NORMAL -2 LOWEST SLP 29.82 ON 1
[REMARKS]