000
CXUS56 KLOX 011155
CF6SBP
PRELIMINARY LOCAL CLIMATOLOGICAL DATA (WS FORM: F-6)
STATION: SAN LUIS OBISPO AIRPORT CA
MONTH: MARCH
YEAR: 2023
LATITUDE: 35 13 N
LONGITUDE: 120 38 W
TEMPERATURE IN F: :PCPN: SNOW: WIND :SUNSHINE: SKY :PK WND
================================================================================
1 2 3 4 5 6A 6B 7 8 9 10 11 12 13 14 15 16 17 18
12Z AVG MX 2MIN
DY MAX MIN AVG DEP HDD CDD WTR SNW DPTH SPD SPD DIR MIN PSBL S-S WX SPD DR
================================================================================
1 54 40 47 -8 18 0 0.11 M M 11.7 28 300 M M 5 1 35 300
2 63 37 50 -5 15 0 0.00 M M 7.9 24 320 M M 0 30 310
3 61 36 49 -6 16 0 0.00 M M 9.0 23 310 M M 0 29 320
4 56 40 48 -7 17 0 0.07 M M 5.0 16 230 M M 9 1 22 210
5 57 47 52 -3 13 0 0.17 M M 6.6 17 250 M M 9 18 22 260
6 57 41 49 -6 16 0 T M M 4.7 16 300 M M 6 12 21 320
7 59 35 47 -8 18 0 0.00 M M 6.9 23 320 M M 1 28 310
8 59 37 48 -7 17 0 0.00 M M 6.1 16 310 M M 2 23 310
9 64 41 53 -2 12 0 0.61 M M 7.0 16 150 M M 6 1 23 140
10 59 52 56 1 9 0 2.62 M M 8.2 21 180 M M 10 1 29 180
11 61 57 59 4 6 0 T M M 3.4 12 240 M M 10 1 16 230
12 64 53 59 4 6 0 0.00 M M 4.2 10 210 M M 9 1 13 250
13 69 52 61 5 4 0 0.02 M M 3.1 14 310 M M 8 12 17 320
14 60 56 58 2 7 0 2.93 M M 10.5 26 140 M M 10 1 35 140
15 62 49 56 0 9 0 0.03 M M 9.2 18 310 M M 8 1 22 320
16 61 45 53 -3 12 0 0.00 M M 4.8 17 330 M M 6 22 340
17 65 45 55 -1 10 0 0.00 M M 4.6 18 310 M M 2 22 330
18 71 43 57 1 8 0 0.00 M M 2.6 13 230 M M 3 12 16 220
19 62 52 57 1 8 0 0.09 M M 7.8 21 160 M M 10 18 25 160
20 59 52 56 0 9 0 0.01 M M 6.0 14 300 M M 10 1 16 140
21 57 48 53 -3 12 0 0.80 M M 11.3 29 240 M M 9 138 39 240
22 57 47 52 -4 13 0 0.54 M M 6.4 16 190 M M 10 18 22 200
23 58 46 52 -4 13 0 0.01 M M 11.0 26 300 M M 6 1 33 300
24 61 42 52 -4 13 0 0.00 M M 10.0 23 300 M M 1 31 330
25 61 42 52 -4 13 0 0.00 M M 11.5 24 300 M M 0 31 310
26 61 42 52 -4 13 0 0.00 M M 10.8 22 310 M M 0 29 310
27 67 40 54 -2 11 0 0.00 M M 5.1 16 300 M M 0 18 300
28 60 37 49 -7 16 0 0.72 M M 8.1 21 170 M M 5 1 28 170
29 58 45 52 -4 13 0 0.40 M M 6.7 16 200 M M 9 1 24 220
30 60 42 51 -5 14 0 0.16 M M 7.1 21 310 M M 4 1 26 320
31 65 40 53 -3 12 0 0.00 M M 7.6 20 320 M M 0 24 330
================================================================================
SM 1888 1381 373 0 9.29 M 224.9 M 168
================================================================================
AV 60.9 44.5 7.3 FASTST M M 5 MAX(MPH)
MISC ----> 29 240 39 240
================================================================================
NOTES:
# LAST OF SEVERAL OCCURRENCES
COLUMN 17 PEAK WIND IN M.P.H.
PRELIMINARY LOCAL CLIMATOLOGICAL DATA (WS FORM: F-6) , PAGE 2
STATION: SAN LUIS OBISPO AIRPORT CA
MONTH: MARCH
YEAR: 2023
LATITUDE: 35 13 N
LONGITUDE: 120 38 W
[TEMPERATURE DATA] [PRECIPITATION DATA] SYMBOLS USED IN COLUMN 16
AVERAGE MONTHLY: 52.7 TOTAL FOR MONTH: 9.29 1 = FOG OR MIST
DPTR FM NORMAL: -2.9 DPTR FM NORMAL: 6.12 2 = FOG REDUCING VISIBILITY
HIGHEST: 71 ON 18 GRTST 24HR 3.17 ON 9-10 TO 1/4 MILE OR LESS
LOWEST: 35 ON 7 3 = THUNDER
SNOW, ICE PELLETS, HAIL 4 = ICE PELLETS
TOTAL MONTH: M 5 = HAIL
GRTST 24HR M ON M 6 = FREEZING RAIN OR DRIZZLE
GRTST DEPTH: M ON M 7 = DUSTSTORM OR SANDSTORM:
VSBY 1/2 MILE OR LESS
8 = SMOKE OR HAZE
[NO. OF DAYS WITH] [WEATHER - DAYS WITH] 9 = BLOWING SNOW
X = TORNADO
MAX 32 OR BELOW: 0 0.01 INCH OR MORE: 16
MAX 90 OR ABOVE: 0 0.10 INCH OR MORE: 10
MIN 32 OR BELOW: 0 0.50 INCH OR MORE: 6
MIN 0 OR BELOW: 0 1.00 INCH OR MORE: 2
[HDD (BASE 65) ]
TOTAL THIS MO. 373 CLEAR (SCALE 0-3) 11
DPTR FM NORMAL 78 PTCLDY (SCALE 4-7) 8
TOTAL FM JUL 1 1914 CLOUDY (SCALE 8-10) 12
DPTR FM NORMAL 136
[CDD (BASE 65) ]
TOTAL THIS MO. 0
DPTR FM NORMAL -4 [PRESSURE DATA]
TOTAL FM JAN 1 0 HIGHEST SLP 30.38 ON 24
DPTR FM NORMAL -6 LOWEST SLP 29.41 ON 21
[REMARKS]
#FINAL-03-23#