000
CXUS56 KSTO 151111
CF6SCK
PRELIMINARY LOCAL CLIMATOLOGICAL DATA (WS FORM: F-6)
STATION: STOCKTON AIRPORT CA
MONTH: JANUARY
YEAR: 2022
LATITUDE: 37 54 N
LONGITUDE: 121 15 W
TEMPERATURE IN F: :PCPN: SNOW: WIND :SUNSHINE: SKY :PK WND
================================================================================
1 2 3 4 5 6A 6B 7 8 9 10 11 12 13 14 15 16 17 18
12Z AVG MX 2MIN
DY MAX MIN AVG DEP HDD CDD WTR SNW DPTH SPD SPD DIR MIN PSBL S-S WX SPD DR
================================================================================
1 52 31 42 -5 23 0 0.00 0.0 M 3.8 12 290 M M 0 1 14 240
2 51 27 39 -8 26 0 0.00 M M 3.3 8 290 M M 1 12 11 290
3 56 31 44 -3 21 0 0.00 M M 8.5 18 130 M M 4 1 23 130
4 61 46 54 7 11 0 T 0.0 M 3.2 10 120 M M 6 1 13 130
5 63 46 55 8 10 0 0.00 0.0 M 3.3 12 330 M M 5 1 15 320
6 57 51 54 7 11 0 0.00 0.0 M 1.9 8 330 M M 10 18 9 320
7 58 45 52 5 13 0 T M M 3.8 9 290 M M 8 128 12 130
8 56 37 47 0 18 0 0.00 M M 6.3 13 260 M M 5 12 14 330
9 58 37 48 1 17 0 0.00 0.0 M 4.4 9 260 M M 0 128 11 260
10 62 35 49 2 16 0 0.00 0.0 M 3.8 9 290 M M 3 12 12 300
11 62 36 49 1 16 0 0.00 0.0 M 2.1 8 150 M M 0 18 10 150
12 63 37 50 2 15 0 0.00 0.0 M 3.1 12 150 M M 1 128 13 140
13 62 38 50 2 15 0 0.00 0.0 M 3.8 9 310 M M 2 128 10 310
14 59 35 47 -1 18 0 T M M 4.3 13 130 M M 5 128 17 130
15 61 39 50 2 15 0 T M M 1.7 7 160 M M 6 128 8 160
16 62 42 52 4 13 0 0.00 M M 2.4 9 130 M M 1 128 11 130
17 60 37 49 1 16 0 0.00 M M 2.1 7 290 M M 7 128 9 320
18 61 36 49 1 16 0 0.00 M M 3.2 13 300 M M 1 128 15 300
19 60 37 49 1 16 0 0.00 M M 3.4 10 290 M M 4 128 12 290
20 66 35 51 3 14 0 0.00 0.0 M 2.6 9 160 M M 0 18 12 150
21 67 39 53 5 12 0 0.00 0.0 M 9.4 25 340 M M 1 12 31 340
22 62 34 48 0 17 0 0.00 0.0 M 4.9 15 340 M M 0 18 17 340
23 60 34 47 -2 18 0 0.00 0.0 M 3.2 7 70 M M 4 128 10 250
24 63 35 49 0 16 0 0.00 0.0 M 3.1 9 130 M M 0 128 11 320
25 62 32 47 -2 18 0 0.00 M M 3.5 12 350 M M 3 128 15 360
26 64 32 48 -1 17 0 0.00 M M 3.5 9 270 M M 1 128 10 320
27 66 34 50 1 15 0 0.00 0.0 M 2.5 8 210 M M 0 18 10 280
28 65 32 49 0 16 0 0.00 M M 1.4 6 250 M M 0 18 7 250
29 63 32 48 -1 17 0 0.00 0.0 M 2.6 9 290 M M 3 128 11 290
30 64 32 48 -2 17 0 0.00 0.0 M 2.3 8 160 M M 0 18 10 150
31 63 36 50 0 15 0 0.00 0.0 M 5.7 12 300 M M 0 128 14 330
================================================================================
SM 1889 1130 498 0 T 0.0 113.1 M 81
================================================================================
AV 60.9 36.5 3.6 FASTST M M 3 MAX(MPH)
MISC ----> 25 340 31 340
================================================================================
NOTES:
# LAST OF SEVERAL OCCURRENCES
COLUMN 17 PEAK WIND IN M.P.H.
PRELIMINARY LOCAL CLIMATOLOGICAL DATA (WS FORM: F-6) , PAGE 2
STATION: STOCKTON AIRPORT CA
MONTH: JANUARY
YEAR: 2022
LATITUDE: 37 54 N
LONGITUDE: 121 15 W
[TEMPERATURE DATA] [PRECIPITATION DATA] SYMBOLS USED IN COLUMN 16
AVERAGE MONTHLY: 48.7 TOTAL FOR MONTH: T 1 = FOG OR MIST
DPTR FM NORMAL: 0.7 DPTR FM NORMAL: -2.67 2 = FOG REDUCING VISIBILITY
HIGHEST: 67 ON 21 GRTST 24HR 0.05 ON 7- 7 TO 1/4 MILE OR LESS
LOWEST: 27 ON 2 3 = THUNDER
SNOW, ICE PELLETS, HAIL 4 = ICE PELLETS
TOTAL MONTH: 0.0 INCH 5 = HAIL
GRTST 24HR 0.0 6 = FREEZING RAIN OR DRIZZLE
GRTST DEPTH: M ON M 7 = DUSTSTORM OR SANDSTORM:
VSBY 1/2 MILE OR LESS
8 = SMOKE OR HAZE
[NO. OF DAYS WITH] [WEATHER - DAYS WITH] 9 = BLOWING SNOW
X = TORNADO
MAX 32 OR BELOW: 0 0.01 INCH OR MORE: 0
MAX 90 OR ABOVE: 0 0.10 INCH OR MORE: 0
MIN 32 OR BELOW: 8 0.50 INCH OR MORE: 0
MIN 0 OR BELOW: 0 1.00 INCH OR MORE: 0
[HDD (BASE 65) ]
TOTAL THIS MO. 498 CLEAR (SCALE 0-3) 20
DPTR FM NORMAL -27 PTCLDY (SCALE 4-7) 10
TOTAL FM JUL 1 1503 CLOUDY (SCALE 8-10) 1
DPTR FM NORMAL 64
[CDD (BASE 65) ]
TOTAL THIS MO. 0
DPTR FM NORMAL 0 [PRESSURE DATA]
TOTAL FM JAN 1 0 HIGHEST SLP 30.48 ON 10
DPTR FM NORMAL 0 LOWEST SLP 29.91 ON 7
[REMARKS]
#FINAL-01-22#