000
CXUS53 KLMK 010810
CF6SDF
PRELIMINARY LOCAL CLIMATOLOGICAL DATA (WS FORM: F-6)
STATION: LOUISVILLE KY
MONTH: JANUARY
YEAR: 2022
LATITUDE: 38 10 N
LONGITUDE: 85 44 W
TEMPERATURE IN F: :PCPN: SNOW: WIND :SUNSHINE: SKY :PK WND
================================================================================
1 2 3 4 5 6A 6B 7 8 9 10 11 12 13 14 15 16 17 18
12Z AVG MX 2MIN
DY MAX MIN AVG DEP HDD CDD WTR SNW DPTH SPD SPD DIR MIN PSBL S-S WX SPD DR
================================================================================
1 64 55 60 23 5 0 2.08 0.0 0 5.4 22 150 M M 10 1 28 330
2 57 31 44 8 21 0 0.01 0.0 0 12.6 20 360 M M 10 1 27 10
3 37 25 31 -5 34 0 0.00 0.0 0 8.4 21 340 M M 3 29 330
4 46 24 35 -1 30 0 0.00 0.0 0 10.6 23 170 M M 3 34 170
5 50 30 40 4 25 0 0.00 0.0 0 17.1 29 260 M M 8 37 210
6 30 15 23 -13 42 0 0.21 2.3 0 9.1 15 290 M M 9 12 21 310
7 22 11 17 -19 48 0 T T 2 7.1 15 280 M M 7 19 280
8 46 14 30 -6 35 0 0.42 0.0 2 8.5 26 170 M M 5 35 180
9 47 27 37 1 28 0 1.40 0.0 0 12.7 26 170 M M 8 1 40 190
10 37 20 29 -7 36 0 0.00 0.0 0 9.0 21 280 M M 1 27 270
11 39 19 29 -7 36 0 0.00 0.0 0 7.0 16 170 M M 0 24 200
12 54 36 45 10 20 0 0.00 0.0 0 9.5 20 210 M M 7 27 210
13 53 34 44 9 21 0 0.00 0.0 0 7.9 17 260 M M 7 22 260
14 40 31 36 1 29 0 T T 0 6.3 15 90 M M 7 18 18 100
15 39 29 34 -1 31 0 T T 0 10.2 17 50 M M 9 25 50
16 32 28 30 -5 35 0 0.04 0.3 0 9.2 18 350 M M 9 146 24 350
17 32 28 30 -5 35 0 0.01 0.3 T 12.2 22 280 M M 10 18 30 280
18 47 24 36 1 29 0 0.00 0.0 T 8.8 18 160 M M 6 23 180
19 53 29 41 6 24 0 0.23 T 0 11.1 23 360 M M 9 1 30 360
20 29 22 26 -9 39 0 T T 0 13.0 23 360 M M 8 30 350
21 30 18 24 -11 41 0 T T 0 8.0 15 40 M M 5 21 50
22 36 14 25 -10 40 0 0.00 0.0 0 5.7 15 200 M M 3 19 190
23 43 26 35 0 30 0 T T 0 9.0 24 280 M M 7 32 300
24 52 24 38 2 27 0 T 0.0 0 9.6 24 250 M M 10 33 240
25 38 21 30 -6 35 0 0.00 0.0 0 10.5 18 330 M M 5 26 330
26 28 11 20 -16 45 0 0.00 0.0 0 5.0 16 350 M M 0 20 350
27 42 15 29 -7 36 0 T 0.2 T 5.8 16 270 M M 7 1 21 290
28 36 17 27 -9 38 0 0.09 3.3 T 9.3 26 350 M M 9 146 34 340
29 29 8 19 -17 46 0 0.00 0.0 3 6.2 14 230 M M 3 19 220
30 47 22 35 -1 30 0 0.00 0.0 T 8.5 16 280 M M 5 22 280
31 45 25 35 -1 30 0 0.00 0.0 0 4.1 9 150 M M 6 14 140
================================================================================
SM 1280 733 1001 0 4.49 6.4 277.4 M 196
================================================================================
AV 41.3 23.6 8.9 FASTST M M 6 MAX(MPH)
MISC ----> 29 260 40 190
================================================================================
NOTES:
# LAST OF SEVERAL OCCURRENCES
COLUMN 17 PEAK WIND IN M.P.H.
PRELIMINARY LOCAL CLIMATOLOGICAL DATA (WS FORM: F-6) , PAGE 2
STATION: LOUISVILLE KY
MONTH: JANUARY
YEAR: 2022
LATITUDE: 38 10 N
LONGITUDE: 85 44 W
[TEMPERATURE DATA] [PRECIPITATION DATA] SYMBOLS USED IN COLUMN 16
AVERAGE MONTHLY: 32.5 TOTAL FOR MONTH: 4.49 1 = FOG OR MIST
DPTR FM NORMAL: -3.2 DPTR FM NORMAL: 1.10 2 = FOG REDUCING VISIBILITY
HIGHEST: 64 ON 1 GRTST 24HR 2.38 ON 31- 1 TO 1/4 MILE OR LESS
LOWEST: 8 ON 29 3 = THUNDER
SNOW, ICE PELLETS, HAIL 4 = ICE PELLETS
TOTAL MONTH: 6.4 INCHES 5 = HAIL
GRTST 24HR 3.3 ON 28-28 6 = FREEZING RAIN OR DRIZZLE
GRTST DEPTH: 3 ON 29 7 = DUSTSTORM OR SANDSTORM:
VSBY 1/2 MILE OR LESS
8 = SMOKE OR HAZE
[NO. OF DAYS WITH] [WEATHER - DAYS WITH] 9 = BLOWING SNOW
X = TORNADO
MAX 32 OR BELOW: 8 0.01 INCH OR MORE: 9
MAX 90 OR ABOVE: 0 0.10 INCH OR MORE: 5
MIN 32 OR BELOW: 28 0.50 INCH OR MORE: 2
MIN 0 OR BELOW: 0 1.00 INCH OR MORE: 2
[HDD (BASE 65) ]
TOTAL THIS MO. 1001 CLEAR (SCALE 0-3) 5
DPTR FM NORMAL 93 PTCLDY (SCALE 4-7) 15
TOTAL FM JUL 1 2135 CLOUDY (SCALE 8-10) 11
DPTR FM NORMAL -282
[CDD (BASE 65) ]
TOTAL THIS MO. 0
DPTR FM NORMAL 0 [PRESSURE DATA]
TOTAL FM JAN 1 0 HIGHEST SLP 30.63 ON 11
DPTR FM NORMAL 0 LOWEST SLP 29.58 ON 1
[REMARKS]
#FINAL-01-22#