000
CXUS56 KSGX 011145
CF6SDM
PRELIMINARY LOCAL CLIMATOLOGICAL DATA (WS FORM: F-6)
STATION: SAN DIEGO/BROWN
MONTH: DECEMBER
YEAR: 2020
LATITUDE: 32 34 N
LONGITUDE: 116 59 W
TEMPERATURE IN F: :PCPN: SNOW: WIND :SUNSHINE: SKY :PK WND
================================================================================
1 2 3 4 5 6A 6B 7 8 9 10 11 12 13 14 15 16 17 18
12Z AVG MX 2MIN
DY MAX MIN AVG DEP HDD CDD WTR SNW DPTH SPD SPD DIR MIN PSBL S-S WX SPD DR
================================================================================
1 78 43 61 5 4 0 0.00 0.0 0 4.3 10 150 M M 0 8 13 270
2 83 41 62 7 3 0 0.00 0.0 0 5.5 17 130 M M 0 8 21 130
3 74 42 58 3 7 0 0.00 M 0 7.7 24 120 M M 0 8 34 110
4 73 40 57 2 8 0 0.00 0.0 0 4.4 12 280 M M 0 8 13 290
5 72 39 56 1 9 0 0.00 0.0 0 4.5 12 130 M M 0 13 130
6 74 37 56 1 9 0 0.00 0.0 0 4.6 13 130 M M 0 18 15 140
7 74 44 59 4 6 0 T M 0 6.2 22 80 M M 0 8 27 90
8 81 53 67 12 0 2 0.00 0.0 0 10.2 22 100 M M 0 8 27 110
9 75 45 60 5 5 0 0.00 0.0 0 4.3 16 210 M M 0 8 20 220
10 67 43 55 0 10 0 0.00 M M 6.5 16 260 M M 5 128 22 270
11 64 41 53 -2 12 0 0.00 M M 3.8 13 300 M M 2 18 17 280
12 64 42 53 -2 12 0 0.00 M M 4.2 10 280 M M 4 18 16 260
13 71 42 57 2 8 0 0.00 M M 3.7 12 280 M M 0 18 18 280
14 63 42 53 -2 12 0 0.08 M M 5.0 12 270 M M 5 18 16 270
15 69 40 55 0 10 0 0.00 M M 5.3 10 140 M M 0 18 14 300
16 74 37 56 1 9 0 0.00 M M 3.8 12 280 M M 0 15 280
17 66 40 53 -2 12 0 0.04 M M 5.6 14 260 M M 3 18 18 250
18 67 41 54 -1 11 0 0.00 M M 3.8 12 280 M M 1 1 16 270
19 76 41 59 4 6 0 0.00 M M 5.7 14 130 M M 0 16 130
20 81 42 62 7 3 0 0.00 M M 4.0 10 140 M M 0 12 320
21 83 45 64 9 1 0 0.00 M M 3.3 12 250 M M 0 15 270
22 70 46 58 3 7 0 0.00 M M 3.5 10 280 M M 1 128 14 290
23 73 39 56 1 9 0 0.00 M M 7.7 25 120 M M 3 128 31 130
24 68 57 63 8 2 0 0.01 M M 16.2 30 130 M M 3 38 140
25 77 43 60 5 5 0 0.00 M M 4.9 14 280 M M 0 17 280
26 71 41 56 1 9 0 0.00 M M 3.8 13 280 M M 2 18 16 270
27 67 47 57 2 8 0 0.00 M M 4.5 14 240 M M 6 128 17 260
28 61 48 55 0 10 0 0.80 M M 8.5 18 180 M M 8 138 24 180
29 63 40 52 -3 13 0 0.03 M M 5.2 15 270 M M 5 1 20 290
30 70 36 53 -2 12 0 0.00 M M 5.3 13 100 M M 0 8 16 290
31 65 39 52 -3 13 0 0.00 M M 5.8 13 270 M M 2 8 19 280
================================================================================
SM 2214 1316 245 2 0.96 0.0 171.8 M 50
================================================================================
AV 71.4 42.5 5.5 FASTST M M 2 MAX(MPH)
MISC ----> 30 130 38 140
================================================================================
NOTES:
# LAST OF SEVERAL OCCURRENCES
COLUMN 17 PEAK WIND IN M.P.H.
PRELIMINARY LOCAL CLIMATOLOGICAL DATA (WS FORM: F-6) , PAGE 2
STATION: SAN DIEGO/BROWN
MONTH: DECEMBER
YEAR: 2020
LATITUDE: 32 34 N
LONGITUDE: 116 59 W
[TEMPERATURE DATA] [PRECIPITATION DATA] SYMBOLS USED IN COLUMN 16
AVERAGE MONTHLY: 56.9 TOTAL FOR MONTH: 0.96 1 = FOG OR MIST
DPTR FM NORMAL: 2.1 DPTR FM NORMAL: -0.96 2 = FOG REDUCING VISIBILITY
HIGHEST: 83 ON 21, 2 GRTST 24HR 0.80 ON 28-28 TO 1/4 MILE OR LESS
LOWEST: 36 ON 30 3 = THUNDER
SNOW, ICE PELLETS, HAIL 4 = ICE PELLETS
TOTAL MONTH: 0.0 INCH 5 = HAIL
GRTST 24HR 0.0 6 = FREEZING RAIN OR DRIZZLE
GRTST DEPTH: 0 7 = DUSTSTORM OR SANDSTORM:
VSBY 1/2 MILE OR LESS
8 = SMOKE OR HAZE
[NO. OF DAYS WITH] [WEATHER - DAYS WITH] 9 = BLOWING SNOW
X = TORNADO
MAX 32 OR BELOW: 0 0.01 INCH OR MORE: 5
MAX 90 OR ABOVE: 0 0.10 INCH OR MORE: 1
MIN 32 OR BELOW: 0 0.50 INCH OR MORE: 1
MIN 0 OR BELOW: 0 1.00 INCH OR MORE: 0
[HDD (BASE 65) ]
TOTAL THIS MO. 245 CLEAR (SCALE 0-3) 24
DPTR FM NORMAL -72 PTCLDY (SCALE 4-7) 7
TOTAL FM JUL 1 423 CLOUDY (SCALE 8-10) 0
DPTR FM NORMAL -155
[CDD (BASE 65) ]
TOTAL THIS MO. 2
DPTR FM NORMAL 1 [PRESSURE DATA]
TOTAL FM JAN 1 1181 HIGHEST SLP 30.28 ON 19
DPTR FM NORMAL 557 LOWEST SLP 29.86 ON 27
[REMARKS]
#FINAL-12-20#