000
CXUS54 KFWD 010732
CF6SEP
PRELIMINARY LOCAL CLIMATOLOGICAL DATA (WS FORM: F-6)
STATION: STEPHENVILLE
MONTH: AUGUST
YEAR: 2023
LATITUDE: 32 13 N
LONGITUDE: 98 11 W
TEMPERATURE IN F: :PCPN: SNOW: WIND :SUNSHINE: SKY :PK WND
================================================================================
1 2 3 4 5 6A 6B 7 8 9 10 11 12 13 14 15 16 17 18
12Z AVG MX 2MIN
DY MAX MIN AVG DEP HDD CDD WTR SNW DPTH SPD SPD DIR MIN PSBL S-S WX SPD DR
================================================================================
1 106 76 91 8 0 26 0.00 M M 5.1 12 120 M M 1 18 120
2 106 79 93 10 0 28 0.00 M M 6.1 12 150 M M 0 20 200
3 105 78 92 9 0 27 0.00 M M 8.0 13 230 M M 0 18 210
4 105 79 92 9 0 27 0.00 M M 6.7 12 210 M M 1 17 210
5 107 81 94 11 0 29 0.00 M M 7.9 13 90 M M 1 18 150
6 106 79 93 10 0 28 0.00 M M 7.3 13 190 M M 1 18 190
7 107 82 95 12 0 30 0.00 M M 9.3 14 170 M M 1 21 160
8 M 82 M M M M 0.00 M M 9.1 14 150 M M 1 18 210
9 107 81 94 11 0 29 0.00 M M 11.2 22 220 M M 1 29 220
10 107 82 95 12 0 30 0.00 M M 7.2 10 230 M M 1 24 180
11 107 84 96 13 0 31 0.00 M M 9.3 14 150 M M 1 22 150
12 107 80 94 11 0 29 0.00 M M 10.1 13 150 M M 0 22 210
13 106 80 93 10 0 28 0.00 M M 9.4 14 220 M M 1 22 180
14 101 79 90 7 0 25 0.00 M M 8.8 16 350 M M 1 24 290
15 96 73 85 2 0 20 0.00 M M 5.8 13 60 M M 2 17 80
16 100 70 85 2 0 20 0.00 M M 4.6 8 120 M M 0 M M
17 110 72 91 8 0 26 0.00 M M 6.1 13 230 M M 1 20 230
18 109 77 93 10 0 28 0.00 M M 6.1 13 240 M M 1 21 240
19 107 76 92 9 0 27 0.00 M M 6.3 15 120 M M 1 21 120
20 107 78 93 11 0 28 0.00 M M 5.0 16 90 M M 1 20 90
21 105 80 93 11 0 28 0.00 M M 7.8 18 90 M M 1 27 100
22 101 77 89 7 0 24 0.00 M M 6.3 15 90 M M 1 22 120
23 101 74 88 6 0 23 0.00 M M 5.2 16 120 M M 1 23 120
24 105 76 91 9 0 26 0.00 M M 2.8 8 180 M M 1 16 80
25 108 78 93 11 0 28 0.00 M M 5.5 14 110 M M 1 17 100
26 106 79 93 11 0 28 0.00 M M 4.9 16 80 M M 1 28 80
27 98 78 88 7 0 23 0.00 M M 6.8 18 350 M M 0 29 350
28 94 74 84 3 0 19 0.00 M M 8.4 16 20 M M 1 24 20
29 96 67 82 1 0 17 0.00 M M 5.1 13 20 M M 1 21 10
30 97 71 84 3 0 19 0.00 M M 5.4 12 10 M M 1 23 10
31 99 68 84 4 0 19 0.00 M M 3.7 14 40 M M 0 18 40
================================================================================
SM 3116 2390 0 770 0.00 M 211.3 M 26
================================================================================
AV103.9 77.1 6.8 FASTST M M 1 MAX(MPH)
MISC ----> 22 220 # 29 220
================================================================================
NOTES:
# LAST OF SEVERAL OCCURRENCES
COLUMN 17 PEAK WIND IN M.P.H.
PRELIMINARY LOCAL CLIMATOLOGICAL DATA (WS FORM: F-6) , PAGE 2
STATION: STEPHENVILLE
MONTH: AUGUST
YEAR: 2023
LATITUDE: 32 13 N
LONGITUDE: 98 11 W
[TEMPERATURE DATA] [PRECIPITATION DATA] SYMBOLS USED IN COLUMN 16
AVERAGE MONTHLY: 90.5 TOTAL FOR MONTH: 0.00 1 = FOG OR MIST
DPTR FM NORMAL: 8.0 DPTR FM NORMAL: -2.38 2 = FOG REDUCING VISIBILITY
HIGHEST: 110 ON 17 GRTST 24HR 0.00 ON 1- 1 TO 1/4 MILE OR LESS
LOWEST: 67 ON 29 3 = THUNDER
SNOW, ICE PELLETS, HAIL 4 = ICE PELLETS
TOTAL MONTH: M 5 = HAIL
GRTST 24HR M ON M 6 = FREEZING RAIN OR DRIZZLE
GRTST DEPTH: M ON M 7 = DUSTSTORM OR SANDSTORM:
VSBY 1/2 MILE OR LESS
8 = SMOKE OR HAZE
[NO. OF DAYS WITH] [WEATHER - DAYS WITH] 9 = BLOWING SNOW
X = TORNADO
MAX 32 OR BELOW: 0 0.01 INCH OR MORE: 0
MAX 90 OR ABOVE: 30 0.10 INCH OR MORE: 0
MIN 32 OR BELOW: 0 0.50 INCH OR MORE: 0
MIN 0 OR BELOW: 0 1.00 INCH OR MORE: 0
[HDD (BASE 65) ]
TOTAL THIS MO. 0 CLEAR (SCALE 0-3) 31
DPTR FM NORMAL 0 PTCLDY (SCALE 4-7) 0
TOTAL FM JUL 1 0 CLOUDY (SCALE 8-10) 0
DPTR FM NORMAL 0
[CDD (BASE 65) ]
TOTAL THIS MO. 770
DPTR FM NORMAL 228 [PRESSURE DATA]
TOTAL FM JAN 1 2423 HIGHEST SLP M ON M
DPTR FM NORMAL 613 LOWEST SLP M ON M
[REMARKS]
#FINAL-08-23#