000
CXUS53 KLSX 011500
CF6SET
PRELIMINARY LOCAL CLIMATOLOGICAL DATA (WS FORM: F-6)
STATION: ST_CHARLES MO
MONTH: DECEMBER
YEAR: 2022
LATITUDE: 38 55 N
LONGITUDE: 90 26 W
TEMPERATURE IN F: :PCPN: SNOW: WIND :SUNSHINE: SKY :PK WND
================================================================================
1 2 3 4 5 6A 6B 7 8 9 10 11 12 13 14 15 16 17 18
12Z AVG MX 2MIN
DY MAX MIN AVG DEP HDD CDD WTR SNW DPTH SPD SPD DIR MIN PSBL S-S WX SPD DR
================================================================================
1 44 20 32 -8 33 0 0.00 0.0 0 8.2 18 160 M M 4 24 150
2 59 41 50 11 15 0 0.00 0.0 0 12.6 29 180 M M 10 42 190
3 59 24 42 3 23 0 0.00 0.0 0 10.2 33 300 M M 2 49 290
4 43 24 34 -5 31 0 0.00 0.0 0 4.1 10 210 M M 0 15 190
5 51 32 42 4 23 0 0.00 0.0 0 6.9 12 140 M M 8 1 15 140
6 47 37 42 4 23 0 0.01 0.0 0 4.8 9 40 M M 10 12 10 80
7 55 42 49 11 16 0 0.00 0.0 0 2.3 10 80 M M 8 18 12 80
8 47 43 45 7 20 0 0.05 0.0 0 6.9 14 70 M M 10 1 17 60
9 54 36 45 8 20 0 0.10 0.0 0 9.1 21 300 M M 8 1 28 300
10 45 32 39 2 26 0 0.00 0.0 0 2.1 8 200 M M 2 12 9 200
11 40 34 37 0 28 0 0.00 0.0 0 5.1 10 60 M M 0 18 14 30
12 43 30 37 1 28 0 0.00 0.0 0 7.7 14 110 M M 1 17 100
13 51 33 42 6 23 0 0.78 0.0 0 14.5 24 110 M M 8 8 32 120
14 56 37 47 11 18 0 0.17 0.0 0 8.2 28 290 M M 9 18 42 300
15 39 34 37 1 28 0 0.00 0.0 0 12.9 23 260 M M 10 29 250
16 36 30 33 -2 32 0 0.00 0.0 0 14.9 25 250 M M 9 35 240
17 32 24 28 -7 37 0 0.00 0.0 0 14.7 25 300 M M 7 38 300
18 33 19 26 -9 39 0 0.00 0.0 0 8.1 20 290 M M 0 25 300
19 39 20 30 -5 35 0 0.00 0.0 0 6.4 14 100 M M 6 16 90
20 46 25 36 2 29 0 0.00 0.0 0 5.8 15 360 M M 5 21 350
21 34 23 29 -5 36 0 0.00 0.0 0 5.5 12 90 M M 6 18 14 90
22 35 -5 15 -19 50 0 M M 0 15.5 36 310 M M 10 18 51 320
23 4 -6 -1 -35 66 0 0.00 0.0 M 24.1 32 290 M M 4 8 49 290
24 20 7 14 -20 51 0 0.00 0.0 M 19.1 30 290 M M 0 43 290
25 24 8 16 -17 49 0 T M M 10.4 20 280 M M 2 1 26 270
26 32 18 25 -8 40 0 T M M 8.3 17 330 M M 10 1 23 360
27 32 7 20 -13 45 0 0.00 0.0 M 7.5 16 160 M M 0 20 160
28 55 23 39 6 26 0 0.00 0.0 M 13.2 22 160 M M 0 30 160
29 67 45 56 24 9 0 0.04 0.0 M 14.1 28 180 M M 3 1 42 170
30 62 31 47 15 18 0 0.05 0.0 M 5.0 15 190 M M 7 13 21 200
31 50 31 41 9 24 0 0.00 0.0 M 4.6 12 150 M M 3 1 14 130
================================================================================
SM 1334 799 941 0 1.20 0.0 292.8 M 162
================================================================================
AV 43.0 25.8 9.4 FASTST M M 5 MAX(MPH)
MISC ----> 36 310 51 320
================================================================================
NOTES:
# LAST OF SEVERAL OCCURRENCES
COLUMN 17 PEAK WIND IN M.P.H.
PRELIMINARY LOCAL CLIMATOLOGICAL DATA (WS FORM: F-6) , PAGE 2
STATION: ST_CHARLES MO
MONTH: DECEMBER
YEAR: 2022
LATITUDE: 38 55 N
LONGITUDE: 90 26 W
[TEMPERATURE DATA] [PRECIPITATION DATA] SYMBOLS USED IN COLUMN 16
AVERAGE MONTHLY: 34.4 TOTAL FOR MONTH: 1.20 1 = FOG OR MIST
DPTR FM NORMAL: -1.1 DPTR FM NORMAL: -1.15 2 = FOG REDUCING VISIBILITY
HIGHEST: 67 ON 29 GRTST 24HR 0.78 ON 13-13 TO 1/4 MILE OR LESS
LOWEST: -6 ON 23 3 = THUNDER
SNOW, ICE PELLETS, HAIL 4 = ICE PELLETS
TOTAL MONTH: 0.0 INCH 5 = HAIL
GRTST 24HR 0.0 6 = FREEZING RAIN OR DRIZZLE
GRTST DEPTH: 0 7 = DUSTSTORM OR SANDSTORM:
VSBY 1/2 MILE OR LESS
8 = SMOKE OR HAZE
[NO. OF DAYS WITH] [WEATHER - DAYS WITH] 9 = BLOWING SNOW
X = TORNADO
MAX 32 OR BELOW: 6 0.01 INCH OR MORE: 7
MAX 90 OR ABOVE: 0 0.10 INCH OR MORE: 3
MIN 32 OR BELOW: 21 0.50 INCH OR MORE: 1
MIN 0 OR BELOW: 2 1.00 INCH OR MORE: 0
[HDD (BASE 65) ]
TOTAL THIS MO. 941 CLEAR (SCALE 0-3) 11
DPTR FM NORMAL 28 PTCLDY (SCALE 4-7) 12
TOTAL FM JUL 1 1858 CLOUDY (SCALE 8-10) 8
DPTR FM NORMAL 37
[CDD (BASE 65) ]
TOTAL THIS MO. 0
DPTR FM NORMAL 0 [PRESSURE DATA]
TOTAL FM JAN 1 1644 HIGHEST SLP 30.54 ON 1
DPTR FM NORMAL 178 LOWEST SLP 29.58 ON 14
[REMARKS]
#FINAL-12-22#