093
CXUS53 KLSX 011527
CF6SET
PRELIMINARY LOCAL CLIMATOLOGICAL DATA (WS FORM: F-6)
STATION: ST_CHARLES MO
MONTH: DECEMBER
YEAR: 2020
LATITUDE: 38 55 N
LONGITUDE: 90 26 W
TEMPERATURE IN F: :PCPN: SNOW: WIND :SUNSHINE: SKY :PK WND
================================================================================
1 2 3 4 5 6A 6B 7 8 9 10 11 12 13 14 15 16 17 18
12Z AVG MX 2MIN
DY MAX MIN AVG DEP HDD CDD WTR SNW DPTH SPD SPD DIR MIN PSBL S-S WX SPD DR
================================================================================
1 41 22 32 -6 33 0 0.00 0.0 0 4.4 12 270 M M 0 15 280
2 48 21 35 -3 30 0 0.00 0.0 0 3.5 10 100 M M 0 1 13 100
3 48 30 39 2 26 0 0.00 0.0 0 4.1 14 190 M M 7 18 190
4 52 32 42 5 23 0 0.00 0.0 0 6.7 16 260 M M 4 1 23 260
5 54 26 40 4 25 0 0.00 0.0 0 1.8 7 90 M M 0 1 8 160
6 46 27 37 1 28 0 0.00 0.0 0 4.9 12 30 M M 6 1 16 350
7 41 36 39 3 26 0 0.00 0.0 0 5.7 12 300 M M 10 16 330
8 48 31 40 5 25 0 0.00 0.0 0 3.1 12 220 M M 5 18 18 190
9 67 31 49 14 16 0 0.00 0.0 0 3.2 10 280 M M 0 18 14 290
10 65 32 49 15 16 0 0.00 0.0 0 4.4 10 80 M M 0 1 12 100
11 58 34 46 12 19 0 1.11 0.0 0 6.0 15 210 M M 5 1 20 210
12 56 38 47 13 18 0 0.20 0.0 0 12.8 29 260 M M 10 1 38 250
13 39 34 37 3 28 0 0.00 0.0 0 7.0 16 310 M M 10 22 340
14 38 25 32 -1 33 0 0.00 0.0 0 8.1 20 310 M M 3 26 320
15 37 25 31 -2 34 0 0.00 0.0 0 9.1 15 70 M M 3 21 40
16 36 25 31 -2 34 0 0.00 0.0 0 8.1 20 290 M M 6 23 290
17 36 20 28 -4 37 0 0.00 0.0 0 4.4 10 220 M M 2 18 13 210
18 44 24 34 2 31 0 T 0.0 0 8.4 15 130 M M 1 18 20 150
19 51 36 44 12 21 0 0.00 0.0 0 8.2 16 270 M M 6 22 260
20 50 27 39 7 26 0 0.00 0.0 0 3.7 13 180 M M 2 18 17 210
21 58 31 45 13 20 0 0.00 0.0 0 11.5 28 270 M M 1 39 290
22 54 26 40 9 25 0 0.00 0.0 0 8.6 17 160 M M 0 24 310
23 65 26 46 15 19 0 0.14 0.0 0 19.4 36 270 M M 5 1 47 260
24 27 15 21 -10 44 0 0.00 0.0 0 17.3 31 280 M M 5 42 280
25 26 11 19 -12 46 0 0.00 0.0 0 9.2 24 310 M M 1 33 280
26 45 17 31 0 34 0 0.00 0.0 0 4.2 12 100 M M 0 13 100
27 59 28 44 13 21 0 0.00 0.0 0 10.8 23 300 M M 2 33 290
28 38 23 31 1 34 0 0.00 0.0 0 6.5 17 330 M M 5 23 320
29 41 25 33 3 32 0 0.00 0.0 0 12.1 22 100 M M 8 27 100
30 46 30 38 8 27 0 0.23 M M 8.5 17 290 M M 8 1 23 300
31 36 24 30 0 35 0 T M 0 8.1 17 70 M M 2 22 60
================================================================================
SM 1450 832 866 0 1.68 0.0 233.8 M 117
================================================================================
AV 46.8 26.8 7.5 FASTST M M 4 MAX(MPH)
MISC ----> 36 270 47 260
================================================================================
NOTES:
# LAST OF SEVERAL OCCURRENCES
COLUMN 17 PEAK WIND IN M.P.H.
PRELIMINARY LOCAL CLIMATOLOGICAL DATA (WS FORM: F-6) , PAGE 2
STATION: ST_CHARLES MO
MONTH: DECEMBER
YEAR: 2020
LATITUDE: 38 55 N
LONGITUDE: 90 26 W
[TEMPERATURE DATA] [PRECIPITATION DATA] SYMBOLS USED IN COLUMN 16
AVERAGE MONTHLY: 36.8 TOTAL FOR MONTH: 1.68 1 = FOG OR MIST
DPTR FM NORMAL: 3.6 DPTR FM NORMAL: -1.13 2 = FOG REDUCING VISIBILITY
HIGHEST: 67 ON 9 GRTST 24HR 1.31 ON 11-12 TO 1/4 MILE OR LESS
LOWEST: 11 ON 25 3 = THUNDER
SNOW, ICE PELLETS, HAIL 4 = ICE PELLETS
TOTAL MONTH: 0.0 INCH 5 = HAIL
GRTST 24HR 0.0 6 = FREEZING RAIN OR DRIZZLE
GRTST DEPTH: 0 7 = DUSTSTORM OR SANDSTORM:
VSBY 1/2 MILE OR LESS
8 = SMOKE OR HAZE
[NO. OF DAYS WITH] [WEATHER - DAYS WITH] 9 = BLOWING SNOW
X = TORNADO
MAX 32 OR BELOW: 2 0.01 INCH OR MORE: 4
MAX 90 OR ABOVE: 0 0.10 INCH OR MORE: 4
MIN 32 OR BELOW: 26 0.50 INCH OR MORE: 1
MIN 0 OR BELOW: 0 1.00 INCH OR MORE: 1
[HDD (BASE 65) ]
TOTAL THIS MO. 866 CLEAR (SCALE 0-3) 16
DPTR FM NORMAL -120 PTCLDY (SCALE 4-7) 12
TOTAL FM JUL 1 1710 CLOUDY (SCALE 8-10) 3
DPTR FM NORMAL -216
[CDD (BASE 65) ]
TOTAL THIS MO. 0
DPTR FM NORMAL 0 [PRESSURE DATA]
TOTAL FM JAN 1 1542 HIGHEST SLP 30.55 ON 29
DPTR FM NORMAL 197 LOWEST SLP 29.51 ON 23
[REMARKS]
#FINAL-12-20#