000
CXUS52 KMLB 010635
CF6SFB
PRELIMINARY LOCAL CLIMATOLOGICAL DATA (WS FORM: F-6)
STATION: SANFORD
MONTH: MARCH
YEAR: 2023
LATITUDE: 28 46 N
LONGITUDE: 81 15 W
TEMPERATURE IN F: :PCPN: SNOW: WIND :SUNSHINE: SKY :PK WND
================================================================================
1 2 3 4 5 6A 6B 7 8 9 10 11 12 13 14 15 16 17 18
12Z AVG MX 2MIN
DY MAX MIN AVG DEP HDD CDD WTR SNW DPTH SPD SPD DIR MIN PSBL S-S WX SPD DR
================================================================================
1 85 67 76 11 0 11 0.00 0.0 0 6.8 16 280 M M 3 20 280
2 87 60 74 9 0 9 0.00 0.0 0 6.8 16 270 M M 1 22 290
3 89 66 78 13 0 13 0.00 0.0 0 12.2 25 240 M M 1 32 180
4 90 71 81 16 0 16 0.00 0.0 0 11.5 23 230 M M 3 29 240
5 89 70 80 14 0 15 0.03 0.0 0 5.5 16 70 M M 6 1 19 60
6 88 69 79 13 0 14 T 0.0 0 4.4 13 70 M M 5 16 70
7 88 64 76 10 0 11 0.00 0.0 0 9.3 20 280 M M 1 24 250
8 82 62 72 6 0 7 0.00 0.0 0 10.2 20 50 M M 4 27 50
9 80 57 69 3 0 4 0.00 0.0 0 6.9 15 100 M M 1 24 50
10 86 60 73 7 0 8 0.03 0.0 0 8.8 22 250 M M 3 28 220
11 81 61 71 5 0 6 0.00 0.0 0 7.6 17 340 M M 3 22 350
12 87 55 71 5 0 6 0.00 0.0 0 7.6 22 220 M M 1 27 220
13 79 63 71 4 0 6 1.07 0.0 0 8.9 32 320 M M 6 13 45 310
14 72 54 63 -4 2 0 0.00 0.0 0 9.7 15 20 M M 0 20 360
15 69 51 60 -7 5 0 0.00 0.0 0 10.6 20 60 M M 0 27 70
16 75 49 62 -5 3 0 0.00 0.0 0 7.5 16 110 M M 0 21 110
17 82 53 68 1 0 3 0.00 0.0 0 8.5 18 240 M M 3 29 220
18 84 57 71 4 0 6 0.00 0.0 0 12.6 22 270 M M 5 29 270
19 67 49 58 -10 7 0 T 0.0 0 9.2 17 360 M M 8 23 360
20 66 48 57 -11 8 0 0.01 0.0 0 10.0 16 80 M M 2 23 330
21 79 48 64 -4 1 0 0.00 0.0 0 8.4 22 100 M M 3 1 29 110
22 82 56 69 1 0 4 0.00 0.0 0 6.6 18 140 M M 2 1 25 140
23 85 59 72 4 0 7 0.00 0.0 0 6.5 16 130 M M 0 20 110
24 88 59 74 6 0 9 0.00 0.0 0 6.8 15 140 M M 1 22 210
25 91 68 80 12 0 15 0.00 0.0 0 8.0 17 240 M M 4 24 230
26 91 70 81 12 0 16 0.00 0.0 0 8.1 17 130 M M 1 24 240
27 91 71 81 12 0 16 0.00 0.0 0 7.2 14 240 M M 4 20 260
28 89 67 78 9 0 13 0.00 0.0 0 6.9 18 300 M M 2 12 25 290
29 78 62 70 1 0 5 0.00 0.0 0 9.3 18 10 M M 3 26 10
30 81 61 71 2 0 6 0.00 0.0 0 8.2 17 50 M M 1 25 70
31 85 61 73 3 0 8 0.00 0.0 0 10.1 22 120 M M 1 31 110
================================================================================
SM 2566 1868 26 234 1.14 0.0 260.7 M 78
================================================================================
AV 82.8 60.3 8.4 FASTST M M 3 MAX(MPH)
MISC ----> 32 320 45 310
================================================================================
NOTES:
# LAST OF SEVERAL OCCURRENCES
COLUMN 17 PEAK WIND IN M.P.H.
PRELIMINARY LOCAL CLIMATOLOGICAL DATA (WS FORM: F-6) , PAGE 2
STATION: SANFORD
MONTH: MARCH
YEAR: 2023
LATITUDE: 28 46 N
LONGITUDE: 81 15 W
[TEMPERATURE DATA] [PRECIPITATION DATA] SYMBOLS USED IN COLUMN 16
AVERAGE MONTHLY: 71.5 TOTAL FOR MONTH: 1.14 1 = FOG OR MIST
DPTR FM NORMAL: 4.4 DPTR FM NORMAL: -1.71 2 = FOG REDUCING VISIBILITY
HIGHEST: 91 ON 27,26 GRTST 24HR 1.07 ON 13-13 TO 1/4 MILE OR LESS
LOWEST: 48 ON 21,20 3 = THUNDER
SNOW, ICE PELLETS, HAIL 4 = ICE PELLETS
TOTAL MONTH: 0.0 INCH 5 = HAIL
GRTST 24HR 0.0 6 = FREEZING RAIN OR DRIZZLE
GRTST DEPTH: 0 7 = DUSTSTORM OR SANDSTORM:
VSBY 1/2 MILE OR LESS
8 = SMOKE OR HAZE
[NO. OF DAYS WITH] [WEATHER - DAYS WITH] 9 = BLOWING SNOW
X = TORNADO
MAX 32 OR BELOW: 0 0.01 INCH OR MORE: 4
MAX 90 OR ABOVE: 4 0.10 INCH OR MORE: 1
MIN 32 OR BELOW: 0 0.50 INCH OR MORE: 1
MIN 0 OR BELOW: 0 1.00 INCH OR MORE: 1
[HDD (BASE 65) ]
TOTAL THIS MO. 26 CLEAR (SCALE 0-3) 22
DPTR FM NORMAL -31 PTCLDY (SCALE 4-7) 8
TOTAL FM JUL 1 344 CLOUDY (SCALE 8-10) 1
DPTR FM NORMAL -203
[CDD (BASE 65) ]
TOTAL THIS MO. 234
DPTR FM NORMAL 112 [PRESSURE DATA]
TOTAL FM JAN 1 465 HIGHEST SLP M ON M
DPTR FM NORMAL 233 LOWEST SLP 29.79 ON 3
[REMARKS]
#FINAL-03-23#