000
CXUS52 KMLB 011600
CF6SFB
PRELIMINARY LOCAL CLIMATOLOGICAL DATA (WS FORM: F-6)
STATION: SANFORD
MONTH: NOVEMBER
YEAR: 2023
LATITUDE: 28 46 N
LONGITUDE: 81 15 W
TEMPERATURE IN F: :PCPN: SNOW: WIND :SUNSHINE: SKY :PK WND
================================================================================
1 2 3 4 5 6A 6B 7 8 9 10 11 12 13 14 15 16 17 18
12Z AVG MX 2MIN
DY MAX MIN AVG DEP HDD CDD WTR SNW DPTH SPD SPD DIR MIN PSBL S-S WX SPD DR
================================================================================
1 70 58 64 -7 1 0 T 0.0 0 13.4 21 20 M M 5 30 30
2 79 56 68 -3 0 3 0.00 0.0 0 9.4 24 60 M M 2 34 50
3 79 59 69 -2 0 4 0.02 0.0 0 9.0 20 100 M M 4 1 26 90
4 79 61 70 0 0 5 0.00 0.0 0 11.2 20 30 M M 5 28 50
5 81 56 69 -1 0 4 0.00 0.0 0 7.4 15 330 M M 0 19 340
6 83 53 68 -2 0 3 0.00 0.0 0 6.2 14 50 M M 0 20 50
7 85 59 72 2 0 7 0.00 0.0 0 3.9 10 360 M M 0 8 13 10
8 85 59 72 2 0 7 0.00 0.0 0 2.5 12 110 M M 0 15 350
9 86 61 74 5 0 9 0.00 0.0 0 2.7 14 120 M M 1 18 120
10 89 67 78 9 0 13 0.00 0.0 0 4.0 15 120 M M 4 18 110
11 88 72 80 11 0 15 0.01 0.0 0 5.4 14 110 M M 8 1 18 70
12 74 67 71 2 0 6 0.00 0.0 0 8.9 15 30 M M 10 1 20 40
13 75 67 71 3 0 6 0.04 0.0 0 10.5 17 30 M M 10 1 27 30
14 78 67 73 5 0 8 0.39 0.0 0 10.4 18 90 M M 7 1 26 80
15 76 67 72 4 0 7 0.09 0.0 0 13.2 22 120 M M 8 36 110
16 71 67 69 1 0 4 6.22 0.0 0 9.8 25 100 M M 10 1 36 110
17 74 69 72 4 0 7 1.21 0.0 0 9.3 16 360 M M 10 1 25 350
18 79 65 72 4 0 7 T 0.0 0 8.6 17 350 M M 7 1 27 290
19 83 60 72 5 0 7 0.00 0.0 0 4.8 13 90 M M 0 1 15 90
20 84 62 73 6 0 8 0.00 0.0 0 5.3 16 70 M M 4 12 19 50
21 84 65 75 8 0 10 0.00 0.0 0 7.6 17 160 M M 3 24 150
22 82 63 73 6 0 8 T 0.0 0 9.9 21 230 M M 8 1 29 240
23 69 54 62 -5 3 0 0.00 0.0 0 7.3 13 10 M M 1 19 360
24 63 55 59 -8 6 0 0.00 0.0 0 5.2 13 340 M M 5 17 320
25 76 58 67 1 0 2 T 0.0 0 7.3 12 70 M M 8 16 60
26 77 65 71 5 0 6 0.02 0.0 0 5.9 15 260 M M 8 1 23 220
27 74 56 65 -1 0 0 0.00 0.0 0 9.2 16 350 M M 5 24 320
28 57 44 51 -15 14 0 0.00 0.0 0 8.1 15 350 M M 0 21 360
29 69 42 56 -10 9 0 0.00 0.0 0 7.4 15 360 M M 0 22 310
30 76 48 62 -4 3 0 0.00 0.0 0 6.4 15 130 M M 1 25 130
================================================================================
SM 2325 1802 36 156 8.00 0.0 230.2 M 134
================================================================================
AV 77.5 60.1 7.7 FASTST M M 4 MAX(MPH)
MISC ----> 25 100 # 36 110
================================================================================
NOTES:
# LAST OF SEVERAL OCCURRENCES
COLUMN 17 PEAK WIND IN M.P.H.
PRELIMINARY LOCAL CLIMATOLOGICAL DATA (WS FORM: F-6) , PAGE 2
STATION: SANFORD
MONTH: NOVEMBER
YEAR: 2023
LATITUDE: 28 46 N
LONGITUDE: 81 15 W
[TEMPERATURE DATA] [PRECIPITATION DATA] SYMBOLS USED IN COLUMN 16
AVERAGE MONTHLY: 68.8 TOTAL FOR MONTH: 8.00 1 = FOG OR MIST
DPTR FM NORMAL: 0.6 DPTR FM NORMAL: 6.12 2 = FOG REDUCING VISIBILITY
HIGHEST: 89 ON 10 GRTST 24HR 6.43 ON 16-17 TO 1/4 MILE OR LESS
LOWEST: 42 ON 29 3 = THUNDER
SNOW, ICE PELLETS, HAIL 4 = ICE PELLETS
TOTAL MONTH: 0.0 INCH 5 = HAIL
GRTST 24HR 0.0 6 = FREEZING RAIN OR DRIZZLE
GRTST DEPTH: 0 7 = DUSTSTORM OR SANDSTORM:
VSBY 1/2 MILE OR LESS
8 = SMOKE OR HAZE
[NO. OF DAYS WITH] [WEATHER - DAYS WITH] 9 = BLOWING SNOW
X = TORNADO
MAX 32 OR BELOW: 0 0.01 INCH OR MORE: 8
MAX 90 OR ABOVE: 0 0.10 INCH OR MORE: 3
MIN 32 OR BELOW: 0 0.50 INCH OR MORE: 2
MIN 0 OR BELOW: 0 1.00 INCH OR MORE: 2
[HDD (BASE 65) ]
TOTAL THIS MO. 36 CLEAR (SCALE 0-3) 11
DPTR FM NORMAL -8 PTCLDY (SCALE 4-7) 13
TOTAL FM JUL 1 40 CLOUDY (SCALE 8-10) 6
DPTR FM NORMAL -11
[CDD (BASE 65) ]
TOTAL THIS MO. 156
DPTR FM NORMAL 16 [PRESSURE DATA]
TOTAL FM JAN 1 3896 HIGHEST SLP 30.27 ON 2
DPTR FM NORMAL 416 LOWEST SLP 29.71 ON 17
[REMARKS]
#FINAL-11-23#