000
CXUS53 KSGF 010810
CF6SGF
PRELIMINARY LOCAL CLIMATOLOGICAL DATA (WS FORM: F-6)
STATION: SPRINGFIELD MO
MONTH: DECEMBER
YEAR: 2022
LATITUDE: 37 13 N
LONGITUDE: 93 23 W
TEMPERATURE IN F: :PCPN: SNOW: WIND :SUNSHINE: SKY :PK WND
================================================================================
1 2 3 4 5 6A 6B 7 8 9 10 11 12 13 14 15 16 17 18
12Z AVG MX 2MIN
DY MAX MIN AVG DEP HDD CDD WTR SNW DPTH SPD SPD DIR MIN PSBL S-S WX SPD DR
================================================================================
1 49 22 36 -5 29 0 0.00 0.0 0 13.3 24 150 M M 4 32 160
2 61 44 53 12 12 0 T 0.0 0 18.5 35 320 M M 9 48 210
3 46 25 36 -5 29 0 0.00 0.0 0 8.6 25 320 M M 1 36 320
4 48 28 38 -2 27 0 0.00 0.0 0 9.0 14 160 M M 6 18 160
5 49 39 44 4 21 0 0.00 0.0 0 6.6 14 150 M M 8 1 17 150
6 61 42 52 12 13 0 0.00 0.0 0 7.7 17 280 M M 10 1 23 270
7 52 42 47 8 18 0 0.19 0.0 0 4.3 10 60 M M 10 12 13 60
8 55 47 51 12 14 0 0.36 0.0 0 6.9 17 140 M M 10 1 21 140
9 54 36 45 6 20 0 0.00 0.0 0 6.3 14 280 M M 1 1 20 280
10 46 40 43 4 22 0 1.16 0.0 0 6.9 16 120 M M 10 1 21 120
11 43 40 42 4 23 0 T 0.0 0 5.4 10 140 M M 10 1 13 140
12 45 41 43 5 22 0 T 0.0 0 14.9 29 120 M M 10 1 38 120
13 56 41 49 11 16 0 0.49 0.0 0 18.5 30 150 M M 9 13 40 150
14 48 34 41 3 24 0 0.00 0.0 0 9.2 20 260 M M 3 27 260
15 37 28 33 -4 32 0 0.00 0.0 0 13.6 26 270 M M 4 37 260
16 38 24 31 -6 34 0 0.00 0.0 0 14.1 28 260 M M 1 39 270
17 33 23 28 -9 37 0 0.00 0.0 0 10.4 21 280 M M 3 30 270
18 44 17 31 -6 34 0 0.00 0.0 0 3.5 9 140 M M 0 13 260
19 41 34 38 2 27 0 0.00 0.0 0 11.1 24 160 M M 8 32 150
20 42 27 35 -1 30 0 0.00 0.0 0 7.7 15 340 M M 6 1 19 340
21 43 25 34 -2 31 0 0.00 0.0 0 8.5 18 140 M M 6 18 21 140
22 38 -8 15 -21 50 0 0.20 3.0 3 17.6 29 320 M M 10 1268 37 330
23 7 -8 0 -36 65 0 0.00 0.0 3 14.2 24 280 M M 2 38 290
24 18 4 11 -25 54 0 0.00 0.0 2 10.5 16 280 M M 4 23 280
25 31 5 18 -17 47 0 T M M 6.7 20 240 M M 2 27 230
26 34 14 24 -11 41 0 0.02 T 1 12.5 24 330 M M 7 1 30 330
27 39 8 24 -11 41 0 0.00 0.0 1 12.7 23 150 M M 0 33 160
28 61 32 47 12 18 0 0.00 0.0 0 21.1 35 180 M M 0 50 170
29 70 51 61 26 4 0 0.00 0.0 0 16.4 31 200 M M 1 40 220
30 52 35 44 9 21 0 0.00 0.0 0 4.9 10 360 M M 0 13 300
31 62 39 51 16 14 0 0.00 0.0 0 11.5 18 160 M M 1 27 160
================================================================================
SM 1403 871 870 0 2.42 3.0 333.1 M 156
================================================================================
AV 45.3 28.1 10.7 FASTST M M 5 MAX(MPH)
MISC ----> # 35 320 50 170
================================================================================
NOTES:
# LAST OF SEVERAL OCCURRENCES
COLUMN 17 PEAK WIND IN M.P.H.
PRELIMINARY LOCAL CLIMATOLOGICAL DATA (WS FORM: F-6) , PAGE 2
STATION: SPRINGFIELD MO
MONTH: DECEMBER
YEAR: 2022
LATITUDE: 37 13 N
LONGITUDE: 93 23 W
[TEMPERATURE DATA] [PRECIPITATION DATA] SYMBOLS USED IN COLUMN 16
AVERAGE MONTHLY: 36.7 TOTAL FOR MONTH: 2.42 1 = FOG OR MIST
DPTR FM NORMAL: -0.7 DPTR FM NORMAL: -0.19 2 = FOG REDUCING VISIBILITY
HIGHEST: 70 ON 29 GRTST 24HR 1.16 ON 10-10 TO 1/4 MILE OR LESS
LOWEST: -8 ON 23,22 3 = THUNDER
SNOW, ICE PELLETS, HAIL 4 = ICE PELLETS
TOTAL MONTH: 3.0 INCHES 5 = HAIL
GRTST 24HR 3.0 ON 22-22 6 = FREEZING RAIN OR DRIZZLE
GRTST DEPTH: 3 ON 23,22 7 = DUSTSTORM OR SANDSTORM:
VSBY 1/2 MILE OR LESS
8 = SMOKE OR HAZE
[NO. OF DAYS WITH] [WEATHER - DAYS WITH] 9 = BLOWING SNOW
X = TORNADO
MAX 32 OR BELOW: 3 0.01 INCH OR MORE: 6
MAX 90 OR ABOVE: 0 0.10 INCH OR MORE: 5
MIN 32 OR BELOW: 16 0.50 INCH OR MORE: 1
MIN 0 OR BELOW: 2 1.00 INCH OR MORE: 1
[HDD (BASE 65) ]
TOTAL THIS MO. 870 CLEAR (SCALE 0-3) 12
DPTR FM NORMAL 14 PTCLDY (SCALE 4-7) 8
TOTAL FM JUL 1 1721 CLOUDY (SCALE 8-10) 11
DPTR FM NORMAL 40
[CDD (BASE 65) ]
TOTAL THIS MO. 0
DPTR FM NORMAL 0 [PRESSURE DATA]
TOTAL FM JAN 1 1775 HIGHEST SLP M ON M
DPTR FM NORMAL 235 LOWEST SLP 29.60 ON 13
[REMARKS]
#FINAL-12-22#