000
CXUS55 KBYZ 011000
CF6SHR
PRELIMINARY LOCAL CLIMATOLOGICAL DATA (WS FORM: F-6)
STATION: SHERIDAN WY
MONTH: JULY
YEAR: 2022
LATITUDE: 44 46 N
LONGITUDE: 106 58 W
TEMPERATURE IN F: :PCPN: SNOW: WIND :SUNSHINE: SKY :PK WND
================================================================================
1 2 3 4 5 6A 6B 7 8 9 10 11 12 13 14 15 16 17 18
12Z AVG MX 2MIN
DY MAX MIN AVG DEP HDD CDD WTR SNW DPTH SPD SPD DIR MIN PSBL S-S WX SPD DR
================================================================================
1 88 48 68 1 0 3 T M M 5.2 32 320 M M 1 45 310
2 90 54 72 5 0 7 0.00 M M 7.6 25 300 M M 1 35 310
3 93 51 72 4 0 7 0.00 M M 7.9 33 310 M M 1 3 43 320
4 83 53 68 0 0 3 0.00 M M 5.9 21 320 M M 3 24 320
5 86 60 73 5 0 8 0.00 M M 5.9 16 310 M M 6 13 22 300
6 88 56 72 4 0 7 0.03 M M 9.6 36 230 M M 3 3 44 230
7 90 56 73 4 0 8 0.18 M M 5.7 36 180 M M 1 38 40 170
8 97 57 77 8 0 12 0.01 M M 6.1 20 170 M M 0 3 26 170
9 99 63 81 11 0 16 T M M 10.4 48 310 M M 0 61 300
10 90 53 72 2 0 7 0.00 M M 7.6 41 320 M M 0 51 300
11 86 51 69 -1 0 4 0.00 M M 3.5 12 40 M M 0 14 290
12 93 50 72 2 0 7 0.00 M M 3.2 15 50 M M 0 19 60
13 103 53 78 7 0 13 T M M 6.0 39 310 M M 0 50 310
14 96 59 78 7 0 13 T M M 7.0 30 300 M M 0 3 36 310
15 98 56 77 6 0 12 0.00 M M 8.0 46 310 M M 0 59 310
16 95 55 75 4 0 10 0.00 M M 5.0 16 350 M M 0 20 330
17 104 58 81 9 0 16 0.00 M M 4.6 18 270 M M 0 23 300
18 104 63 84 12 0 19 0.00 M M 9.7 39 310 M M 0 49 310
19 88 54 71 -1 0 6 0.00 M M 17.2 33 320 M M 0 42 340
20 93 50 72 0 0 7 0.00 M M 9.1 28 340 M M 0 36 330
21 95 54 75 3 0 10 0.00 M M 7.9 21 330 M M 0 27 350
22 101 50 76 4 0 11 0.00 M M 5.1 21 300 M M 0 24 300
23 88 61 75 3 0 10 0.00 M M 7.9 26 300 M M 2 33 310
24 91 55 73 1 0 8 0.03 M M 10.8 32 150 M M 1 3 40 150
25 88 56 72 0 0 7 0.00 M M 5.8 14 190 M M 2 18 290
26 84 60 72 0 0 7 0.12 M M 5.5 20 320 M M 5 1 24 310
27 90 56 73 1 0 8 0.00 M M 6.1 22 330 M M 2 32 350
28 88 50 69 -3 0 4 0.00 M M 2.6 12 170 M M 0 14 200
29 94 51 73 1 0 8 0.00 M M 4.8 21 260 M M 0 26 260
30 98 57 78 6 0 13 0.00 M M 6.2 18 320 M M 0 24 320
31 94 57 76 4 0 11 0.00 M M 3.4 10 200 M M 0 13 310
================================================================================
SM 2875 1707 0 282 0.37 M 211.3 M 28
================================================================================
AV 92.7 55.1 6.8 FASTST M M 1 MAX(MPH)
MISC ----> 48 310 61 300
================================================================================
NOTES:
# LAST OF SEVERAL OCCURRENCES
COLUMN 17 PEAK WIND IN M.P.H.
PRELIMINARY LOCAL CLIMATOLOGICAL DATA (WS FORM: F-6) , PAGE 2
STATION: SHERIDAN WY
MONTH: JULY
YEAR: 2022
LATITUDE: 44 46 N
LONGITUDE: 106 58 W
[TEMPERATURE DATA] [PRECIPITATION DATA] SYMBOLS USED IN COLUMN 16
AVERAGE MONTHLY: 73.9 TOTAL FOR MONTH: 0.37 1 = FOG OR MIST
DPTR FM NORMAL: 3.2 DPTR FM NORMAL: -0.70 2 = FOG REDUCING VISIBILITY
HIGHEST: 104 ON 18,17 GRTST 24HR 0.19 ON 7- 8 TO 1/4 MILE OR LESS
LOWEST: 48 ON 1 3 = THUNDER
SNOW, ICE PELLETS, HAIL 4 = ICE PELLETS
TOTAL MONTH: M 5 = HAIL
GRTST 24HR M ON M 6 = FREEZING RAIN OR DRIZZLE
GRTST DEPTH: M ON M 7 = DUSTSTORM OR SANDSTORM:
VSBY 1/2 MILE OR LESS
8 = SMOKE OR HAZE
[NO. OF DAYS WITH] [WEATHER - DAYS WITH] 9 = BLOWING SNOW
X = TORNADO
MAX 32 OR BELOW: 0 0.01 INCH OR MORE: 5
MAX 90 OR ABOVE: 21 0.10 INCH OR MORE: 2
MIN 32 OR BELOW: 0 0.50 INCH OR MORE: 0
MIN 0 OR BELOW: 0 1.00 INCH OR MORE: 0
[HDD (BASE 65) ]
TOTAL THIS MO. 0 CLEAR (SCALE 0-3) 29
DPTR FM NORMAL -22 PTCLDY (SCALE 4-7) 2
TOTAL FM JUL 1 0 CLOUDY (SCALE 8-10) 0
DPTR FM NORMAL -18
[CDD (BASE 65) ]
TOTAL THIS MO. 282
DPTR FM NORMAL 85 [PRESSURE DATA]
TOTAL FM JAN 1 330 HIGHEST SLP 30.19 ON 11
DPTR FM NORMAL 86 LOWEST SLP 29.57 ON 18
[REMARKS]
#FINAL-07-22#