000
CXUS54 KSHV 011611
CF6SHV
PRELIMINARY LOCAL CLIMATOLOGICAL DATA (WS FORM: F-6)
STATION: SHREVEPORT
MONTH: MAY
YEAR: 2023
LATITUDE: 32 28 N
LONGITUDE: 93 49 W
TEMPERATURE IN F: :PCPN: SNOW: WIND :SUNSHINE: SKY :PK WND
================================================================================
1 2 3 4 5 6A 6B 7 8 9 10 11 12 13 14 15 16 17 18
12Z AVG MX 2MIN
DY MAX MIN AVG DEP HDD CDD WTR SNW DPTH SPD SPD DIR MIN PSBL S-S WX SPD DR
================================================================================
1 78 53 66 -4 0 1 0.00 0.0 0 4.7 13 350 M M 3 18 20
2 83 50 67 -3 0 2 0.00 0.0 0 2.1 12 20 M M 5 17 20
3 83 57 70 0 0 5 0.00 0.0 0 3.2 10 110 M M 7 14 80
4 85 55 70 -1 0 5 0.00 0.0 0 5.8 14 130 M M 8 21 190
5 87 66 77 6 0 12 0.10 0.0 0 7.2 14 160 M M 7 3 21 190
6 91 72 82 11 0 17 0.00 0.0 0 10.1 22 160 M M 6 18 28 170
7 83 70 77 6 0 12 0.03 0.0 0 8.5 18 140 M M 9 3 27 140
8 88 71 80 8 0 15 0.05 0.0 0 9.0 24 310 M M 9 13 31 310
9 87 67 77 5 0 12 0.00 0.0 0 5.6 20 200 M M 8 1 34 200
10 80 69 75 3 0 10 0.80 0.0 0 7.6 29 170 M M 10 13 41 170
11 81 69 75 2 0 10 1.83 0.0 0 7.0 20 310 M M 9 13 32 290
12 91 74 83 10 0 18 T 0.0 0 9.2 18 180 M M 7 1 24 180
13 91 73 82 9 0 17 T 0.0 0 5.9 18 130 M M 6 13 28 140
14 90 67 79 5 0 14 0.57 0.0 0 5.4 25 250 M M 6 13 34 260
15 90 68 79 5 0 14 0.00 0.0 0 3.0 18 250 M M 6 1 27 250
16 85 67 76 2 0 11 T 0.0 0 6.1 15 320 M M 8 3 18 330
17 80 64 72 -2 0 7 0.00 0.0 0 5.9 12 320 M M 6 17 270
18 88 66 77 2 0 12 0.00 0.0 0 2.5 13 360 M M 4 16 360
19 91 66 79 4 0 14 0.00 0.0 0 5.1 12 220 M M 4 17 200
20 81 70 76 1 0 11 0.00 0.0 0 8.8 15 360 M M 8 21 330
21 77 63 70 -6 0 5 0.00 0.0 0 5.9 13 20 M M 9 18 70
22 84 59 72 -4 0 7 0.00 0.0 0 3.0 12 20 M M 3 15 20
23 87 62 75 -1 0 10 0.00 0.0 0 2.4 10 350 M M 5 1 15 350
24 83 66 75 -1 0 10 0.00 0.0 0 7.7 16 50 M M 7 22 60
25 89 64 77 0 0 12 0.00 0.0 0 4.6 14 60 M M 4 1 20 80
26 88 64 76 -1 0 11 0.00 0.0 0 5.2 14 70 M M 3 19 60
27 89 66 78 1 0 13 0.00 0.0 0 5.9 13 350 M M 4 17 360
28 88 60 74 -3 0 9 0.00 0.0 0 3.7 12 360 M M 2 1 16 360
29 91 60 76 -2 0 11 0.00 0.0 0 2.8 12 290 M M 6 15 300
30 91 65 78 0 0 13 0.00 0.0 0 4.8 12 50 M M 7 1 17 110
31 91 67 79 1 0 14 0.00 0.0 0 3.4 12 110 M M 5 1 16 110
================================================================================
SM 2671 2010 0 334 3.38 0.0 172.1 M 191
================================================================================
AV 86.2 64.8 5.6 FASTST M M 6 MAX(MPH)
MISC ----> 29 170 41 170
================================================================================
NOTES:
# LAST OF SEVERAL OCCURRENCES
COLUMN 17 PEAK WIND IN M.P.H.
PRELIMINARY LOCAL CLIMATOLOGICAL DATA (WS FORM: F-6) , PAGE 2
STATION: SHREVEPORT
MONTH: MAY
YEAR: 2023
LATITUDE: 32 28 N
LONGITUDE: 93 49 W
[TEMPERATURE DATA] [PRECIPITATION DATA] SYMBOLS USED IN COLUMN 16
AVERAGE MONTHLY: 75.5 TOTAL FOR MONTH: 3.38 1 = FOG OR MIST
DPTR FM NORMAL: 1.5 DPTR FM NORMAL: -1.08 2 = FOG REDUCING VISIBILITY
HIGHEST: 91 ON 31,30 GRTST 24HR 1.83 ON 11-11 TO 1/4 MILE OR LESS
LOWEST: 50 ON 2 3 = THUNDER
SNOW, ICE PELLETS, HAIL 4 = ICE PELLETS
TOTAL MONTH: 0.0 INCH 5 = HAIL
GRTST 24HR 0.0 6 = FREEZING RAIN OR DRIZZLE
GRTST DEPTH: 0 7 = DUSTSTORM OR SANDSTORM:
VSBY 1/2 MILE OR LESS
8 = SMOKE OR HAZE
[NO. OF DAYS WITH] [WEATHER - DAYS WITH] 9 = BLOWING SNOW
X = TORNADO
MAX 32 OR BELOW: 0 0.01 INCH OR MORE: 6
MAX 90 OR ABOVE: 9 0.10 INCH OR MORE: 4
MIN 32 OR BELOW: 0 0.50 INCH OR MORE: 3
MIN 0 OR BELOW: 0 1.00 INCH OR MORE: 1
[HDD (BASE 65) ]
TOTAL THIS MO. 0 CLEAR (SCALE 0-3) 3
DPTR FM NORMAL -8 PTCLDY (SCALE 4-7) 21
TOTAL FM JUL 1 1585 CLOUDY (SCALE 8-10) 7
DPTR FM NORMAL -479
[CDD (BASE 65) ]
TOTAL THIS MO. 334
DPTR FM NORMAL 46 [PRESSURE DATA]
TOTAL FM JAN 1 536 HIGHEST SLP M ON M
DPTR FM NORMAL 88 LOWEST SLP 29.81 ON 17
[REMARKS]
#FINAL-05-23#