000
CXUS54 KSJT 311629
CF6SJT
PRELIMINARY LOCAL CLIMATOLOGICAL DATA (WS FORM: F-6)
STATION: SAN ANGELO
MONTH: JUNE
YEAR: 2023
LATITUDE: 31 21 N
LONGITUDE: 100 30 W
TEMPERATURE IN F: :PCPN: SNOW: WIND :SUNSHINE: SKY :PK WND
================================================================================
1 2 3 4 5 6A 6B 7 8 9 10 11 12 13 14 15 16 17 18
12Z AVG MX 2MIN
DY MAX MIN AVG DEP HDD CDD WTR SNW DPTH SPD SPD DIR MIN PSBL S-S WX SPD DR
================================================================================
1 87 69 78 -2 0 13 T 0.0 0 8.6 17 150 M M 6 27 170
2 86 69 78 -2 0 13 0.00 0.0 0 12.1 45 150 M M 3 62 150
3 91 66 79 -1 0 14 0.00 0.0 0 5.4 17 90 M M 5 3 25 80
4 83 61 72 -9 0 7 0.53 0.0 0 5.5 35 310 M M 1 13 50 310
5 84 60 72 -9 0 7 T 0.0 0 5.7 21 30 M M 3 3 26 30
6 87 60 74 -7 0 9 0.00 0.0 0 5.3 15 80 M M 1 22 50
7 91 64 78 -3 0 13 0.31 0.0 0 4.3 22 210 M M 0 13 29 220
8 92 62 77 -4 0 12 0.10 0.0 0 4.3 22 330 M M 1 13 29 330
9 100 66 83 1 0 18 0.53 0.0 0 7.5 44 20 M M 1 138 57 20
10 99 68 84 2 0 19 0.00 0.0 M 11.0 24 250 M M 0 34 240
11 102 65 84 2 0 19 0.00 0.0 0 8.3 21 210 M M 0 27 210
12 103 71 87 5 0 22 0.00 0.0 0 11.7 25 40 M M 1 34 50
13 95 72 84 2 0 19 0.00 0.0 0 5.6 17 110 M M 2 18 24 100
14 103 71 87 5 0 22 0.00 0.0 0 6.7 14 280 M M 0 18 22 280
15 107 67 87 5 0 22 0.00 0.0 0 6.8 17 250 M M 0 18 25 250
16 106 72 89 7 0 24 0.00 0.0 0 7.7 17 270 M M 0 18 23 270
17 107 71 89 6 0 24 T 0.0 0 6.8 33 170 M M 1 3 52 170
18 102 74 88 5 0 23 0.00 0.0 0 7.3 15 40 M M 0 21 30
19 111 70 91 8 0 26 T 0.0 0 6.7 26 160 M M 0 3 39 160
20 114 76 95 12 0 30 0.00 0.0 0 7.9 14 330 M M 0 18 10
21 114 72 93 10 0 28 0.00 0.0 0 6.6 23 240 M M 0 3 35 210
22 107 75 91 8 0 26 0.00 0.0 0 10.6 26 20 M M 0 3 36 30
23 107 73 90 7 0 25 0.20 0.0 0 12.0 52 290 M M 1 138 69 280
24 109 75 92 9 0 27 T 0.0 0 13.1 38 240 M M 0 3 52 250
25 112 81 97 14 0 32 0.00 0.0 M 13.0 22 210 M M 0 32 210
26 112 81 97 14 0 32 0.00 0.0 0 11.7 20 190 M M 0 26 230
27 109 79 94 11 0 29 0.00 0.0 0 12.6 16 170 M M 0 27 180
28 108 73 91 7 0 26 0.00 0.0 0 12.0 22 210 M M 0 30 170
29 103 76 90 6 0 25 0.00 0.0 0 12.3 23 160 M M 0 35 130
30 99 77 88 4 0 23 0.00 0.0 M 13.0 28 20 M M 2 3 33 20
================================================================================
SM 3030 2116 0 629 1.67 0.0 262.1 M 28
================================================================================
AV101.0 70.5 8.7 FASTST M M 1 MAX(MPH)
MISC ----> 52 290 69 280
================================================================================
NOTES:
# LAST OF SEVERAL OCCURRENCES
COLUMN 17 PEAK WIND IN M.P.H.
PRELIMINARY LOCAL CLIMATOLOGICAL DATA (WS FORM: F-6) , PAGE 2
STATION: SAN ANGELO
MONTH: JUNE
YEAR: 2023
LATITUDE: 31 21 N
LONGITUDE: 100 30 W
[TEMPERATURE DATA] [PRECIPITATION DATA] SYMBOLS USED IN COLUMN 16
AVERAGE MONTHLY: 85.8 TOTAL FOR MONTH: 1.67 1 = FOG OR MIST
DPTR FM NORMAL: 3.6 DPTR FM NORMAL: -0.64 2 = FOG REDUCING VISIBILITY
HIGHEST: 114 ON 21,20 GRTST 24HR 0.53 ON 4- 4 TO 1/4 MILE OR LESS
LOWEST: 60 ON 6, 5 3 = THUNDER
SNOW, ICE PELLETS, HAIL 4 = ICE PELLETS
TOTAL MONTH: 0.0 INCH 5 = HAIL
GRTST 24HR 0.0 6 = FREEZING RAIN OR DRIZZLE
GRTST DEPTH: 0 7 = DUSTSTORM OR SANDSTORM:
VSBY 1/2 MILE OR LESS
8 = SMOKE OR HAZE
[NO. OF DAYS WITH] [WEATHER - DAYS WITH] 9 = BLOWING SNOW
X = TORNADO
MAX 32 OR BELOW: 0 0.01 INCH OR MORE: 5
MAX 90 OR ABOVE: 25 0.10 INCH OR MORE: 5
MIN 32 OR BELOW: 0 0.50 INCH OR MORE: 2
MIN 0 OR BELOW: 0 1.00 INCH OR MORE: 0
[HDD (BASE 65) ]
TOTAL THIS MO. 0 CLEAR (SCALE 0-3) 28
DPTR FM NORMAL 0 PTCLDY (SCALE 4-7) 2
TOTAL FM JUL 1 1980 CLOUDY (SCALE 8-10) 0
DPTR FM NORMAL -151
[CDD (BASE 65) ]
TOTAL THIS MO. 629
DPTR FM NORMAL 113 [PRESSURE DATA]
TOTAL FM JAN 1 1178 HIGHEST SLP 30.01 ON 5
DPTR FM NORMAL 132 LOWEST SLP 29.56 ON 2
[REMARKS]
#FINAL-06-23#