000
CXUS56 KSLC 011138
CF6SLC
PRELIMINARY LOCAL CLIMATOLOGICAL DATA (WS FORM: F-6)
STATION: SALT LAKE CITY UT
MONTH: OCTOBER
YEAR: 2021
LATITUDE: 40 46 N
LONGITUDE: 111 58 W
TEMPERATURE IN F: :PCPN: SNOW: WIND :SUNSHINE: SKY :PK WND
================================================================================
1 2 3 4 5 6A 6B 7 8 9 10 11 12 13 14 15 16 17 18
12Z AVG MX 2MIN
DY MAX MIN AVG DEP HDD CDD WTR SNW DPTH SPD SPD DIR MIN PSBL S-S WX SPD DR
================================================================================
1 72 47 60 -1 5 0 0.00 0.0 0 5.3 12 350 M M 2 15 310
2 75 51 63 2 2 0 0.00 0.0 0 4.8 13 340 M M 0 16 330
3 79 49 64 4 1 0 0.00 0.0 0 6.0 12 340 M M 0 16 330
4 82 53 68 8 0 3 0.00 0.0 0 9.3 24 160 M M 1 29 170
5 81 61 71 11 0 6 0.01 0.0 0 9.5 26 130 M M 4 34 140
6 71 56 64 5 1 0 0.15 0.0 0 10.2 22 180 M M 6 1 28 180
7 71 54 63 5 2 0 T 0.0 M 6.9 22 310 M M 4 13 27 310
8 63 49 56 -2 9 0 0.55 0.0 0 10.4 28 170 M M 7 1 36 190
9 51 46 49 -9 16 0 0.06 0.0 0 4.8 16 330 M M 10 1 23 320
10 59 47 53 -4 12 0 0.00 0.0 0 5.3 10 320 M M 4 14 320
11 62 41 52 -5 13 0 0.19 0.0 0 12.0 24 310 M M 6 30 300
12 45 34 40 -16 25 0 0.03 0.0 0 14.7 22 310 M M 10 27 310
13 49 34 42 -14 23 0 0.00 0.0 0 6.2 14 350 M M 5 17 350
14 44 34 39 -16 26 0 0.23 T 0 5.2 17 340 M M 8 1 25 300
15 56 33 45 -10 20 0 0.00 0.0 0 6.6 15 150 M M 0 20 160
16 61 34 48 -6 17 0 0.00 0.0 0 4.9 9 320 M M 0 8 13 330
17 72 39 56 2 9 0 0.00 0.0 0 10.6 26 150 M M 1 37 160
18 63 44 54 0 11 0 0.18 0.0 0 8.4 30 200 M M 5 1 40 210
19 46 38 42 -11 23 0 0.66 0.0 0 7.6 15 150 M M 7 1 21 180
20 61 37 49 -4 16 0 0.00 0.0 0 7.7 21 180 M M 1 27 170
21 68 42 55 3 10 0 0.00 0.0 M 5.3 13 330 M M 1 16 290
22 71 44 58 6 7 0 0.00 0.0 0 12.3 25 160 M M 0 36 180
23 62 41 52 1 13 0 0.18 0.0 0 6.7 17 200 M M 8 1 24 210
24 63 40 52 1 13 0 0.01 0.0 0 11.7 24 160 M M 8 32 180
25 68 41 55 4 10 0 0.91 0.0 0 18.4 36 160 M M 5 1 50 170
26 50 38 44 -6 21 0 0.33 0.0 0 9.1 23 310 M M 9 1 31 300
27 58 41 50 0 15 0 T 0.0 0 5.8 14 310 M M 8 19 290
28 63 45 54 5 11 0 0.00 0.0 0 5.8 13 130 M M 5 15 140
29 65 41 53 4 12 0 0.00 0.0 0 5.2 12 150 M M 0 14 160
30 64 42 53 4 12 0 0.00 0.0 0 5.4 12 330 M M 1 16 330
31 66 39 53 5 12 0 T 0.0 0 2.6 10 340 M M 2 1 13 290
================================================================================
SM 1961 1335 367 9 3.49 T 244.7 M 128
================================================================================
AV 63.3 43.1 7.9 FASTST M M 4 MAX(MPH)
MISC ----> 36 160 50 170
================================================================================
NOTES:
# LAST OF SEVERAL OCCURRENCES
COLUMN 17 PEAK WIND IN M.P.H.
PRELIMINARY LOCAL CLIMATOLOGICAL DATA (WS FORM: F-6) , PAGE 2
STATION: SALT LAKE CITY UT
MONTH: OCTOBER
YEAR: 2021
LATITUDE: 40 46 N
LONGITUDE: 111 58 W
[TEMPERATURE DATA] [PRECIPITATION DATA] SYMBOLS USED IN COLUMN 16
AVERAGE MONTHLY: 53.2 TOTAL FOR MONTH: 3.49 1 = FOG OR MIST
DPTR FM NORMAL: -1.4 DPTR FM NORMAL: 2.23 2 = FOG REDUCING VISIBILITY
HIGHEST: 82 ON 4 GRTST 24HR 1.23 ON 25-26 TO 1/4 MILE OR LESS
LOWEST: 33 ON 15 3 = THUNDER
SNOW, ICE PELLETS, HAIL 4 = ICE PELLETS
TOTAL MONTH: T 5 = HAIL
GRTST 24HR T ON 14-14 6 = FREEZING RAIN OR DRIZZLE
GRTST DEPTH: 0 7 = DUSTSTORM OR SANDSTORM:
VSBY 1/2 MILE OR LESS
8 = SMOKE OR HAZE
[NO. OF DAYS WITH] [WEATHER - DAYS WITH] 9 = BLOWING SNOW
X = TORNADO
MAX 32 OR BELOW: 0 0.01 INCH OR MORE: 13
MAX 90 OR ABOVE: 0 0.10 INCH OR MORE: 9
MIN 32 OR BELOW: 0 0.50 INCH OR MORE: 3
MIN 0 OR BELOW: 0 1.00 INCH OR MORE: 0
[HDD (BASE 65) ]
TOTAL THIS MO. 367 CLEAR (SCALE 0-3) 13
DPTR FM NORMAL 30 PTCLDY (SCALE 4-7) 14
TOTAL FM JUL 1 416 CLOUDY (SCALE 8-10) 4
DPTR FM NORMAL 17
[CDD (BASE 65) ]
TOTAL THIS MO. 9
DPTR FM NORMAL -5 [PRESSURE DATA]
TOTAL FM JAN 1 1773 HIGHEST SLP 30.47 ON 15
DPTR FM NORMAL 353 LOWEST SLP 29.39 ON 25
[REMARKS]
#FINAL-10-21#