000
CXUS56 KPQR 011155
CF6SLE
PRELIMINARY LOCAL CLIMATOLOGICAL DATA (WS FORM: F-6)
STATION: SALEM OR
MONTH: JULY
YEAR: 2022
LATITUDE: 44 55 N
LONGITUDE: 123 0 W
TEMPERATURE IN F: :PCPN: SNOW: WIND :SUNSHINE: SKY :PK WND
================================================================================
1 2 3 4 5 6A 6B 7 8 9 10 11 12 13 14 15 16 17 18
12Z AVG MX 2MIN
DY MAX MIN AVG DEP HDD CDD WTR SNW DPTH SPD SPD DIR MIN PSBL S-S WX SPD DR
================================================================================
1 81 55 68 2 0 3 0.00 M M 4.2 13 10 M M 3 18 340
2 74 53 64 -2 1 0 0.00 M M 6.7 14 280 M M 7 18 280
3 75 57 66 -1 0 1 0.00 M M 4.8 12 320 M M 8 14 320
4 80 51 66 -1 0 1 0.00 M M 3.8 10 40 M M 1 8 15 50
5 76 60 68 1 0 3 0.05 M M 3.0 13 290 M M 9 18 15 290
6 76 62 69 1 0 4 0.05 M M 5.4 13 310 M M 8 1 21 160
7 80 61 71 3 0 6 0.00 M M 4.5 12 260 M M 7 16 220
8 84 54 69 1 0 4 0.00 M M 3.7 12 320 M M 3 14 320
9 85 57 71 3 0 6 0.00 M M 4.3 16 280 M M 1 22 320
10 84 53 69 0 0 4 0.00 M M 6.9 16 20 M M 0 20 350
11 100 61 81 12 0 16 0.00 M M 9.4 18 10 M M 0 26 20
12 95 60 78 9 0 13 0.00 M M 8.4 20 290 M M 0 25 290
13 84 55 70 1 0 5 0.00 M M 8.0 14 320 M M 0 18 30
14 88 55 72 3 0 7 0.00 M M 6.3 14 290 M M 0 16 290
15 85 51 68 -2 0 3 0.00 M M 4.8 14 270 M M 0 16 270
16 80 61 71 1 0 6 0.00 M M 5.2 14 310 M M 7 17 340
17 79 56 68 -2 0 3 0.00 M M 8.7 18 340 M M 6 23 340
18 82 52 67 -3 0 2 0.00 M M 9.6 21 340 M M 0 29 340
19 92 59 76 6 0 11 0.00 M M 4.2 12 310 M M 0 13 330
20 94 59 77 7 0 12 0.00 M M 4.5 14 260 M M 0 20 10
21 85 55 70 0 0 5 0.00 M M 6.0 14 270 M M 1 18 260
22 81 57 69 -1 0 4 0.00 M M 5.5 14 310 M M 5 17 320
23 81 56 69 -2 0 4 0.00 M M 8.0 14 10 M M 4 20 40
24 94 57 76 5 0 11 0.00 M M 7.6 15 30 M M 2 20 10
25 101 64 83 12 0 18 0.00 M M 4.5 12 350 M M 0 15 20
26 103 62 83 12 0 18 0.00 M M 3.5 13 280 M M 0 17 290
27 99 63 81 10 0 16 0.00 M M 3.7 13 280 M M 0 15 330
28 98 63 81 10 0 16 0.00 M M 2.7 13 20 M M 0 16 10
29 101 67 84 13 0 19 0.00 M M 3.6 13 360 M M 0 21 360
30 103 67 85 14 0 20 0.00 M M 4.8 16 10 M M 0 20 360
31 99 63 81 10 0 16 0.00 M M 4.2 16 290 M M 0 20 290
================================================================================
SM 2719 1806 1 257 0.10 M 170.5 M 72
================================================================================
AV 87.7 58.3 5.5 FASTST M M 2 MAX(MPH)
MISC ----> 21 340 29 340
================================================================================
NOTES:
# LAST OF SEVERAL OCCURRENCES
COLUMN 17 PEAK WIND IN M.P.H.
PRELIMINARY LOCAL CLIMATOLOGICAL DATA (WS FORM: F-6) , PAGE 2
STATION: SALEM OR
MONTH: JULY
YEAR: 2022
LATITUDE: 44 55 N
LONGITUDE: 123 0 W
[TEMPERATURE DATA] [PRECIPITATION DATA] SYMBOLS USED IN COLUMN 16
AVERAGE MONTHLY: 73.0 TOTAL FOR MONTH: 0.10 1 = FOG OR MIST
DPTR FM NORMAL: 3.7 DPTR FM NORMAL: -0.15 2 = FOG REDUCING VISIBILITY
HIGHEST: 103 ON 30,26 GRTST 24HR 0.09 ON 5- 6 TO 1/4 MILE OR LESS
LOWEST: 51 ON 15, 4 3 = THUNDER
SNOW, ICE PELLETS, HAIL 4 = ICE PELLETS
TOTAL MONTH: M 5 = HAIL
GRTST 24HR M ON M 6 = FREEZING RAIN OR DRIZZLE
GRTST DEPTH: M ON M 7 = DUSTSTORM OR SANDSTORM:
VSBY 1/2 MILE OR LESS
8 = SMOKE OR HAZE
[NO. OF DAYS WITH] [WEATHER - DAYS WITH] 9 = BLOWING SNOW
X = TORNADO
MAX 32 OR BELOW: 0 0.01 INCH OR MORE: 2
MAX 90 OR ABOVE: 12 0.10 INCH OR MORE: 0
MIN 32 OR BELOW: 0 0.50 INCH OR MORE: 0
MIN 0 OR BELOW: 0 1.00 INCH OR MORE: 0
[HDD (BASE 65) ]
TOTAL THIS MO. 1 CLEAR (SCALE 0-3) 22
DPTR FM NORMAL -14 PTCLDY (SCALE 4-7) 7
TOTAL FM JUL 1 1 CLOUDY (SCALE 8-10) 2
DPTR FM NORMAL -10
[CDD (BASE 65) ]
TOTAL THIS MO. 257
DPTR FM NORMAL 109 [PRESSURE DATA]
TOTAL FM JAN 1 311 HIGHEST SLP 30.33 ON 10
DPTR FM NORMAL 112 LOWEST SLP 29.75 ON 25
[REMARKS]
#FINAL-07-22#