000
CXUS56 KLOX 281155
CF6SMX
PRELIMINARY LOCAL CLIMATOLOGICAL DATA (WS FORM: F-6)
STATION: SANTA MARIA AIRPORT CA
MONTH: MARCH
YEAR: 2024
LATITUDE: 34 54 N
LONGITUDE: 120 27 W
TEMPERATURE IN F: :PCPN: SNOW: WIND :SUNSHINE: SKY :PK WND
================================================================================
1 2 3 4 5 6A 6B 7 8 9 10 11 12 13 14 15 16 17 18
12Z AVG MX 2MIN
DY MAX MIN AVG DEP HDD CDD WTR SNW DPTH SPD SPD DIR MIN PSBL S-S WX SPD DR
================================================================================
1 62 52 57 3 8 0 0.74 M M 8.7 16 200 M M 9 1 27 170
2 59 51 55 1 10 0 0.31 M M 8.2 17 300 M M 9 1 25 180
3 59 49 54 0 11 0 0.14 M M 6.0 18 280 M M 8 1 25 270
4 61 43 52 -3 13 0 0.00 M M 6.6 22 290 M M 3 27 280
5 64 40 52 -3 13 0 0.01 M M 4.8 17 310 M M 1 1 27 270
6 61 48 55 0 10 0 0.83 M M 6.9 20 320 M M 9 1 25 320
7 58 44 51 -4 14 0 0.00 M M 7.6 23 290 M M 6 29 290
8 68 41 55 0 10 0 0.00 M M 4.2 16 300 M M 0 22 310
9 62 42 52 -3 13 0 0.00 M M 4.5 16 290 M M 2 1 21 290
10 60 44 52 -3 13 0 0.00 M M 4.2 16 280 M M 6 21 270
11 63 42 53 -2 12 0 0.00 M M 5.6 17 280 M M 4 23 270
12 65 43 54 -1 11 0 0.00 M M 6.3 20 280 M M 5 1 26 280
13 63 45 54 -1 11 0 0.00 M M 10.8 25 290 M M 1 1 34 280
14 70 39 55 0 10 0 0.00 M M 7.0 20 30 M M 0 26 30
15 70 36 53 -2 12 0 0.00 M M 5.0 17 220 M M 0 22 240
16 68 39 54 -1 11 0 0.00 M M 4.4 15 230 M M 1 18 240
17 69 43 56 1 9 0 0.00 M M 5.3 22 300 M M 1 1 27 300
18 76 43 60 4 5 0 0.00 M M 4.5 18 280 M M 1 23 290
19 70 45 58 2 7 0 0.00 M M 3.7 17 320 M M 1 12 22 320
20 74 44 59 3 6 0 0.00 M M 6.4 20 280 M M 1 12 28 310
21 66 42 54 -2 11 0 0.00 M M 6.9 21 280 M M 0 26 290
22 69 47 58 2 7 0 0.09 M M 5.1 15 240 M M 4 1 21 250
23 61 46 54 -2 11 0 0.57 M M 6.6 28 280 M M 7 1 36 280
24 58 44 51 -5 14 0 0.04 M M 10.4 32 280 M M 6 1 41 290
25 61 40 51 -5 14 0 0.00 M M 8.9 28 280 M M 1 1 36 280
26 61 39 50 -6 15 0 0.00 M M 8.3 24 290 M M 0 8 30 280
27 63 41 52 -4 13 0 0.00 M M 4.6 14 300 M M 4 1 21 300
================================================================================
SM 1741 1172 294 0 2.73 M 171.5 M 90
================================================================================
AV 64.5 43.4 6.4 FASTST M M 3 MAX(MPH)
MISC ----> 32 280 41 290
================================================================================
NOTES:
# LAST OF SEVERAL OCCURRENCES
COLUMN 17 PEAK WIND IN M.P.H.
PRELIMINARY LOCAL CLIMATOLOGICAL DATA (WS FORM: F-6) , PAGE 2
STATION: SANTA MARIA AIRPORT CA
MONTH: MARCH
YEAR: 2024
LATITUDE: 34 54 N
LONGITUDE: 120 27 W
[TEMPERATURE DATA] [PRECIPITATION DATA] SYMBOLS USED IN COLUMN 16
AVERAGE MONTHLY: 53.9 TOTAL FOR MONTH: 2.73 1 = FOG OR MIST
DPTR FM NORMAL: -1.3 DPTR FM NORMAL: 0.45 2 = FOG REDUCING VISIBILITY
HIGHEST: 76 ON 18 GRTST 24HR 0.99 ON 1- 2 TO 1/4 MILE OR LESS
LOWEST: 36 ON 15 3 = THUNDER
SNOW, ICE PELLETS, HAIL 4 = ICE PELLETS
TOTAL MONTH: M 5 = HAIL
GRTST 24HR M ON M 6 = FREEZING RAIN OR DRIZZLE
GRTST DEPTH: M ON M 7 = DUSTSTORM OR SANDSTORM:
VSBY 1/2 MILE OR LESS
8 = SMOKE OR HAZE
[NO. OF DAYS WITH] [WEATHER - DAYS WITH] 9 = BLOWING SNOW
X = TORNADO
MAX 32 OR BELOW: 0 0.01 INCH OR MORE: 8
MAX 90 OR ABOVE: 0 0.10 INCH OR MORE: 5
MIN 32 OR BELOW: 0 0.50 INCH OR MORE: 3
MIN 0 OR BELOW: 0 1.00 INCH OR MORE: 0
[HDD (BASE 65) ]
TOTAL THIS MO. 294 CLEAR (SCALE 0-3) 15
DPTR FM NORMAL 29 PTCLDY (SCALE 4-7) 9
TOTAL FM JUL 1 1740 CLOUDY (SCALE 8-10) 3
DPTR FM NORMAL -144
[CDD (BASE 65) ]
TOTAL THIS MO. 0
DPTR FM NORMAL 0 [PRESSURE DATA]
TOTAL FM JAN 1 0 HIGHEST SLP M ON M
DPTR FM NORMAL -1 LOWEST SLP 29.79 ON 15
[REMARKS]