000
CXAK56 PAFC 021015
CF6SNP
PRELIMINARY LOCAL CLIMATOLOGICAL DATA (WS FORM: F-6)
STATION: SAINT PAUL ISLAND
MONTH: JUNE
YEAR: 2022
LATITUDE: 57 9 N
LONGITUDE: 170 13 W
TEMPERATURE IN F: :PCPN: SNOW: WIND :SUNSHINE: SKY :PK WND
================================================================================
1 2 3 4 5 6A 6B 7 8 9 10 11 12 13 14 15 16 17 18
12Z AVG MX 2MIN
DY MAX MIN AVG DEP HDD CDD WTR SNW DPTH SPD SPD DIR MIN PSBL S-S WX SPD DR
================================================================================
1 48 32 40 0 25 0 0.00 M M 12.3 20 60 M M 9 128 22 60
2 48 36 42 2 23 0 0.00 M M 10.1 15 90 M M 9 128 18 90
3 49 39 44 4 21 0 T M M 13.1 21 80 M M 8 8 25 90
4 48 38 43 3 22 0 0.00 M M 8.1 20 340 M M 3 18 24 350
5 52 36 44 3 21 0 0.00 M M 17.9 25 360 M M 2 18 32 360
6 48 35 42 1 23 0 0.00 M M 12.8 20 340 M M 1 23 350
7 53 34 44 3 21 0 0.00 M M 13.5 22 360 M M 1 26 360
8 52 36 44 3 21 0 0.00 M M 7.7 13 90 M M 7 128 15 100
9 50 36 43 1 22 0 0.00 M M 14.4 24 360 M M 4 1 29 10
10 50 36 43 1 22 0 0.00 M M 16.6 28 340 M M 4 1 35 340
11 49 36 43 1 22 0 T M M 10.9 17 310 M M 10 1 20 320
12 47 35 41 -1 24 0 T M M 14.5 23 360 M M 7 27 360
13 50 34 42 -1 23 0 T M M 13.7 21 230 M M 5 25 250
14 49 37 43 0 22 0 T M M 10.0 17 210 M M 10 8 22 210
15 47 41 44 1 21 0 0.02 M M 14.9 23 90 M M 7 18 28 90
16 45 41 43 0 22 0 0.39 M M 14.6 25 80 M M 10 12 32 80
17 48 40 44 0 21 0 0.04 M M 10.0 17 40 M M 10 1 22 40
18 51 40 46 2 19 0 0.00 M M 11.4 15 20 M M 10 12 M M
19 49 39 44 0 21 0 0.00 M M 8.7 15 260 M M 10 1 18 260
20 47 41 44 0 21 0 0.00 M M 10.0 17 200 M M 9 1 22 210
21 48 41 45 1 20 0 0.00 M M 14.4 20 230 M M 10 1 25 210
22 49 42 46 1 19 0 T M M 11.1 17 230 M M 9 1 23 230
23 46 41 44 -1 21 0 0.00 M M 12.3 20 140 M M 10 1 24 140
24 46 42 44 -1 21 0 0.23 M M 15.8 23 140 M M 10 1 28 140
25 46 42 44 -1 21 0 0.92 M M 10.3 17 80 M M 10 12 21 130
26 55 41 48 3 17 0 0.02 M M 8.4 14 200 M M 10 12 17 200
27 45 42 44 -2 21 0 0.01 M M 11.9 18 140 M M 10 12 24 140
28 50 42 46 0 19 0 T M M 17.5 23 120 M M 10 12 30 110
29 45 42 44 -2 21 0 0.04 M M 13.2 17 120 M M 10 12 22 140
30 45 43 44 -2 21 0 0.45 M M 15.3 22 110 M M 10 12 31 110
================================================================================
SM 1455 1160 638 0 2.12 M 375.4 M 235
================================================================================
AV 48.5 38.7 12.5 FASTST M M 8 MAX(MPH)
MISC ----> 28 340 35 340
================================================================================
NOTES:
# LAST OF SEVERAL OCCURRENCES
COLUMN 17 PEAK WIND IN M.P.H.
PRELIMINARY LOCAL CLIMATOLOGICAL DATA (WS FORM: F-6) , PAGE 2
STATION: SAINT PAUL ISLAND
MONTH: JUNE
YEAR: 2022
LATITUDE: 57 9 N
LONGITUDE: 170 13 W
[TEMPERATURE DATA] [PRECIPITATION DATA] SYMBOLS USED IN COLUMN 16
AVERAGE MONTHLY: 43.6 TOTAL FOR MONTH: 2.12 1 = FOG OR MIST
DPTR FM NORMAL: 0.5 DPTR FM NORMAL: 0.81 2 = FOG REDUCING VISIBILITY
HIGHEST: 55 ON 26 GRTST 24HR 0.92 ON 25-25 TO 1/4 MILE OR LESS
LOWEST: 32 ON 1 3 = THUNDER
SNOW, ICE PELLETS, HAIL 4 = ICE PELLETS
TOTAL MONTH: M 5 = HAIL
GRTST 24HR M ON M 6 = FREEZING RAIN OR DRIZZLE
GRTST DEPTH: M ON M 7 = DUSTSTORM OR SANDSTORM:
VSBY 1/2 MILE OR LESS
8 = SMOKE OR HAZE
[NO. OF DAYS WITH] [WEATHER - DAYS WITH] 9 = BLOWING SNOW
X = TORNADO
MAX 32 OR BELOW: 0 0.01 INCH OR MORE: 9
MAX 90 OR ABOVE: 0 0.10 INCH OR MORE: 4
MIN 32 OR BELOW: 1 0.50 INCH OR MORE: 1
MIN 0 OR BELOW: 0 1.00 INCH OR MORE: 0
[HDD (BASE 65) ]
TOTAL THIS MO. 638 CLEAR (SCALE 0-3) 4
DPTR FM NORMAL -19 PTCLDY (SCALE 4-7) 7
TOTAL FM JUL 1 10519 CLOUDY (SCALE 8-10) 19
DPTR FM NORMAL -67
[CDD (BASE 65) ]
TOTAL THIS MO. 0
DPTR FM NORMAL 0 [PRESSURE DATA]
TOTAL FM JAN 1 0 HIGHEST SLP M ON M
DPTR FM NORMAL 0 LOWEST SLP 29.53 ON 17
[REMARKS]
#FINAL-06-22#