000
CXUS55 KPIH 011334 RRA
CF6SNT
PRELIMINARY LOCAL CLIMATOLOGICAL DATA (WS FORM: F-6)
STATION: STANLEY_ID
MONTH: APRIL
YEAR: 2021
LATITUDE: 44 10 N
LONGITUDE: 114 56 W
TEMPERATURE IN F: :PCPN: SNOW: WIND :SUNSHINE: SKY :PK WND
================================================================================
1 2 3 4 5 6A 6B 7 8 9 10 11 12 13 14 15 16 17 18
12Z AVG MX 2MIN
DY MAX MIN AVG DEP HDD CDD WTR SNW DPTH SPD SPD DIR MIN PSBL S-S WX SPD DR
================================================================================
1 57 11 34 4 31 0 0.00 M M 4.1 18 140 M M 0 31 130
2 58 21 40 10 25 0 0.00 M M 3.0 12 210 M M 0 19 150
3 61 21 41 11 24 0 0.00 M M 2.6 13 190 M M 0 21 230
4 59 29 44 13 21 0 0.00 M M 2.2 16 190 M M 0 23 210
5 41 27 34 3 31 0 0.10 M M 4.1 13 310 M M 0 24 320
6 50 25 38 7 27 0 0.00 M M 3.5 9 340 M M 0 13 350
7 54 15 35 4 30 0 0.00 M M 2.4 15 190 M M 0 23 270
8 43 16 30 -2 35 0 0.00 M M 5.8 17 320 M M 0 31 320
9 50 8 29 -3 36 0 0.00 M M 3.2 9 150 M M 0 13 140
10 45 19 32 0 33 0 0.00 M M 6.3 22 230 M M 0 38 210
11 39 10 25 -7 40 0 0.00 M M 3.4 12 350 M M 0 18 350
12 42 8 25 -7 40 0 0.00 M M 4.4 10 210 M M 0 14 200
13 42 21 32 -1 33 0 0.00 M M 5.0 17 360 M M 0 27 20
14 40 19 30 -3 35 0 0.00 M M 6.0 15 360 M M 0 26 340
15 44 21 33 0 32 0 0.00 M M 4.0 13 30 M M 0 21 20
16 48 18 33 0 32 0 0.00 M M 3.5 14 360 M M 0 23 360
17 54 13 34 0 31 0 0.00 M M 2.7 9 320 M M 0 14 320
18 58 18 38 4 27 0 0.00 M M 3.5 13 310 M M 0 20 260
19 46 23 35 1 30 0 0.00 M M 5.1 18 340 M M 0 33 360
20 51 15 33 -2 32 0 0.00 M M 3.8 12 340 M M 0 18 350
21 54 14 34 -1 31 0 0.00 M M 4.3 12 330 M M 0 18 340
22 53 16 35 0 30 0 0.01 M M 3.7 16 310 M M 0 28 290
23 52 22 37 1 28 0 0.00 M M 3.7 15 270 M M 0 20 230
24 50 28 39 3 26 0 0.06 M M 4.3 16 150 M M 0 26 130
25 40 31 36 0 29 0 0.20 M M 4.2 10 150 M M 0 17 140
26 48 28 38 1 27 0 0.04 M M 2.1 12 150 M M 0 21 350
27 54 25 40 3 25 0 0.00 M M 3.7 14 320 M M 0 24 340
28 62 23 43 6 22 0 0.00 M M 5.1 16 350 M M 0 28 350
29 71 27 49 11 16 0 0.00 M M 3.2 12 330 M M 0 18 310
30 74 28 51 13 14 0 0.00 M M 3.3 13 200 M M 0 24 340
================================================================================
SM 1540 600 873 0 0.41 M 116.2 M 0
================================================================================
AV 51.3 20.0 3.9 FASTST M M 0 MAX(MPH)
MISC ----> 22 230 38 210
================================================================================
NOTES:
# LAST OF SEVERAL OCCURRENCES
PRECIPITATION AMOUNTS ARE SUSPECT DURING FREEZING/FROZEN EVENTS
COLUMN 17 PEAK WIND IN M.P.H.
PRELIMINARY LOCAL CLIMATOLOGICAL DATA (WS FORM: F-6) , PAGE 2
STATION: STANLEY_ID
MONTH: APRIL
YEAR: 2021
LATITUDE: 44 10 N
LONGITUDE: 114 56 W
[TEMPERATURE DATA] [PRECIPITATION DATA] SYMBOLS USED IN COLUMN 16
AVERAGE MONTHLY: 35.7 TOTAL FOR MONTH: 0.41 1 = FOG OR MIST
DPTR FM NORMAL: 2.1 DPTR FM NORMAL: -1.31 2 = FOG REDUCING VISIBILITY
HIGHEST: 74 ON 30 GRTST 24HR 0.24 ON 24-25 TO 1/4 MILE OR LESS
LOWEST: 8 ON 12, 9 3 = THUNDER
SNOW, ICE PELLETS, HAIL 4 = ICE PELLETS
TOTAL MONTH: M 5 = HAIL
GRTST 24HR M ON M 6 = FREEZING RAIN OR DRIZZLE
GRTST DEPTH: M ON M 7 = DUSTSTORM OR SANDSTORM:
VSBY 1/2 MILE OR LESS
8 = SMOKE OR HAZE
[NO. OF DAYS WITH] [WEATHER - DAYS WITH] 9 = BLOWING SNOW
X = TORNADO
MAX 32 OR BELOW: 0 0.01 INCH OR MORE: 5
MAX 90 OR ABOVE: 0 0.10 INCH OR MORE: 2
MIN 32 OR BELOW: 30 0.50 INCH OR MORE: 0
MIN 0 OR BELOW: 0 1.00 INCH OR MORE: 0
[HDD (BASE 65) ]
TOTAL THIS MO. 873 CLEAR (SCALE 0-3) 30
DPTR FM NORMAL -69 PTCLDY (SCALE 4-7) 0
TOTAL FM JUL 1 9108 CLOUDY (SCALE 8-10) 0
DPTR FM NORMAL -553
[CDD (BASE 65) ]
TOTAL THIS MO. 0
DPTR FM NORMAL 0 [PRESSURE DATA]
TOTAL FM JAN 1 0 HIGHEST SLP 30.39 ON 29
DPTR FM NORMAL 0 LOWEST SLP 29.52 ON 26
[REMARKS]
#FINAL-04-21#