000
CXUS55 KPIH 011100
CF6SNT
PRELIMINARY LOCAL CLIMATOLOGICAL DATA (WS FORM: F-6)
STATION: STANLEY
MONTH: AUGUST
YEAR: 2023
LATITUDE: 44 10 N
LONGITUDE: 114 56 W
TEMPERATURE IN F: :PCPN: SNOW: WIND :SUNSHINE: SKY :PK WND
================================================================================
1 2 3 4 5 6A 6B 7 8 9 10 11 12 13 14 15 16 17 18
12Z AVG MX 2MIN
DY MAX MIN AVG DEP HDD CDD WTR SNW DPTH SPD SPD DIR MIN PSBL S-S WX SPD DR
================================================================================
1 88 34 61 0 4 0 0.00 M M 4.2 16 320 M M 0 24 300
2 81 50 66 5 0 1 0.01 M M 3.8 21 40 M M 0 37 30
3 82 46 64 3 1 0 0.00 M M 3.0 15 20 M M 0 21 320
4 67 47 57 -4 8 0 0.27 M M 1.7 9 350 M M 0 13 350
5 68 46 57 -4 8 0 0.28 M M 2.4 9 320 M M 0 18 50
6 66 43 55 -5 10 0 0.17 M M 2.8 15 340 M M 0 25 350
7 69 42 56 -4 9 0 0.13 M M 2.3 15 280 M M 0 25 270
8 71 43 57 -3 8 0 0.00 M M 3.2 12 10 M M 0 20 310
9 77 39 58 -2 7 0 0.00 M M 2.5 7 99 M M 0 28 99
10 76 40 58 -2 7 0 0.00 M M 4.2 15 260 M M 0 23 270
11 79 34 57 -3 8 0 0.00 M M 4.1 17 300 M M 0 29 280
12 81 36 59 -1 6 0 0.00 M M 3.5 13 330 M M 0 21 350
13 85 36 61 2 4 0 0.00 M M 3.2 10 330 M M 0 15 340
14 89 40 65 6 0 0 0.00 M M 3.1 10 140 M M 0 18 120
15 90 43 67 8 0 2 0.00 M M 4.2 14 340 M M 0 21 310
16 91 42 67 8 0 2 0.00 M M 4.2 13 10 M M 0 21 350
17 92 42 67 9 0 2 0.00 M M 3.8 16 260 M M 0 24 260
18 82 51 67 9 0 2 0.00 M M 4.6 17 210 M M 0 30 200
19 80 42 61 3 4 0 0.08 M M 2.8 16 150 M M 0 30 140
20 58 52 55 -3 10 0 0.88 M M 1.9 8 120 M M 0 12 170
21 68 54 61 4 4 0 0.44 M M 5.6 18 150 M M 0 33 140
22 74 51 63 6 2 0 0.15 M M 6.6 21 140 M M 0 38 130
23 72 41 57 0 8 0 0.00 M M 3.7 10 210 M M 0 19 250
24 80 37 59 2 6 0 0.00 M M 3.1 15 200 M M 0 31 190
25 79 41 60 4 5 0 0.02 M M 3.3 13 340 M M 0 23 340
26 76 41 59 3 6 0 0.12 M M 3.0 15 150 M M 0 27 140
27 81 44 63 7 2 0 0.18 M M 4.2 20 350 M M 0 33 330
28 82 40 61 5 4 0 0.00 M M 3.2 10 310 M M 0 18 330
29 84 39 62 7 3 0 0.01 M M 4.6 26 200 M M 0 52 190
30 65 35 50 -5 15 0 0.00 M M 4.6 14 340 M M 0 22 310
31 77 29 53 -2 12 0 0.00 M M 2.7 12 180 M M 0 19 170
================================================================================
SM 2410 1300 161 9 2.74 M 110.1 M 0
================================================================================
AV 77.7 41.9 3.6 FASTST M M 0 MAX(MPH)
MISC ----> 26 200 52 190
================================================================================
NOTES:
# LAST OF SEVERAL OCCURRENCES
COLUMN 17 PEAK WIND IN M.P.H.
PRELIMINARY LOCAL CLIMATOLOGICAL DATA (WS FORM: F-6) , PAGE 2
STATION: STANLEY
MONTH: AUGUST
YEAR: 2023
LATITUDE: 44 10 N
LONGITUDE: 114 56 W
[TEMPERATURE DATA] [PRECIPITATION DATA] SYMBOLS USED IN COLUMN 16
AVERAGE MONTHLY: 59.8 TOTAL FOR MONTH: 2.74 1 = FOG OR MIST
DPTR FM NORMAL: 1.4 DPTR FM NORMAL: 2.26 2 = FOG REDUCING VISIBILITY
HIGHEST: 92 ON 17 GRTST 24HR 1.03 ON 20-21 TO 1/4 MILE OR LESS
LOWEST: 29 ON 31 3 = THUNDER
SNOW, ICE PELLETS, HAIL 4 = ICE PELLETS
TOTAL MONTH: M 5 = HAIL
GRTST 24HR M ON M 6 = FREEZING RAIN OR DRIZZLE
GRTST DEPTH: M ON M 7 = DUSTSTORM OR SANDSTORM:
VSBY 1/2 MILE OR LESS
8 = SMOKE OR HAZE
[NO. OF DAYS WITH] [WEATHER - DAYS WITH] 9 = BLOWING SNOW
X = TORNADO
MAX 32 OR BELOW: 0 0.01 INCH OR MORE: 13
MAX 90 OR ABOVE: 3 0.10 INCH OR MORE: 9
MIN 32 OR BELOW: 1 0.50 INCH OR MORE: 1
MIN 0 OR BELOW: 0 1.00 INCH OR MORE: 0
[HDD (BASE 65) ]
TOTAL THIS MO. 161 CLEAR (SCALE 0-3) 31
DPTR FM NORMAL -49 PTCLDY (SCALE 4-7) 0
TOTAL FM JUL 1 304 CLOUDY (SCALE 8-10) 0
DPTR FM NORMAL -91
[CDD (BASE 65) ]
TOTAL THIS MO. 9
DPTR FM NORMAL 5 [PRESSURE DATA]
TOTAL FM JAN 1 13 HIGHEST SLP M ON M
DPTR FM NORMAL 0 LOWEST SLP 29.68 ON 17
[REMARKS]
#FINAL-08-23#