000
CXUS52 KTBW 090544
CF6SPG
PRELIMINARY LOCAL CLIMATOLOGICAL DATA (WS FORM: F-6)
STATION: SAINT PETERSBURG
MONTH: DECEMBER
YEAR: 2022
LATITUDE: 27 46 N
LONGITUDE: 82 38 W
TEMPERATURE IN F: :PCPN: SNOW: WIND :SUNSHINE: SKY :PK WND
================================================================================
1 2 3 4 5 6A 6B 7 8 9 10 11 12 13 14 15 16 17 18
12Z AVG MX 2MIN
DY MAX MIN AVG DEP HDD CDD WTR SNW DPTH SPD SPD DIR MIN PSBL S-S WX SPD DR
================================================================================
1 73 64 69 1 0 4 0.00 0.0 0 15.2 24 60 M M 1 29 30
2 77 66 72 4 0 7 0.00 0.0 0 13.7 18 60 M M 0 24 60
3 79 65 72 5 0 7 0.00 0.0 0 7.1 13 70 M M 6 15 80
4 77 65 71 4 0 6 0.00 0.0 0 5.2 8 340 M M 1 12 310
5 79 66 73 6 0 8 0.00 0.0 0 4.8 9 250 M M 2 12 160
6 80 M M M M M 0.00 0.0 0 4.4 10 40 M M 1 12 40
7 80 67 74 7 0 9 0.00 0.0 0 5.2 13 330 M M 0 16 330
8 79 67 73 7 0 8 0.00 0.0 0 4.9 12 340 M M 0 15 330
9 76 63 70 4 0 5 0.00 0.0 0 5.7 12 310 M M 2 12 16 320
10 74 62 68 2 0 3 0.00 0.0 0 6.7 12 50 M M 4 1 14 360
11 68 64 66 0 0 1 0.00 0.0 0 7.0 13 60 M M 9 1 16 50
12 72 63 68 2 0 3 0.00 0.0 0 6.9 17 50 M M 2 18 20 50
13 77 63 70 4 0 5 0.00 0.0 0 13.3 29 80 M M 3 33 80
14 79 65 72 7 0 7 0.00 0.0 0 12.5 21 110 M M 4 27 200
15 75 66 71 6 0 6 0.95 0.0 0 12.3 29 190 M M 6 123 37 180
16 66 60 63 -2 2 0 T 0.0 0 8.7 16 30 M M 6 22 20
17 68 59 64 -1 1 0 T 0.0 0 8.7 17 150 M M 7 19 140
18 66 56 61 -4 4 0 T 0.0 0 10.6 20 20 M M 2 24 30
19 69 50 60 -4 5 0 0.00 0.0 0 12.2 20 30 M M 0 25 30
20 65 60 63 -1 2 0 0.10 0.0 0 12.3 25 140 M M 3 1 30 140
21 67 60 64 0 1 0 0.49 0.0 0 12.2 22 130 M M 9 13 29 360
22 69 59 64 0 1 0 0.32 0.0 0 6.7 25 180 M M 7 13 33 170
23 70 46 58 -6 7 0 T 0.0 0 11.6 24 350 M M 2 1 36 340
24 47 36 42 -22 23 0 0.00 0.0 0 11.1 20 20 M M 0 27 340
25 45 35 40 -24 25 0 0.00 0.0 0 10.8 20 10 M M 0 26 20
26 52 43 48 -15 17 0 0.00 0.0 0 9.5 17 50 M M 0 21 40
27 61 46 54 -9 11 0 0.00 0.0 0 9.4 17 50 M M 1 22 40
28 66 51 59 -4 6 0 0.00 0.0 0 7.7 14 50 M M 0 16 60
29 72 56 64 1 1 0 0.00 0.0 0 6.7 10 40 M M 1 13 50
30 71 59 65 2 0 0 0.00 0.0 0 4.5 10 40 M M 2 13 30
31 73 61 67 4 0 2 0.28 0.0 0 6.3 16 230 M M 8 1238 23 250
================================================================================
SM 2172 1743 106 81 2.14 0.0 273.9 M 89
================================================================================
AV 70.1 58.1 8.8 FASTST M M 3 MAX(MPH)
MISC ----> # 29 80 37 180
================================================================================
NOTES:
# LAST OF SEVERAL OCCURRENCES
COLUMN 17 PEAK WIND IN M.P.H.
PRELIMINARY LOCAL CLIMATOLOGICAL DATA (WS FORM: F-6) , PAGE 2
STATION: SAINT PETERSBURG
MONTH: DECEMBER
YEAR: 2022
LATITUDE: 27 46 N
LONGITUDE: 82 38 W
[TEMPERATURE DATA] [PRECIPITATION DATA] SYMBOLS USED IN COLUMN 16
AVERAGE MONTHLY: 64.1 TOTAL FOR MONTH: 2.14 1 = FOG OR MIST
DPTR FM NORMAL: -1.0 DPTR FM NORMAL: -0.25 2 = FOG REDUCING VISIBILITY
HIGHEST: 80 ON 7, 6 GRTST 24HR 0.95 ON 15-15 TO 1/4 MILE OR LESS
LOWEST: 35 ON 25 3 = THUNDER
SNOW, ICE PELLETS, HAIL 4 = ICE PELLETS
TOTAL MONTH: 0.0 INCH 5 = HAIL
GRTST 24HR 0.0 6 = FREEZING RAIN OR DRIZZLE
GRTST DEPTH: 0 7 = DUSTSTORM OR SANDSTORM:
VSBY 1/2 MILE OR LESS
8 = SMOKE OR HAZE
[NO. OF DAYS WITH] [WEATHER - DAYS WITH] 9 = BLOWING SNOW
X = TORNADO
MAX 32 OR BELOW: 0 0.01 INCH OR MORE: 5
MAX 90 OR ABOVE: 0 0.10 INCH OR MORE: 5
MIN 32 OR BELOW: 0 0.50 INCH OR MORE: 1
MIN 0 OR BELOW: 0 1.00 INCH OR MORE: 0
[HDD (BASE 65) ]
TOTAL THIS MO. 106 CLEAR (SCALE 0-3) 20
DPTR FM NORMAL 20 PTCLDY (SCALE 4-7) 9
TOTAL FM JUL 1 124 CLOUDY (SCALE 8-10) 2
DPTR FM NORMAL 15
[CDD (BASE 65) ]
TOTAL THIS MO. 81
DPTR FM NORMAL -8 [PRESSURE DATA]
TOTAL FM JAN 1 4179 HIGHEST SLP 30.36 ON 25
DPTR FM NORMAL 268 LOWEST SLP 29.84 ON 15
[REMARKS]
#FINAL-12-22#