000
CXUS53 KILX 011803
CF6SPI
PRELIMINARY LOCAL CLIMATOLOGICAL DATA (WS FORM: F-6)
STATION: SPRINGFIELD IL
MONTH: JANUARY
YEAR: 2023
LATITUDE: 39 50 N
LONGITUDE: 89 41 W
TEMPERATURE IN F: :PCPN: SNOW: WIND :SUNSHINE: SKY :PK WND
================================================================================
1 2 3 4 5 6A 6B 7 8 9 10 11 12 13 14 15 16 17 18
12Z AVG MX 2MIN
DY MAX MIN AVG DEP HDD CDD WTR SNW DPTH SPD SPD DIR MIN PSBL S-S WX SPD DR
================================================================================
1 55 44 50 21 15 0 0.00 0.0 0 6.2 15 200 M M 4 1 21 200
2 54 48 51 22 14 0 0.15 0.0 0 7.9 12 100 M M 10 1 14 70
3 67 39 53 24 12 0 0.18 0.0 0 11.0 23 310 M M 3 30 190
4 40 35 38 9 27 0 0.00 0.0 0 11.5 22 250 M M 9 32 250
5 37 32 35 7 30 0 T T 0 12.6 21 260 M M 10 1 27 270
6 42 25 34 6 31 0 0.00 0.0 0 6.2 16 290 M M 3 24 300
7 37 21 29 1 36 0 T T 0 9.3 16 70 M M 3 1 20 40
8 34 24 29 1 36 0 0.11 1.7 2 5.3 12 310 M M 8 1 15 50
9 46 22 34 6 31 0 0.00 0.0 0 9.4 18 160 M M 0 1 25 170
10 52 31 42 14 23 0 0.00 0.0 0 6.4 15 200 M M 0 22 190
11 59 39 49 21 16 0 0.00 0.0 0 6.7 14 350 M M 4 18 150
12 48 28 38 10 27 0 0.04 T 0 14.9 22 310 M M 10 168 32 310
13 32 25 29 1 36 0 0.01 0.2 T 11.4 18 330 M M 10 1 25 300
14 35 26 31 3 34 0 0.00 0.0 0 6.8 15 150 M M 5 20 150
15 48 31 40 12 25 0 T 0.0 0 17.9 30 150 M M 0 39 160
16 54 41 48 21 17 0 0.16 0.0 0 17.2 26 170 M M 6 1 35 170
17 43 30 37 10 28 0 0.00 0.0 0 8.7 21 280 M M 5 27 280
18 39 32 36 9 29 0 0.78 0.0 0 8.1 22 70 M M 8 1 33 80
19 44 33 39 12 26 0 0.01 0.0 0 15.5 29 250 M M 10 1 42 250
20 34 31 33 6 32 0 0.00 0.0 0 11.2 21 300 M M 10 28 290
21 38 25 32 5 33 0 0.00 0.0 0 5.3 15 140 M M 5 18 130
22 39 31 35 7 30 0 0.02 T 0 6.3 15 320 M M 10 1 20 340
23 42 26 34 6 31 0 0.00 0.0 0 10.1 16 260 M M 6 22 250
24 43 27 35 7 30 0 0.02 0.0 0 4.4 10 110 M M 4 13 210
25 36 30 33 5 32 0 0.31 1.3 1 11.2 21 270 M M 10 1 28 260
26 30 17 24 -4 41 0 T T 1 13.9 25 280 M M 8 33 280
27 47 17 32 4 33 0 T T 0 12.9 29 250 M M 4 1 37 250
28 53 25 39 11 26 0 0.01 0.0 0 11.3 23 180 M M 5 35 170
29 35 20 28 0 37 0 T T 0 12.7 21 330 M M 10 16 28 330
30 20 10 15 -13 50 0 0.01 0.1 T 12.7 20 350 M M 10 1 26 350
31 21 5 13 -15 52 0 0.00 0.0 0 4.1 13 360 M M 0 17 340
================================================================================
SM 1304 870 920 0 1.81 3.3 309.1 M 190
================================================================================
AV 42.1 28.1 10.0 FASTST M M 6 MAX(MPH)
MISC ----> 30 150 42 250
================================================================================
NOTES:
# LAST OF SEVERAL OCCURRENCES
COLUMN 17 PEAK WIND IN M.P.H.
PRELIMINARY LOCAL CLIMATOLOGICAL DATA (WS FORM: F-6) , PAGE 2
STATION: SPRINGFIELD IL
MONTH: JANUARY
YEAR: 2023
LATITUDE: 39 50 N
LONGITUDE: 89 41 W
[TEMPERATURE DATA] [PRECIPITATION DATA] SYMBOLS USED IN COLUMN 16
AVERAGE MONTHLY: 35.1 TOTAL FOR MONTH: 1.81 1 = FOG OR MIST
DPTR FM NORMAL: 7.2 DPTR FM NORMAL: -0.22 2 = FOG REDUCING VISIBILITY
HIGHEST: 67 ON 3 GRTST 24HR 0.78 ON 18-18 TO 1/4 MILE OR LESS
LOWEST: 5 ON 31 3 = THUNDER
SNOW, ICE PELLETS, HAIL 4 = ICE PELLETS
TOTAL MONTH: 3.3 INCHES 5 = HAIL
GRTST 24HR 1.7 ON 8- 8 6 = FREEZING RAIN OR DRIZZLE
GRTST DEPTH: 2 ON 8 7 = DUSTSTORM OR SANDSTORM:
VSBY 1/2 MILE OR LESS
8 = SMOKE OR HAZE
[NO. OF DAYS WITH] [WEATHER - DAYS WITH] 9 = BLOWING SNOW
X = TORNADO
MAX 32 OR BELOW: 4 0.01 INCH OR MORE: 13
MAX 90 OR ABOVE: 0 0.10 INCH OR MORE: 6
MIN 32 OR BELOW: 24 0.50 INCH OR MORE: 1
MIN 0 OR BELOW: 0 1.00 INCH OR MORE: 0
[HDD (BASE 65) ]
TOTAL THIS MO. 920 CLEAR (SCALE 0-3) 6
DPTR FM NORMAL -230 PTCLDY (SCALE 4-7) 13
TOTAL FM JUL 1 3044 CLOUDY (SCALE 8-10) 12
DPTR FM NORMAL -124
[CDD (BASE 65) ]
TOTAL THIS MO. 0
DPTR FM NORMAL 0 [PRESSURE DATA]
TOTAL FM JAN 1 0 HIGHEST SLP 30.53 ON 31
DPTR FM NORMAL 0 LOWEST SLP 29.49 ON 16
[REMARKS]
#FINAL-01-23#