000
CXUS54 KOUN 061451
CF6SPS
PRELIMINARY LOCAL CLIMATOLOGICAL DATA (WS FORM: F-6)
STATION: WICHITA FALLS
MONTH: DECEMBER
YEAR: 2021
LATITUDE: 33 58 N
LONGITUDE: 98 29 W
TEMPERATURE IN F: :PCPN: SNOW: WIND :SUNSHINE: SKY :PK WND
================================================================================
1 2 3 4 5 6A 6B 7 8 9 10 11 12 13 14 15 16 17 18
12Z AVG MX 2MIN
DY MAX MIN AVG DEP HDD CDD WTR SNW DPTH SPD SPD DIR MIN PSBL S-S WX SPD DR
================================================================================
1 75 43 59 12 6 0 0.00 0.0 0 5.9 15 300 M M 1 19 260
2 80 42 61 14 4 0 0.00 0.0 0 7.2 14 190 M M 3 17 190
3 81 55 68 22 0 3 0.00 0.0 0 9.5 16 190 M M 4 21 210
4 61 45 53 7 12 0 0.00 0.0 0 6.5 14 360 M M 7 12 16 10
5 80 39 60 14 5 0 0.00 0.0 0 12.7 35 10 M M 0 1 39 10
6 60 30 45 -1 20 0 0.00 0.0 0 17.9 38 20 M M 2 47 20
7 57 24 41 -4 24 0 0.00 0.0 0 6.7 17 180 M M 3 22 170
8 60 30 45 0 20 0 0.00 0.0 0 8.0 17 170 M M 3 21 170
9 79 48 64 19 1 0 0.00 0.0 0 12.3 23 280 M M 4 29 280
10 84 46 65 20 0 0 T 0.0 0 17.7 41 240 M M 6 8 55 230
11 54 30 42 -2 23 0 0.00 0.0 0 12.5 30 330 M M 0 39 340
12 66 27 47 3 18 0 0.00 0.0 0 13.9 26 180 M M 0 33 190
13 73 36 55 11 10 0 0.00 0.0 0 11.1 20 190 M M 1 23 180
14 77 48 63 19 2 0 0.00 0.0 0 14.7 24 200 M M 2 1 29 190
15 83 63 73 29 0 8 0.00 0.0 0 19.1 41 200 M M 4 51 210
16 70 45 58 15 7 0 0.00 0.0 0 10.4 26 10 M M 5 31 20
17 77 50 64 21 1 0 0.13 0.0 0 7.3 22 360 M M 8 3 27 360
18 50 27 39 -4 26 0 0.00 0.0 0 16.5 30 30 M M 2 37 20
19 47 20 34 -9 31 0 0.00 0.0 0 4.6 12 10 M M 0 13 10
20 60 35 48 5 17 0 0.00 0.0 0 7.3 14 180 M M 6 17 180
21 65 28 47 4 18 0 0.00 0.0 0 5.5 16 180 M M 1 1 22 190
22 66 30 48 6 17 0 0.00 0.0 0 6.4 15 160 M M 0 1 19 160
23 83 32 58 16 7 0 0.00 0.0 0 10.6 23 190 M M 3 12 28 200
24 91 57 74 32 0 9 0.00 0.0 0 16.7 31 220 M M 0 40 210
25 76 51 64 22 1 0 0.00 0.0 0 11.1 18 260 M M 0 22 240
26 88 43 66 24 0 1 0.00 0.0 0 11.4 24 230 M M 0 32 220
27 69 49 59 17 6 0 0.00 0.0 0 8.7 20 30 M M 0 24 30
28 74 46 60 18 5 0 0.00 0.0 0 9.3 26 270 M M 1 31 270
29 74 44 59 17 6 0 T 0.0 0 7.3 20 290 M M 3 23 290
30 72 37 55 13 10 0 0.00 0.0 0 8.0 17 210 M M 0 22 210
31 68 46 57 15 8 0 0.17 0.0 0 8.6 14 140 M M 6 1 17 150
================================================================================
SM 2200 1246 305 21 0.30 0.0 325.4 M 75
================================================================================
AV 71.0 40.2 10.5 FASTST M M 2 MAX(MPH)
MISC ----> # 41 240 55 230
================================================================================
NOTES:
# LAST OF SEVERAL OCCURRENCES
COLUMN 17 PEAK WIND IN M.P.H.
PRELIMINARY LOCAL CLIMATOLOGICAL DATA (WS FORM: F-6) , PAGE 2
STATION: WICHITA FALLS
MONTH: DECEMBER
YEAR: 2021
LATITUDE: 33 58 N
LONGITUDE: 98 29 W
[TEMPERATURE DATA] [PRECIPITATION DATA] SYMBOLS USED IN COLUMN 16
AVERAGE MONTHLY: 55.6 TOTAL FOR MONTH: 0.30 1 = FOG OR MIST
DPTR FM NORMAL: 11.9 DPTR FM NORMAL: -1.26 2 = FOG REDUCING VISIBILITY
HIGHEST: 91 ON 24 GRTST 24HR 0.17 ON 31-31 TO 1/4 MILE OR LESS
LOWEST: 20 ON 19 3 = THUNDER
SNOW, ICE PELLETS, HAIL 4 = ICE PELLETS
TOTAL MONTH: 0.0 INCH 5 = HAIL
GRTST 24HR 0.0 6 = FREEZING RAIN OR DRIZZLE
GRTST DEPTH: 0 7 = DUSTSTORM OR SANDSTORM:
VSBY 1/2 MILE OR LESS
8 = SMOKE OR HAZE
[NO. OF DAYS WITH] [WEATHER - DAYS WITH] 9 = BLOWING SNOW
X = TORNADO
MAX 32 OR BELOW: 0 0.01 INCH OR MORE: 2
MAX 90 OR ABOVE: 1 0.10 INCH OR MORE: 2
MIN 32 OR BELOW: 10 0.50 INCH OR MORE: 0
MIN 0 OR BELOW: 0 1.00 INCH OR MORE: 0
[HDD (BASE 65) ]
TOTAL THIS MO. 305 CLEAR (SCALE 0-3) 21
DPTR FM NORMAL -354 PTCLDY (SCALE 4-7) 10
TOTAL FM JUL 1 641 CLOUDY (SCALE 8-10) 0
DPTR FM NORMAL -525
[CDD (BASE 65) ]
TOTAL THIS MO. 21
DPTR FM NORMAL 20 [PRESSURE DATA]
TOTAL FM JAN 1 2343 HIGHEST SLP 30.44 ON 19
DPTR FM NORMAL -103 LOWEST SLP 29.50 ON 10
[REMARKS]
#FINAL-12-21#