000
CXUS54 KOUN 010700
CF6SPS
PRELIMINARY LOCAL CLIMATOLOGICAL DATA (WS FORM: F-6)
STATION: WICHITA FALLS
MONTH: JUNE
YEAR: 2020
LATITUDE: 33 58 N
LONGITUDE: 98 29 W
TEMPERATURE IN F: :PCPN: SNOW: WIND :SUNSHINE: SKY :PK WND
================================================================================
1 2 3 4 5 6A 6B 7 8 9 10 11 12 13 14 15 16 17 18
12Z AVG MX 2MIN
DY MAX MIN AVG DEP HDD CDD WTR SNW DPTH SPD SPD DIR MIN PSBL S-S WX SPD DR
================================================================================
1 86 64 75 -1 0 10 0.00 0.0 0 8.1 21 130 M M 4 24 130
2 91 65 78 2 0 13 0.00 0.0 0 11.2 20 170 M M 2 31 170
3 93 70 82 5 0 17 0.00 0.0 0 10.7 17 170 M M 1 24 180
4 99 70 85 8 0 20 T 0.0 0 15.1 54 360 M M 2 38 68 360
5 97 68 83 6 0 18 0.00 0.0 0 10.8 29 330 M M 2 37 330
6 95 71 83 6 0 18 0.00 0.0 0 9.0 18 150 M M 0 22 170
7 92 71 82 4 0 17 0.00 0.0 0 10.7 20 140 M M 0 25 140
8 95 68 82 4 0 17 0.00 0.0 0 6.0 14 140 M M 0 17 140
9 89 62 76 -2 0 11 0.00 0.0 0 19.7 35 310 M M 2 8 44 330
10 88 57 73 -5 0 8 0.00 0.0 0 12.7 25 340 M M 0 34 360
11 91 61 76 -2 0 11 0.00 0.0 0 7.3 17 140 M M 0 24 170
12 92 59 76 -3 0 11 0.00 0.0 0 10.3 18 180 M M 0 23 150
13 94 61 78 -1 0 13 0.00 0.0 0 11.8 20 190 M M 0 24 170
14 93 64 79 0 0 14 0.00 0.0 0 11.2 21 160 M M 0 26 160
15 93 63 78 -2 0 13 0.00 0.0 0 8.8 21 140 M M 2 25 140
16 94 69 82 2 0 17 0.00 0.0 0 11.5 23 150 M M 3 36 160
17 96 69 83 3 0 18 0.00 0.0 0 15.9 26 160 M M 1 32 180
18 95 74 85 5 0 20 0.00 0.0 0 17.4 26 140 M M 1 33 130
19 95 66 81 1 0 16 0.74 0.0 0 17.7 33 30 M M 4 13 39 30
20 88 65 77 -4 0 12 0.20 0.0 0 9.8 28 160 M M 2 13 32 150
21 87 64 76 -5 0 11 2.31 0.0 0 13.7 46 20 M M 3 13 55 30
22 91 65 78 -3 0 13 0.15 0.0 0 11.8 45 20 M M 3 13 56 20
23 87 68 78 -3 0 13 0.73 0.0 0 11.3 33 320 M M 5 13 41 330
24 89 63 76 -5 0 11 0.00 0.0 0 6.1 17 80 M M 0 24 220
25 91 67 79 -3 0 14 0.00 0.0 0 7.3 18 140 M M 2 22 130
26 93 69 81 -1 0 16 0.00 0.0 0 12.9 21 160 M M 1 27 200
27 92 72 82 0 0 17 0.00 0.0 0 16.3 28 190 M M 1 34 180
28 91 76 84 2 0 19 0.00 0.0 0 19.7 29 160 M M 2 35 170
29 95 76 86 4 0 21 T 0.0 0 21.1 30 180 M M 2 35 180
30 97 72 85 2 0 20 0.00 0.0 0 16.0 28 190 M M 1 34 180
================================================================================
SM 2769 2009 0 449 4.13 0.0 371.9 M 46
================================================================================
AV 92.3 67.0 12.4 FASTST M M 2 MAX(MPH)
MISC ----> # 54 360 # 68 360
================================================================================
NOTES:
# LAST OF SEVERAL OCCURRENCES
COLUMN 17 PEAK WIND IN M.P.H.
PRELIMINARY LOCAL CLIMATOLOGICAL DATA (WS FORM: F-6) , PAGE 2
STATION: WICHITA FALLS
MONTH: JUNE
YEAR: 2020
LATITUDE: 33 58 N
LONGITUDE: 98 29 W
[TEMPERATURE DATA] [PRECIPITATION DATA] SYMBOLS USED IN COLUMN 16
AVERAGE MONTHLY: 79.6 TOTAL FOR MONTH: 4.13 1 = FOG OR MIST
DPTR FM NORMAL: 0.1 DPTR FM NORMAL: -0.02 2 = FOG REDUCING VISIBILITY
HIGHEST: 99 ON 4 GRTST 24HR 2.31 ON 21-21 TO 1/4 MILE OR LESS
LOWEST: 57 ON 10 3 = THUNDER
SNOW, ICE PELLETS, HAIL 4 = ICE PELLETS
TOTAL MONTH: 0.0 INCH 5 = HAIL
GRTST 24HR 0.0 6 = FREEZING RAIN OR DRIZZLE
GRTST DEPTH: 0 7 = DUSTSTORM OR SANDSTORM:
VSBY 1/2 MILE OR LESS
8 = SMOKE OR HAZE
[NO. OF DAYS WITH] [WEATHER - DAYS WITH] 9 = BLOWING SNOW
X = TORNADO
MAX 32 OR BELOW: 0 0.01 INCH OR MORE: 5
MAX 90 OR ABOVE: 23 0.10 INCH OR MORE: 5
MIN 32 OR BELOW: 0 0.50 INCH OR MORE: 3
MIN 0 OR BELOW: 0 1.00 INCH OR MORE: 1
[HDD (BASE 65) ]
TOTAL THIS MO. 0 CLEAR (SCALE 0-3) 27
DPTR FM NORMAL -1 PTCLDY (SCALE 4-7) 3
TOTAL FM JUL 1 2746 CLOUDY (SCALE 8-10) 0
DPTR FM NORMAL -223
[CDD (BASE 65) ]
TOTAL THIS MO. 449
DPTR FM NORMAL 13 [PRESSURE DATA]
TOTAL FM JAN 1 801 HIGHEST SLP M ON M
DPTR FM NORMAL 46 LOWEST SLP 29.45 ON 9
[REMARKS]
#FINAL-06-20#