000
CXUS52 KTBW 011000
CF6SRQ
PRELIMINARY LOCAL CLIMATOLOGICAL DATA (WS FORM: F-6)
STATION: SARASOTA BRADENTON
MONTH: OCTOBER
YEAR: 2022
LATITUDE: 27 23 N
LONGITUDE: 82 33 W
TEMPERATURE IN F: :PCPN: SNOW: WIND :SUNSHINE: SKY :PK WND
================================================================================
1 2 3 4 5 6A 6B 7 8 9 10 11 12 13 14 15 16 17 18
12Z AVG MX 2MIN
DY MAX MIN AVG DEP HDD CDD WTR SNW DPTH SPD SPD DIR MIN PSBL S-S WX SPD DR
================================================================================
1 83 64 74 -6 0 9 0.00 0.0 0 6.1 15 300 M M 0 20 300
2 83 64 74 -6 0 9 0.00 0.0 0 5.8 17 320 M M 1 24 320
3 84 64 74 -6 0 9 0.00 0.0 0 5.6 15 320 M M 1 21 360
4 82 64 73 -7 0 8 T 0.0 0 8.5 14 330 M M 3 20 40
5 84 64 74 -6 0 9 0.00 0.0 0 6.7 13 340 M M 1 17 350
6 83 67 75 -5 0 10 0.00 0.0 0 7.1 14 290 M M 2 21 290
7 86 66 76 -3 0 11 0.00 0.0 0 5.5 14 20 M M 1 23 340
8 87 64 76 -3 0 11 0.00 0.0 0 7.7 17 40 M M 1 27 40
9 88 69 79 0 0 14 0.00 0.0 0 8.8 16 50 M M 6 23 30
10 89 74 82 3 0 17 0.02 0.0 0 7.8 15 90 M M 9 20 100
11 89 73 81 2 0 16 1.28 0.0 0 6.8 18 160 M M 3 13 26 160
12 85 75 80 2 0 15 T 0.0 0 5.5 13 130 M M 2 17 110
13 79 72 76 -2 0 11 0.28 0.0 0 3.0 16 170 M M 3 1 19 190
14 86 71 79 1 0 14 0.00 0.0 0 6.0 13 100 M M 4 12 21 280
15 88 72 80 2 0 15 0.04 0.0 0 7.3 29 20 M M 4 13 40 20
16 89 70 80 2 0 15 T 0.0 0 7.2 16 100 M M 1 21 110
17 85 72 79 2 0 14 0.00 0.0 0 8.0 18 210 M M 3 23 210
18 81 69 75 -2 0 10 0.16 0.0 0 7.0 16 340 M M 5 1 27 210
19 69 55 62 -15 3 0 T 0.0 0 10.5 20 10 M M 0 28 10
20 72 52 62 -14 3 0 0.00 0.0 0 7.8 15 330 M M 4 19 10
21 76 59 68 -8 0 3 0.00 0.0 0 8.1 16 20 M M 2 24 50
22 81 58 70 -6 0 5 0.00 0.0 0 7.6 15 340 M M 0 20 340
23 86 63 75 -1 0 10 0.00 0.0 0 6.8 13 40 M M 1 20 280
24 85 65 75 0 0 10 0.00 0.0 0 6.8 14 300 M M 3 18 140
25 84 66 75 0 0 10 0.00 0.0 0 5.7 12 270 M M 2 16 270
26 82 67 75 0 0 10 0.00 0.0 0 6.8 16 180 M M 3 24 190
27 84 71 78 3 0 13 0.00 0.0 0 6.6 17 210 M M 5 22 220
28 87 71 79 5 0 14 0.00 0.0 0 6.3 16 70 M M 3 30 270
29 87 69 78 4 0 13 0.00 0.0 0 8.1 15 110 M M 3 1 21 320
30 88 70 79 5 0 14 0.00 0.0 0 6.7 15 120 M M 1 22 110
31 86 69 78 4 0 13 0.00 0.0 0 6.0 14 280 M M 0 19 290
================================================================================
SM 2598 2069 6 332 1.78 0.0 214.2 M 77
================================================================================
AV 83.8 66.7 6.9 FASTST M M 2 MAX(MPH)
MISC ----> 29 20 40 20
================================================================================
NOTES:
# LAST OF SEVERAL OCCURRENCES
COLUMN 17 PEAK WIND IN M.P.H.
PRELIMINARY LOCAL CLIMATOLOGICAL DATA (WS FORM: F-6) , PAGE 2
STATION: SARASOTA BRADENTON
MONTH: OCTOBER
YEAR: 2022
LATITUDE: 27 23 N
LONGITUDE: 82 33 W
[TEMPERATURE DATA] [PRECIPITATION DATA] SYMBOLS USED IN COLUMN 16
AVERAGE MONTHLY: 75.3 TOTAL FOR MONTH: 1.78 1 = FOG OR MIST
DPTR FM NORMAL: -2.0 DPTR FM NORMAL: -0.98 2 = FOG REDUCING VISIBILITY
HIGHEST: 89 ON 16,11 GRTST 24HR 1.30 ON 10-11 TO 1/4 MILE OR LESS
LOWEST: 52 ON 20 3 = THUNDER
SNOW, ICE PELLETS, HAIL 4 = ICE PELLETS
TOTAL MONTH: 0.0 INCH 5 = HAIL
GRTST 24HR 0.0 6 = FREEZING RAIN OR DRIZZLE
GRTST DEPTH: 0 7 = DUSTSTORM OR SANDSTORM:
VSBY 1/2 MILE OR LESS
8 = SMOKE OR HAZE
[NO. OF DAYS WITH] [WEATHER - DAYS WITH] 9 = BLOWING SNOW
X = TORNADO
MAX 32 OR BELOW: 0 0.01 INCH OR MORE: 5
MAX 90 OR ABOVE: 0 0.10 INCH OR MORE: 3
MIN 32 OR BELOW: 0 0.50 INCH OR MORE: 1
MIN 0 OR BELOW: 0 1.00 INCH OR MORE: 1
[HDD (BASE 65) ]
TOTAL THIS MO. 6 CLEAR (SCALE 0-3) 21
DPTR FM NORMAL 4 PTCLDY (SCALE 4-7) 9
TOTAL FM JUL 1 6 CLOUDY (SCALE 8-10) 1
DPTR FM NORMAL 6
[CDD (BASE 65) ]
TOTAL THIS MO. 332
DPTR FM NORMAL -52 [PRESSURE DATA]
TOTAL FM JAN 1 3573 HIGHEST SLP 30.13 ON 29
DPTR FM NORMAL 132 LOWEST SLP 29.77 ON 18
[REMARKS]
#FINAL-10-22#