000
CXUS52 KJAX 041148 CCA
CF6SSI
PRELIMINARY LOCAL CLIMATOLOGICAL DATA (WS FORM: F-6)
STATION: ST SIMONS ISLAND
MONTH: JANUARY
YEAR: 2020
LATITUDE: 31 9 N
LONGITUDE: 81 23 W
TEMPERATURE IN F: :PCPN: SNOW: WIND :SUNSHINE: SKY :PK WND
================================================================================
1 2 3 4 5 6A 6B 7 8 9 10 11 12 13 14 15 16 17 18
12Z AVG MX 2MIN
DY MAX MIN AVG DEP HDD CDD WTR SNW DPTH SPD SPD DIR MIN PSBL S-S WX SPD DR
================================================================================
1 63 45 54 2 11 0 0.00 0.0 0 5.6 13 330 M M 2 17 310
2 66 46 56 4 9 0 0.00 0.0 0 4.9 12 100 M M 2 16 160
3 72 62 67 16 0 2 0.00 0.0 0 7.5 15 170 M M 4 21 160
4 72 53 63 12 2 0 0.51 0.0 0 9.9 25 290 M M 5 1 41 300
5 59 41 50 -1 15 0 0.00 0.0 0 7.7 21 300 M M 0 36 290
6 69 42 56 5 9 0 0.00 0.0 0 6.5 14 330 M M 0 18 320
7 71 48 60 9 5 0 0.00 0.0 0 8.5 18 250 M M 1 24 250
8 67 42 55 4 10 0 0.00 0.0 0 4.6 15 360 M M 0 20 360
9 71 38 55 4 10 0 0.00 0.0 0 6.5 13 60 M M 4 17 50
10 71 63 67 16 0 2 T 0.0 0 9.6 20 120 M M 9 30 120
11 72 62 67 16 0 2 0.00 0.0 0 8.5 16 140 M M 9 1 24 140
12 74 64 69 18 0 4 0.00 0.0 0 7.6 14 170 M M 8 1 19 200
13 76 63 70 19 0 5 0.00 0.0 0 5.2 12 170 M M 7 12 18 180
14 80 60 70 19 0 5 0.08 0.0 0 4.3 13 240 M M 4 12 19 240
15 81 63 72 21 0 7 0.00 0.0 0 4.6 13 250 M M 1 12 19 250
16 82 63 73 22 0 8 0.00 0.0 0 7.5 14 320 M M 2 12 21 290
17 63 55 59 8 6 0 0.00 0.0 0 16.6 25 30 M M 3 35 50
18 68 54 61 10 4 0 0.00 0.0 0 7.9 17 60 M M 3 25 50
19 68 47 58 6 7 0 T 0.0 0 9.6 18 320 M M 4 28 320
20 50 39 45 -7 20 0 0.00 0.0 0 10.2 23 40 M M 0 30 20
21 46 34 40 -12 25 0 0.00 0.0 0 11.0 24 360 M M 0 29 360
22 53 33 43 -9 22 0 0.00 0.0 0 13.1 24 30 M M 1 32 30
23 57 45 51 -1 14 0 0.00 0.0 0 13.7 21 30 M M 8 1 27 20
24 64 55 60 8 5 0 0.10 0.0 0 6.7 14 180 M M 7 1 23 190
25 63 46 55 3 10 0 0.00 0.0 0 8.0 16 270 M M 1 21 300
26 65 41 53 1 12 0 0.02 0.0 0 5.8 14 280 M M 2 19 260
27 61 49 55 3 10 0 T 0.0 0 3.7 10 330 M M 7 13 330
28 61 45 53 1 12 0 0.00 0.0 0 5.8 13 130 M M 0 16 360
29 59 41 50 -2 15 0 0.62 0.0 0 7.1 20 30 M M 5 1 26 30
30 58 50 54 2 11 0 0.04 0.0 0 15.0 24 30 M M 8 32 20
31 58 47 53 1 12 0 0.16 0.0 0 11.2 18 40 M M 10 1 26 40
================================================================================
SM 2040 1536 256 35 1.53 0.0 254.4 M 117
================================================================================
AV 65.8 49.5 8.2 FASTST M M 4 MAX(MPH)
MISC ----> # 25 290 41 300
================================================================================
NOTES:
# LAST OF SEVERAL OCCURRENCES
COLUMN 17 PEAK WIND IN M.P.H.
PRELIMINARY LOCAL CLIMATOLOGICAL DATA (WS FORM: F-6) , PAGE 2
STATION: ST SIMONS ISLAND
MONTH: JANUARY
YEAR: 2020
LATITUDE: 31 9 N
LONGITUDE: 81 23 W
[TEMPERATURE DATA] [PRECIPITATION DATA] SYMBOLS USED IN COLUMN 16
AVERAGE MONTHLY: 57.7 TOTAL FOR MONTH: 1.53 1 = FOG OR MIST
DPTR FM NORMAL: 6.2 DPTR FM NORMAL: -1.69 2 = FOG REDUCING VISIBILITY
HIGHEST: 82 ON 16 GRTST 24HR 0.66 ON 29-30 TO 1/4 MILE OR LESS
LOWEST: 33 ON 22 3 = THUNDER
SNOW, ICE PELLETS, HAIL 4 = ICE PELLETS
TOTAL MONTH: 0.0 INCH 5 = HAIL
GRTST 24HR 0.0 6 = FREEZING RAIN OR DRIZZLE
GRTST DEPTH: 0 7 = DUSTSTORM OR SANDSTORM:
VSBY 1/2 MILE OR LESS
8 = SMOKE OR HAZE
[NO. OF DAYS WITH] [WEATHER - DAYS WITH] 9 = BLOWING SNOW
X = TORNADO
MAX 32 OR BELOW: 0 0.01 INCH OR MORE: 7
MAX 90 OR ABOVE: 0 0.10 INCH OR MORE: 4
MIN 32 OR BELOW: 0 0.50 INCH OR MORE: 2
MIN 0 OR BELOW: 0 1.00 INCH OR MORE: 0
[HDD (BASE 65) ]
TOTAL THIS MO. 256 CLEAR (SCALE 0-3) 14
DPTR FM NORMAL -164 PTCLDY (SCALE 4-7) 14
TOTAL FM JUL 1 632 CLOUDY (SCALE 8-10) 3
DPTR FM NORMAL -323
[CDD (BASE 65) ]
TOTAL THIS MO. 35
DPTR FM NORMAL 32 [PRESSURE DATA]
TOTAL FM JAN 1 35 HIGHEST SLP 30.55 ON 17
DPTR FM NORMAL 32 LOWEST SLP 29.88 ON 4
[REMARKS]
#FINAL-01-20#