873
CXUS55 KEAX 010736
CF6STJ
PRELIMINARY LOCAL CLIMATOLOGICAL DATA (WS FORM: F-6)
STATION: ST. JOSEPH MO
MONTH: JUNE
YEAR: 2020
LATITUDE: 39 46 N
LONGITUDE: 94 55 W
TEMPERATURE IN F: :PCPN: SNOW: WIND :SUNSHINE: SKY :PK WND
================================================================================
1 2 3 4 5 6A 6B 7 8 9 10 11 12 13 14 15 16 17 18
12Z AVG MX 2MIN
DY MAX MIN AVG DEP HDD CDD WTR SNW DPTH SPD SPD DIR MIN PSBL S-S WX SPD DR
================================================================================
1 88 66 77 7 0 12 0.00 M M 16.1 29 200 M M 0 38 190
2 91 67 79 9 0 14 0.00 M M 12.3 22 200 M M 0 28 200
3 92 73 83 12 0 18 0.00 M M 6.1 15 260 M M 1 20 260
4 89 67 78 7 0 13 0.23 M M 7.7 40 310 M M 1 13 70 290
5 93 67 80 9 0 15 0.10 M M 5.8 9 110 M M 0 38 13 100
6 95 73 84 12 0 19 0.00 M M 8.4 17 170 M M 1 22 160
7 93 74 84 12 0 19 0.00 M M 12.8 21 160 M M 0 30 200
8 92 76 84 12 0 19 0.00 M M 11.5 21 160 M M 0 8 29 150
9 91 69 80 8 0 15 0.00 M M 9.3 28 210 M M 2 38 200
10 78 58 68 -5 0 3 0.26 M M 16.0 32 320 M M 4 1 46 330
11 89 55 72 -1 0 7 0.00 M M 6.9 18 250 M M 0 25 260
12 90 62 76 3 0 11 0.00 M M 4.9 13 210 M M 1 16 210
13 91 65 78 5 0 13 0.00 M M 10.2 18 120 M M 0 24 120
14 92 71 82 8 0 17 0.00 M M 9.9 20 150 M M 0 27 160
15 92 71 82 8 0 17 0.00 M M 9.2 17 160 M M 0 28 160
16 91 71 81 7 0 16 0.00 M M 10.2 18 130 M M 0 26 130
17 89 69 79 5 0 14 0.00 M M 12.4 21 140 M M 0 29 160
18 91 71 81 7 0 16 0.01 M M 10.6 22 150 M M 0 30 160
19 74 67 71 -4 0 6 0.95 M M 4.1 14 340 M M 7 1 17 340
20 85 64 75 0 0 10 0.00 M M 2.5 8 260 M M 5 128 12 240
21 86 67 77 2 0 12 0.00 M M 6.7 16 200 M M 0 21 170
22 85 66 76 1 0 11 0.01 M M 7.7 20 350 M M 3 28 340
23 82 60 71 -4 0 6 0.00 M M 8.3 21 320 M M 1 1 27 330
24 84 56 70 -5 0 5 0.00 M M 3.3 13 330 M M 0 19 310
25 91 62 77 1 0 12 0.01 M M 8.2 18 170 M M 2 27 210
26 88 72 80 4 0 15 T M M 10.1 18 200 M M 0 24 230
27 83 63 73 -3 0 8 0.97 M M 8.8 49 330 M M 4 1 68 330
28 90 67 79 3 0 14 0.44 M M 10.4 28 300 M M 4 18 39 280
29 87 76 82 6 0 17 0.00 M M 13.1 22 150 M M 7 30 140
30 91 76 84 8 0 19 0.00 M M 11.3 18 170 M M 5 25 170
================================================================================
SM 2653 2021 0 393 2.98 M 274.8 M 48
================================================================================
AV 88.4 67.4 9.2 FASTST M M 2 MAX(MPH)
MISC ----> 49 330 70 290
================================================================================
NOTES:
# LAST OF SEVERAL OCCURRENCES
COLUMN 17 PEAK WIND IN M.P.H.
PRELIMINARY LOCAL CLIMATOLOGICAL DATA (WS FORM: F-6) , PAGE 2
STATION: ST. JOSEPH MO
MONTH: JUNE
YEAR: 2020
LATITUDE: 39 46 N
LONGITUDE: 94 55 W
[TEMPERATURE DATA] [PRECIPITATION DATA] SYMBOLS USED IN COLUMN 16
AVERAGE MONTHLY: 77.9 TOTAL FOR MONTH: 2.98 1 = FOG OR MIST
DPTR FM NORMAL: 4.3 DPTR FM NORMAL: -1.20 2 = FOG REDUCING VISIBILITY
HIGHEST: 95 ON 6 GRTST 24HR 0.97 ON 27-27 TO 1/4 MILE OR LESS
LOWEST: 55 ON 11 3 = THUNDER
SNOW, ICE PELLETS, HAIL 4 = ICE PELLETS
TOTAL MONTH: M 5 = HAIL
GRTST 24HR M ON M 6 = FREEZING RAIN OR DRIZZLE
GRTST DEPTH: M ON M 7 = DUSTSTORM OR SANDSTORM:
VSBY 1/2 MILE OR LESS
8 = SMOKE OR HAZE
[NO. OF DAYS WITH] [WEATHER - DAYS WITH] 9 = BLOWING SNOW
X = TORNADO
MAX 32 OR BELOW: 0 0.01 INCH OR MORE: 9
MAX 90 OR ABOVE: 16 0.10 INCH OR MORE: 6
MIN 32 OR BELOW: 0 0.50 INCH OR MORE: 2
MIN 0 OR BELOW: 0 1.00 INCH OR MORE: 0
[HDD (BASE 65) ]
TOTAL THIS MO. 0 CLEAR (SCALE 0-3) 23
DPTR FM NORMAL -8 PTCLDY (SCALE 4-7) 7
TOTAL FM JUL 1 5051 CLOUDY (SCALE 8-10) 0
DPTR FM NORMAL -405
[CDD (BASE 65) ]
TOTAL THIS MO. 393
DPTR FM NORMAL 126 [PRESSURE DATA]
TOTAL FM JAN 1 471 HIGHEST SLP M ON M
DPTR FM NORMAL 91 LOWEST SLP 29.34 ON 9
[REMARKS]
#FINAL-06-20#