000
CXUS53 KEAX 010736
CF6STJ
PRELIMINARY LOCAL CLIMATOLOGICAL DATA (WS FORM: F-6)
STATION: ST. JOSEPH MO
MONTH: SEPTEMBER
YEAR: 2023
LATITUDE: 39 46 N
LONGITUDE: 94 55 W
TEMPERATURE IN F: :PCPN: SNOW: WIND :SUNSHINE: SKY :PK WND
================================================================================
1 2 3 4 5 6A 6B 7 8 9 10 11 12 13 14 15 16 17 18
12Z AVG MX 2MIN
DY MAX MIN AVG DEP HDD CDD WTR SNW DPTH SPD SPD DIR MIN PSBL S-S WX SPD DR
================================================================================
1 87 57 72 0 0 7 0.00 M M 6.7 14 140 M M 0 20 160
2 91 56 74 3 0 9 0.00 M M 6.5 15 160 M M 0 21 170
3 94 58 76 5 0 11 0.00 M M 6.8 16 160 M M 0 22 180
4 96 65 81 10 0 16 0.00 M M 9.6 21 160 M M 0 28 150
5 98 63 81 11 0 16 T M M 13.7 23 230 M M 0 3 33 250
6 79 55 67 -3 0 2 0.00 M M 7.7 20 320 M M 4 18 26 360
7 84 50 67 -3 0 2 0.00 M M 3.2 8 80 M M 4 128 13 80
8 84 56 70 0 0 5 0.09 M M 4.0 13 350 M M 3 138 16 350
9 86 51 69 0 0 4 0.00 M M 2.3 9 100 M M 1 12 16 50
10 86 55 71 2 0 6 0.00 M M 4.2 13 40 M M 1 17 40
11 70 54 62 -7 3 0 0.06 M M 5.6 13 10 M M 8 12 17 20
12 80 49 65 -3 0 0 0.00 M M 1.5 9 50 M M 4 12 12 70
13 83 44 64 -4 1 0 0.00 M M 2.3 12 140 M M 3 12 16 150
14 83 46 65 -3 0 0 0.00 M M 4.2 17 180 M M 2 18 25 190
15 84 49 67 0 0 2 0.00 M M 2.6 18 310 M M 5 1 26 320
16 83 52 68 1 0 3 T M M 4.3 14 360 M M 4 23 320
17 80 45 63 -4 2 0 0.00 M M 2.0 13 360 M M 2 128 19 330
18 87 44 66 0 0 1 0.00 M M 7.9 18 160 M M 1 128 25 170
19 89 64 77 11 0 12 T M M 10.2 22 210 M M 1 30 200
20 86 63 75 9 0 10 0.00 M M 8.4 17 100 M M 2 8 24 80
21 85 62 74 9 0 9 0.00 M M 8.8 15 90 M M 4 21 100
22 80 66 73 8 0 8 0.75 M M 7.8 33 140 M M 6 13 43 140
23 76 62 69 5 0 4 0.08 M M 7.0 17 160 M M 4 123 24 150
24 85 56 71 7 0 6 0.00 M M 4.7 17 330 M M 2 12 22 330
25 87 52 70 6 0 5 0.00 M M 3.5 15 320 M M 0 128 23 310
26 85 52 69 6 0 4 0.00 M M 4.1 10 10 M M 1 128 16 20
27 82 52 67 4 0 2 0.00 M M 4.1 12 90 M M 0 1 17 80
28 88 55 72 9 0 7 0.00 M M 6.8 16 150 M M 0 22 160
29 94 59 77 15 0 12 0.00 M M 8.8 21 170 M M 0 18 30 140
30 94 63 79 17 0 14 0.00 M M 8.5 21 170 M M 0 28 160
================================================================================
SM 2566 1655 6 177 0.98 M 177.8 M 62
================================================================================
AV 85.5 55.2 5.9 FASTST M M 2 MAX(MPH)
MISC ----> 33 140 43 140
================================================================================
NOTES:
# LAST OF SEVERAL OCCURRENCES
COLUMN 17 PEAK WIND IN M.P.H.
PRELIMINARY LOCAL CLIMATOLOGICAL DATA (WS FORM: F-6) , PAGE 2
STATION: ST. JOSEPH MO
MONTH: SEPTEMBER
YEAR: 2023
LATITUDE: 39 46 N
LONGITUDE: 94 55 W
[TEMPERATURE DATA] [PRECIPITATION DATA] SYMBOLS USED IN COLUMN 16
AVERAGE MONTHLY: 70.4 TOTAL FOR MONTH: 0.98 1 = FOG OR MIST
DPTR FM NORMAL: 3.3 DPTR FM NORMAL: -2.20 2 = FOG REDUCING VISIBILITY
HIGHEST: 98 ON 5 GRTST 24HR 0.75 ON 22-22 TO 1/4 MILE OR LESS
LOWEST: 44 ON 18,13 3 = THUNDER
SNOW, ICE PELLETS, HAIL 4 = ICE PELLETS
TOTAL MONTH: M 5 = HAIL
GRTST 24HR M ON M 6 = FREEZING RAIN OR DRIZZLE
GRTST DEPTH: M ON M 7 = DUSTSTORM OR SANDSTORM:
VSBY 1/2 MILE OR LESS
8 = SMOKE OR HAZE
[NO. OF DAYS WITH] [WEATHER - DAYS WITH] 9 = BLOWING SNOW
X = TORNADO
MAX 32 OR BELOW: 0 0.01 INCH OR MORE: 4
MAX 90 OR ABOVE: 6 0.10 INCH OR MORE: 1
MIN 32 OR BELOW: 0 0.50 INCH OR MORE: 1
MIN 0 OR BELOW: 0 1.00 INCH OR MORE: 0
[HDD (BASE 65) ]
TOTAL THIS MO. 6 CLEAR (SCALE 0-3) 20
DPTR FM NORMAL -65 PTCLDY (SCALE 4-7) 10
TOTAL FM JUL 1 6 CLOUDY (SCALE 8-10) 0
DPTR FM NORMAL -70
[CDD (BASE 65) ]
TOTAL THIS MO. 177
DPTR FM NORMAL 44 [PRESSURE DATA]
TOTAL FM JAN 1 1339 HIGHEST SLP M ON M
DPTR FM NORMAL 78 LOWEST SLP 29.64 ON 4
[REMARKS]
#FINAL-09-23#