000
CXUS55 KSTO 151111
CF6STO
PRELIMINARY LOCAL CLIMATOLOGICAL DATA (WS FORM: F-6)
STATION: SACRAMENTO CITY
MONTH: JANUARY
YEAR: 2022
LATITUDE: 38 36 N
LONGITUDE: 121 23 W
TEMPERATURE IN F: :PCPN: SNOW: WIND :SUNSHINE: SKY :PK WND
================================================================================
1 2 3 4 5 6A 6B 7 8 9 10 11 12 13 14 15 16 17 18
12Z AVG MX 2MIN
DY MAX MIN AVG DEP HDD CDD WTR SNW DPTH SPD SPD DIR MIN PSBL S-S WX SPD DR
================================================================================
1 52 35 44 -4 21 0 0.00 0.0 M M M M M M M M M
2 56 33 45 -3 20 0 0.00 M M M M M M M M M M
3 54 36 45 -3 20 0 0.00 M M M M M M M M M M
4 59 50 55 7 10 0 0.00 0.0 M M M M M M M M M
5 61 49 55 7 10 0 0.00 0.0 M M M M M M M M M
6 55 48 52 4 13 0 0.00 0.0 M M M M M M M M M
7 56 46 51 3 14 0 0.05 M M M M M M M M M M
8 58 42 50 2 15 0 0.00 M M M M M M M M M M
9 58 38 48 0 17 0 0.00 0.0 M M M M M M M M M
10 62 42 52 4 13 0 0.00 0.0 M M M M M M M M M
11 60 39 50 2 15 0 0.00 0.0 M M M M M M M M M
12 64 41 53 5 12 0 0.00 0.0 M M M M M M M M M
13 62 42 52 4 13 0 0.00 0.0 M M M M M M M M M
14 65 39 52 4 13 0 0.00 M M M M M M M M M M
15 54 38 46 -2 19 0 0.00 M M M M M M M M M M
16 59 43 51 2 14 0 0.00 M M M M M M M M M M
17 58 38 48 -1 17 0 0.00 M M M M M M M M M M
18 61 38 50 1 15 0 0.00 M M M M M M M M M M
19 62 39 51 2 14 0 0.00 M M M M M M M M M M
20 66 40 53 4 12 0 0.00 0.0 M M M M M M M M M
21 66 43 55 6 10 0 0.00 0.0 M M M M M M M M M
22 67 45 56 7 9 0 0.00 0.0 M M M M M M M M M
23 65 38 52 3 13 0 0.00 0.0 M M M M M M M M M
24 64 38 51 1 14 0 0.00 0.0 M M M M M M M M M
25 67 38 53 3 12 0 0.00 M M M M M M M M M M
26 62 39 51 1 14 0 0.00 M M M M M M M M M M
27 65 36 51 1 14 0 0.00 0.0 M M M M M M M M M
28 66 38 52 2 13 0 0.00 M M M M M M M M M M
29 65 38 52 2 13 0 0.00 0.0 M M M M M M M M M
30 62 36 49 -1 16 0 0.00 0.0 M M M M M M M M M
31 62 42 52 2 13 0 0.00 0.0 M M M M M M M M M
================================================================================
SM 1893 1247 438 0 0.05 0.0 M M M
================================================================================
AV 61.1 40.2 M FASTST M M M MAX(MPH)
MISC ----> M M M M
================================================================================
NOTES:
# LAST OF SEVERAL OCCURRENCES
COLUMN 17 PEAK WIND IN M.P.H.
PRELIMINARY LOCAL CLIMATOLOGICAL DATA (WS FORM: F-6) , PAGE 2
STATION: SACRAMENTO CITY
MONTH: JANUARY
YEAR: 2022
LATITUDE: 38 36 N
LONGITUDE: 121 23 W
[TEMPERATURE DATA] [PRECIPITATION DATA] SYMBOLS USED IN COLUMN 16
AVERAGE MONTHLY: 50.6 TOTAL FOR MONTH: 0.05 1 = FOG OR MIST
DPTR FM NORMAL: 1.8 DPTR FM NORMAL: -3.82 2 = FOG REDUCING VISIBILITY
HIGHEST: 67 ON 25,22 GRTST 24HR 0.27 ON 4- 4 TO 1/4 MILE OR LESS
LOWEST: 33 ON 2 3 = THUNDER
SNOW, ICE PELLETS, HAIL 4 = ICE PELLETS
TOTAL MONTH: 0.0 INCH 5 = HAIL
GRTST 24HR 0.0 6 = FREEZING RAIN OR DRIZZLE
GRTST DEPTH: M ON M 7 = DUSTSTORM OR SANDSTORM:
VSBY 1/2 MILE OR LESS
8 = SMOKE OR HAZE
[NO. OF DAYS WITH] [WEATHER - DAYS WITH] 9 = BLOWING SNOW
X = TORNADO
MAX 32 OR BELOW: 0 0.01 INCH OR MORE: 1
MAX 90 OR ABOVE: 0 0.10 INCH OR MORE: 0
MIN 32 OR BELOW: 0 0.50 INCH OR MORE: 0
MIN 0 OR BELOW: 0 1.00 INCH OR MORE: 0
[HDD (BASE 65) ]
TOTAL THIS MO. 438 CLEAR (SCALE 0-3) 0
DPTR FM NORMAL -64 PTCLDY (SCALE 4-7) 0
TOTAL FM JUL 1 1296 CLOUDY (SCALE 8-10) 31
DPTR FM NORMAL -69
[CDD (BASE 65) ]
TOTAL THIS MO. 0
DPTR FM NORMAL 0 [PRESSURE DATA]
TOTAL FM JAN 1 0 HIGHEST SLP M ON M
DPTR FM NORMAL 0 LOWEST SLP M ON M
[REMARKS]
#FINAL-01-22#