000
CXUS54 KOUN 010910
CF6SWO
PRELIMINARY LOCAL CLIMATOLOGICAL DATA (WS FORM: F-6)
STATION: STILLWATER
MONTH: JANUARY
YEAR: 2022
LATITUDE: 36 10 N
LONGITUDE: 97 5 W
TEMPERATURE IN F: :PCPN: SNOW: WIND :SUNSHINE: SKY :PK WND
================================================================================
1 2 3 4 5 6A 6B 7 8 9 10 11 12 13 14 15 16 17 18
12Z AVG MX 2MIN
DY MAX MIN AVG DEP HDD CDD WTR SNW DPTH SPD SPD DIR MIN PSBL S-S WX SPD DR
================================================================================
1 59 13 36 -2 29 0 0.13 M 0 13.6 24 300 M M 10 168 34 310
2 31 12 22 -16 43 0 0.00 0.0 M 7.5 23 340 M M 3 33 340
3 56 16 36 -2 29 0 0.00 0.0 0 6.8 15 170 M M 0 20 160
4 59 35 47 9 18 0 0.00 0.0 0 12.7 28 200 M M 0 34 190
5 49 25 37 -1 28 0 0.00 0.0 0 11.1 20 30 M M 0 25 40
6 25 12 19 -19 46 0 0.00 0.0 0 12.7 24 10 M M 2 31 350
7 37 11 24 -14 41 0 0.00 0.0 0 7.9 17 150 M M 1 21 150
8 55 31 43 5 22 0 0.02 0.0 0 15.3 26 180 M M 9 1 33 170
9 49 21 35 -3 30 0 T 0.0 0 14.3 28 10 M M 2 1 35 20
10 56 15 36 -2 29 0 0.00 0.0 0 3.2 12 270 M M 0 16 250
11 65 25 45 7 20 0 0.00 0.0 0 8.7 24 230 M M 0 30 240
12 61 30 46 8 19 0 0.00 0.0 0 6.4 13 230 M M 0 17 220
13 69 30 50 12 15 0 0.00 0.0 0 5.1 14 350 M M 0 18 340
14 62 34 48 10 17 0 0.00 0.0 0 11.4 35 350 M M 1 46 350
15 38 23 31 -7 34 0 T T 0 17.9 30 340 M M 10 8 41 340
16 53 24 39 1 26 0 0.00 0.0 0 5.0 14 250 M M 5 1 17 250
17 62 23 43 5 22 0 0.00 0.0 0 7.2 18 210 M M 0 21 230
18 68 34 51 12 14 0 0.00 0.0 0 7.8 16 180 M M 0 20 160
19 43 21 32 -7 33 0 0.00 0.0 0 21.9 33 20 M M 4 42 30
20 28 8 18 -21 47 0 0.00 0.0 0 12.3 24 20 M M 4 32 30
21 39 4 22 -17 43 0 0.00 0.0 0 4.3 12 150 M M 0 16 140
22 52 14 33 -6 32 0 0.00 0.0 0 3.9 14 250 M M 0 18 210
23 62 28 45 6 20 0 0.00 0.0 0 4.8 12 360 M M 0 16 340
24 68 29 49 10 16 0 0.00 0.0 0 9.2 23 30 M M 0 29 30
25 40 25 33 -6 32 0 0.00 M M 12.7 22 40 M M 3 27 50
26 37 23 30 -9 35 0 T M M 4.6 16 40 M M 10 18 22 40
27 47 29 38 -2 27 0 0.00 M M 5.6 12 10 M M 3 14 310
28 51 21 36 -4 29 0 0.00 M M 5.2 16 300 M M 0 20 310
29 69 17 43 3 22 0 0.00 M M 5.7 18 260 M M 0 23 270
30 64 24 44 4 21 0 0.00 M M 4.7 12 70 M M 0 15 70
31 75 22 49 9 16 0 0.00 0.0 M 9.1 26 170 M M 0 34 180
================================================================================
SM 1629 679 855 0 0.15 T 278.6 M 67
================================================================================
AV 52.5 21.9 9.0 FASTST M M 2 MAX(MPH)
MISC ----> 35 350 46 350
================================================================================
NOTES:
# LAST OF SEVERAL OCCURRENCES
COLUMN 17 PEAK WIND IN M.P.H.
PRELIMINARY LOCAL CLIMATOLOGICAL DATA (WS FORM: F-6) , PAGE 2
STATION: STILLWATER
MONTH: JANUARY
YEAR: 2022
LATITUDE: 36 10 N
LONGITUDE: 97 5 W
[TEMPERATURE DATA] [PRECIPITATION DATA] SYMBOLS USED IN COLUMN 16
AVERAGE MONTHLY: 37.2 TOTAL FOR MONTH: 0.15 1 = FOG OR MIST
DPTR FM NORMAL: -1.5 DPTR FM NORMAL: -0.77 2 = FOG REDUCING VISIBILITY
HIGHEST: 75 ON 31 GRTST 24HR 0.23 ON 31- 1 TO 1/4 MILE OR LESS
LOWEST: 4 ON 21 3 = THUNDER
SNOW, ICE PELLETS, HAIL 4 = ICE PELLETS
TOTAL MONTH: T 5 = HAIL
GRTST 24HR T ON 15-15 6 = FREEZING RAIN OR DRIZZLE
GRTST DEPTH: 0 7 = DUSTSTORM OR SANDSTORM:
VSBY 1/2 MILE OR LESS
8 = SMOKE OR HAZE
[NO. OF DAYS WITH] [WEATHER - DAYS WITH] 9 = BLOWING SNOW
X = TORNADO
MAX 32 OR BELOW: 3 0.01 INCH OR MORE: 2
MAX 90 OR ABOVE: 0 0.10 INCH OR MORE: 1
MIN 32 OR BELOW: 28 0.50 INCH OR MORE: 0
MIN 0 OR BELOW: 0 1.00 INCH OR MORE: 0
[HDD (BASE 65) ]
TOTAL THIS MO. 855 CLEAR (SCALE 0-3) 22
DPTR FM NORMAL 40 PTCLDY (SCALE 4-7) 5
TOTAL FM JUL 1 1739 CLOUDY (SCALE 8-10) 4
DPTR FM NORMAL -455
[CDD (BASE 65) ]
TOTAL THIS MO. 0
DPTR FM NORMAL 0 [PRESSURE DATA]
TOTAL FM JAN 1 0 HIGHEST SLP 30.73 ON 10
DPTR FM NORMAL 0 LOWEST SLP 29.53 ON 1
[REMARKS]
#FINAL-01-22#