256
CXUS54 KOUN 010810
CF6SWO
PRELIMINARY LOCAL CLIMATOLOGICAL DATA (WS FORM: F-6)
STATION: STILLWATER
MONTH: MARCH
YEAR: 2021
LATITUDE: 36 10 N
LONGITUDE: 97 5 W
TEMPERATURE IN F: :PCPN: SNOW: WIND :SUNSHINE: SKY :PK WND
================================================================================
1 2 3 4 5 6A 6B 7 8 9 10 11 12 13 14 15 16 17 18
12Z AVG MX 2MIN
DY MAX MIN AVG DEP HDD CDD WTR SNW DPTH SPD SPD DIR MIN PSBL S-S WX SPD DR
================================================================================
1 59 27 43 -2 22 0 0.00 M M 5.0 14 10 M M 0 18 360
2 66 25 46 0 19 0 0.00 M M 7.3 18 230 M M 0 23 210
3 73 35 54 8 11 0 0.00 0.0 0 8.9 18 170 M M 0 25 170
4 75 40 58 12 7 0 T M M 11.1 23 150 M M 1 29 150
5 61 37 49 3 16 0 0.28 M M 11.5 25 30 M M 7 13 34 30
6 67 30 49 2 16 0 0.00 M M 5.0 13 170 M M 0 12 18 180
7 70 38 54 7 11 0 0.00 M M 13.2 28 190 M M 0 8 36 180
8 74 42 58 10 7 0 0.00 M M 14.3 26 190 M M 0 8 32 190
9 78 55 67 19 0 2 0.00 M M 22.0 32 170 M M 0 40 190
10 83 64 74 26 0 9 0.00 M M 20.0 31 180 M M 4 41 180
11 68 47 58 10 7 0 0.02 M M 10.7 22 190 M M 10 13 30 180
12 69 51 60 11 5 0 0.27 M M 9.0 17 80 M M 10 138 21 90
13 68 51 60 11 5 0 0.05 M M 12.8 22 130 M M 10 13 29 130
14 70 53 62 13 3 0 0.15 M M 13.8 25 170 M M 5 1 35 150
15 68 43 56 6 9 0 0.00 M M 11.2 29 240 M M 2 36 240
16 82 42 62 12 3 0 0.00 M M 11.2 24 170 M M 0 29 170
17 67 38 53 3 12 0 0.50 M M 16.9 30 350 M M 9 13 40 350
18 49 39 44 -7 21 0 T 0.0 0 14.5 25 340 M M 8 37 350
19 64 36 50 -1 15 0 0.00 M M 7.9 15 20 M M 1 19 350
20 68 30 49 -2 16 0 0.00 M M 9.4 20 160 M M 0 24 140
21 71 48 60 8 5 0 0.00 M M 18.1 31 180 M M 0 39 160
22 58 53 56 4 9 0 0.96 M M 15.2 29 120 M M 6 1 35 130
23 58 47 53 1 12 0 0.29 0.0 M 13.7 25 250 M M 8 13 34 260
24 61 39 50 -2 15 0 T 0.0 M 6.5 16 40 M M 4 20 30
25 62 40 51 -2 14 0 T M M 6.9 17 250 M M 6 21 260
26 79 42 61 8 4 0 0.00 M M 12.8 25 160 M M 0 32 170
27 75 48 62 9 3 0 0.00 M M 9.2 22 360 M M 0 29 10
28 70 38 54 0 11 0 0.00 M M 5.9 13 160 M M 0 8 18 290
29 81 49 65 11 0 0 0.00 M M 19.8 33 190 M M 0 48 190
30 67 46 57 3 8 0 0.00 M M 13.9 30 190 M M 0 41 190
31 65 41 53 -2 12 0 0.00 M M 9.1 20 40 M M 1 25 40
================================================================================
SM 2126 1314 298 11 2.52 0.0 366.8 M 92
================================================================================
AV 68.6 42.4 11.8 FASTST M M 3 MAX(MPH)
MISC ----> 33 190 48 190
================================================================================
NOTES:
# LAST OF SEVERAL OCCURRENCES
COLUMN 17 PEAK WIND IN M.P.H.
PRELIMINARY LOCAL CLIMATOLOGICAL DATA (WS FORM: F-6) , PAGE 2
STATION: STILLWATER
MONTH: MARCH
YEAR: 2021
LATITUDE: 36 10 N
LONGITUDE: 97 5 W
[TEMPERATURE DATA] [PRECIPITATION DATA] SYMBOLS USED IN COLUMN 16
AVERAGE MONTHLY: 55.5 TOTAL FOR MONTH: 2.52 1 = FOG OR MIST
DPTR FM NORMAL: 5.5 DPTR FM NORMAL: -0.81 2 = FOG REDUCING VISIBILITY
HIGHEST: 83 ON 10 GRTST 24HR 1.25 ON 22-23 TO 1/4 MILE OR LESS
LOWEST: 25 ON 2 3 = THUNDER
SNOW, ICE PELLETS, HAIL 4 = ICE PELLETS
TOTAL MONTH: 0.0 INCH 5 = HAIL
GRTST 24HR 0.0 6 = FREEZING RAIN OR DRIZZLE
GRTST DEPTH: 0 7 = DUSTSTORM OR SANDSTORM:
VSBY 1/2 MILE OR LESS
8 = SMOKE OR HAZE
[NO. OF DAYS WITH] [WEATHER - DAYS WITH] 9 = BLOWING SNOW
X = TORNADO
MAX 32 OR BELOW: 0 0.01 INCH OR MORE: 8
MAX 90 OR ABOVE: 0 0.10 INCH OR MORE: 6
MIN 32 OR BELOW: 4 0.50 INCH OR MORE: 2
MIN 0 OR BELOW: 0 1.00 INCH OR MORE: 0
[HDD (BASE 65) ]
TOTAL THIS MO. 298 CLEAR (SCALE 0-3) 19
DPTR FM NORMAL -177 PTCLDY (SCALE 4-7) 8
TOTAL FM JUL 1 3349 CLOUDY (SCALE 8-10) 4
DPTR FM NORMAL -180
[CDD (BASE 65) ]
TOTAL THIS MO. 11
DPTR FM NORMAL 2 [PRESSURE DATA]
TOTAL FM JAN 1 11 HIGHEST SLP M ON M
DPTR FM NORMAL 1 LOWEST SLP 29.44 ON 23
[REMARKS]
#FINAL-03-21#