000
CXUS54 KEWX 011011
CF6T82
PRELIMINARY LOCAL CLIMATOLOGICAL DATA (WS FORM: F-6)
STATION: FREDERICKSBURG
MONTH: MARCH
YEAR: 2023
LATITUDE: 30 15 N
LONGITUDE: 98 55 W
TEMPERATURE IN F: :PCPN: SNOW: WIND :SUNSHINE: SKY :PK WND
================================================================================
1 2 3 4 5 6A 6B 7 8 9 10 11 12 13 14 15 16 17 18
12Z AVG MX 2MIN
DY MAX MIN AVG DEP HDD CDD WTR SNW DPTH SPD SPD DIR MIN PSBL S-S WX SPD DR
================================================================================
1 85 67 76 M 0 11 0.00 M M 5.4 10 200 M M 6 18 16 190
2 80 52 66 M 0 1 0.31 M M 11.0 27 320 M M 7 138 37 320
3 69 44 57 M 8 0 0.00 M M 8.5 20 310 M M 0 25 310
4 79 38 59 M 6 0 0.00 M M 4.8 17 170 M M 0 1 23 170
5 79 44 62 M 3 0 0.00 M M 8.9 17 210 M M 0 22 200
6 78 53 66 M 0 1 0.00 M M 4.9 10 210 M M 5 1 M M
7 80 55 68 M 0 3 0.00 M M 4.8 12 150 M M 7 18 18 130
8 72 55 64 M 1 0 0.00 M M 4.4 13 40 M M 8 1 16 40
9 80 62 71 M 0 6 0.00 M M 7.0 15 360 M M 8 18 210
10 73 51 62 M 3 0 0.00 M M 5.0 10 30 M M 6 1 22 10
11 88 56 72 M 0 7 0.00 M M 9.2 17 220 M M 2 1 24 210
12 75 55 65 M 0 0 0.00 M M 9.3 15 50 M M 0 23 50
13 67 46 57 M 8 0 0.00 M M 8.6 13 70 M M 2 20 90
14 63 43 53 M 12 0 0.03 M M 5.6 10 80 M M 6 16 90
15 68 50 59 M 6 0 0.00 M M 10.1 16 180 M M 10 23 160
16 81 48 65 M 0 0 0.00 M M 12.5 25 360 M M 7 37 360
17 56 38 47 M 18 0 0.00 M M 15.0 23 360 M M 7 31 10
18 47 37 42 M 23 0 0.01 M M 6.7 15 70 M M 9 23 40
19 58 37 48 M 17 0 0.00 M M 3.8 10 230 M M 3 M M
20 52 40 46 M 19 0 0.00 M M 10.0 17 180 M M 9 1 23 200
21 72 51 62 M 3 0 0.00 M M 11.0 21 180 M M 9 1 28 190
22 79 65 72 M 0 7 0.00 M M 11.2 17 190 M M 8 25 190
23 81 68 75 M 0 10 0.00 M M 11.5 20 200 M M 9 27 200
24 83 47 65 M 0 0 0.06 M M 10.7 21 280 M M 4 27 280
25 78 40 59 M 6 0 0.00 M M 4.9 16 340 M M 0 21 340
26 85 43 64 M 1 0 0.00 M M 4.7 12 240 M M 1 22 250
27 80 58 69 M 0 4 0.00 M M 7.4 13 60 M M 5 18 100
28 65 52 59 M 6 0 0.01 M M 11.2 27 10 M M 7 33 10
29 69 50 60 M 5 0 0.00 M M 5.7 12 190 M M 10 17 120
30 74 57 66 M 0 1 0.03 M M 9.2 17 180 M M 10 1 22 180
31 89 52 71 M 0 6 0.00 M M 10.8 18 320 M M 5 26 300
================================================================================
SM 2285 1554 145 57 0.45 M 253.7 M 170
================================================================================
AV 73.7 50.1 8.2 FASTST M M 5 MAX(MPH)
MISC ----> # 27 320 37 360
================================================================================
NOTES:
# LAST OF SEVERAL OCCURRENCES
COLUMN 17 PEAK WIND IN M.P.H.
PRELIMINARY LOCAL CLIMATOLOGICAL DATA (WS FORM: F-6) , PAGE 2
STATION: FREDERICKSBURG
MONTH: MARCH
YEAR: 2023
LATITUDE: 30 15 N
LONGITUDE: 98 55 W
[TEMPERATURE DATA] [PRECIPITATION DATA] SYMBOLS USED IN COLUMN 16
AVERAGE MONTHLY: 61.9 TOTAL FOR MONTH: 0.45 1 = FOG OR MIST
DPTR FM NORMAL: 0.0 DPTR FM NORMAL: M 2 = FOG REDUCING VISIBILITY
HIGHEST: 89 ON 31 GRTST 24HR 0.31 ON 2- 2 TO 1/4 MILE OR LESS
LOWEST: 37 ON 19,18 3 = THUNDER
SNOW, ICE PELLETS, HAIL 4 = ICE PELLETS
TOTAL MONTH: M 5 = HAIL
GRTST 24HR M ON M 6 = FREEZING RAIN OR DRIZZLE
GRTST DEPTH: M ON M 7 = DUSTSTORM OR SANDSTORM:
VSBY 1/2 MILE OR LESS
8 = SMOKE OR HAZE
[NO. OF DAYS WITH] [WEATHER - DAYS WITH] 9 = BLOWING SNOW
X = TORNADO
MAX 32 OR BELOW: 0 0.01 INCH OR MORE: 6
MAX 90 OR ABOVE: 0 0.10 INCH OR MORE: 1
MIN 32 OR BELOW: 0 0.50 INCH OR MORE: 0
MIN 0 OR BELOW: 0 1.00 INCH OR MORE: 0
[HDD (BASE 65) ]
TOTAL THIS MO. 145 CLEAR (SCALE 0-3) 9
DPTR FM NORMAL M PTCLDY (SCALE 4-7) 14
TOTAL FM JUL 1 1739 CLOUDY (SCALE 8-10) 8
DPTR FM NORMAL M
[CDD (BASE 65) ]
TOTAL THIS MO. 57
DPTR FM NORMAL M [PRESSURE DATA]
TOTAL FM JAN 1 67 HIGHEST SLP M ON M
DPTR FM NORMAL M LOWEST SLP M ON M
[REMARKS]
#FINAL-03-23#