000
CXUS52 KTBW 011223
CF6TBW
PRELIMINARY LOCAL CLIMATOLOGICAL DATA (WS FORM: F-6)
STATION: RUSKIN WFO
MONTH: APRIL
YEAR: 2021
LATITUDE: 27 42 N
LONGITUDE: 82 24 W
TEMPERATURE IN F: :PCPN: SNOW: WIND :SUNSHINE: SKY :PK WND
================================================================================
1 2 3 4 5 6A 6B 7 8 9 10 11 12 13 14 15 16 17 18
12Z AVG MX 2MIN
DY MAX MIN AVG DEP HDD CDD WTR SNW DPTH SPD SPD DIR MIN PSBL S-S WX SPD DR
================================================================================
1 77 58 68 M 0 3 0.04 0.0 0 M M M M M M 3 M M
2 77 47 62 M 3 0 0.00 0.0 0 M M M M M M M M
3 76 48 62 M 3 0 0.00 0.0 0 M M M M M M M M
4 78 55 67 M 0 2 0.00 0.0 0 M M M M M M M M
5 80 55 68 M 0 3 0.00 0.0 0 M M M M M M M M
6 80 56 68 M 0 3 0.00 0.0 0 M M M M M M M M
7 83 57 70 M 0 5 0.00 0.0 0 M M M M M M M M
8 82 59 71 M 0 6 0.00 0.0 0 M M M M M M M M
9 87 61 74 M 0 9 0.00 0.0 0 M M M M M M M M
10 87 63 75 M 0 10 0.46 0.0 0 M M M M M M 3 M M
11 79 62 71 M 0 6 1.49 0.0 0 M M M M M M 13 M M
12 83 63 73 M 0 8 0.01 0.0 0 M M M M M M M M
13 91 59 75 M 0 10 0.00 0.0 0 M M M M M M M M
14 89 66 78 M 0 13 0.00 0.0 0 M M M M M M M M
15 84 64 74 M 0 9 0.00 0.0 0 M M M M M M M M
16 83 67 75 M 0 10 0.00 0.0 0 M M M M M M M M
17 85 68 77 M 0 12 0.00 0.0 0 M M M M M M M M
18 86 69 78 M 0 13 0.19 0.0 0 M M M M M M 13 M M
19 79 70 75 M 0 10 0.54 0.0 0 M M M M M M 3 M M
20 82 69 76 M 0 11 0.05 0.0 0 M M M M M M M M
21 84 70 77 M 0 12 0.00 0.0 0 M M M M M M M M
22 83 62 73 M 0 8 0.00 0.0 0 M M M M M M M M
23 85 60 73 M 0 8 0.00 0.0 0 M M M M M M M M
24 88 69 79 M 0 14 0.00 0.0 0 M M M M M M M M
25 84 67 76 M 0 11 0.00 0.0 0 M M M M M M M M
26 89 61 75 M 0 10 0.00 0.0 0 M M M M M M M M
27 88 65 77 M 0 12 0.00 0.0 0 M M M M M M M M
28 88 66 77 M 0 12 0.00 0.0 0 M M M M M M M M
29 90 66 78 M 0 13 0.00 0.0 0 M M M M M M M M
30 86 70 78 M 0 13 0.00 0.0 0 M M M M M M M M
================================================================================
SM 2513 1872 6 256 2.78 0.0 M M M
================================================================================
AV 83.8 62.4 M FASTST M M M MAX(MPH)
MISC ----> M M M M
================================================================================
NOTES:
# LAST OF SEVERAL OCCURRENCES
COLUMN 17 PEAK WIND IN M.P.H.
PRELIMINARY LOCAL CLIMATOLOGICAL DATA (WS FORM: F-6) , PAGE 2
STATION: RUSKIN WFO
MONTH: APRIL
YEAR: 2021
LATITUDE: 27 42 N
LONGITUDE: 82 24 W
[TEMPERATURE DATA] [PRECIPITATION DATA] SYMBOLS USED IN COLUMN 16
AVERAGE MONTHLY: 73.1 TOTAL FOR MONTH: 2.78 1 = FOG OR MIST
DPTR FM NORMAL: 0.0 DPTR FM NORMAL: M 2 = FOG REDUCING VISIBILITY
HIGHEST: 91 ON 13 GRTST 24HR 1.49 ON 11-11 TO 1/4 MILE OR LESS
LOWEST: 47 ON 2 3 = THUNDER
SNOW, ICE PELLETS, HAIL 4 = ICE PELLETS
TOTAL MONTH: 0.0 INCH 5 = HAIL
GRTST 24HR 0.0 6 = FREEZING RAIN OR DRIZZLE
GRTST DEPTH: 0 7 = DUSTSTORM OR SANDSTORM:
VSBY 1/2 MILE OR LESS
8 = SMOKE OR HAZE
[NO. OF DAYS WITH] [WEATHER - DAYS WITH] 9 = BLOWING SNOW
X = TORNADO
MAX 32 OR BELOW: 0 0.01 INCH OR MORE: 7
MAX 90 OR ABOVE: 2 0.10 INCH OR MORE: 4
MIN 32 OR BELOW: 0 0.50 INCH OR MORE: 2
MIN 0 OR BELOW: 0 1.00 INCH OR MORE: 1
[HDD (BASE 65) ]
TOTAL THIS MO. 6 CLEAR (SCALE 0-3) 0
DPTR FM NORMAL M PTCLDY (SCALE 4-7) 0
TOTAL FM JUL 1 401 CLOUDY (SCALE 8-10) 30
DPTR FM NORMAL M
[CDD (BASE 65) ]
TOTAL THIS MO. 256
DPTR FM NORMAL M [PRESSURE DATA]
TOTAL FM JAN 1 614 HIGHEST SLP M ON M
DPTR FM NORMAL M LOWEST SLP M ON M
[REMARKS]
#FINAL-04-21#