000
CXUS54 KBMX 011110
CF6TCL
PRELIMINARY LOCAL CLIMATOLOGICAL DATA (WS FORM: F-6)
STATION: TUSCALOOSA
MONTH: JUNE
YEAR: 2020
LATITUDE: 33 13 N
LONGITUDE: 87 37 W
TEMPERATURE IN F: :PCPN: SNOW: WIND :SUNSHINE: SKY :PK WND
================================================================================
1 2 3 4 5 6A 6B 7 8 9 10 11 12 13 14 15 16 17 18
12Z AVG MX 2MIN
DY MAX MIN AVG DEP HDD CDD WTR SNW DPTH SPD SPD DIR MIN PSBL S-S WX SPD DR
================================================================================
1 89 59 74 -2 0 9 0.00 0.0 0 3.0 10 30 M M 1 13 180
2 91 69 80 4 0 15 0.00 0.0 0 4.8 12 190 M M 1 14 170
3 89 71 80 4 0 15 0.13 0.0 0 3.5 20 250 M M 2 13 24 260
4 89 70 80 4 0 15 0.04 0.0 0 3.9 18 250 M M 3 13 24 230
5 92 71 82 6 0 17 0.38 0.0 0 4.7 29 350 M M 2 13 33 350
6 89 68 79 2 0 14 0.00 0.0 0 4.3 10 140 M M 1 17 90
7 88 73 81 4 0 16 0.00 0.0 0 9.1 17 90 M M 3 24 60
8 82 76 79 2 0 14 0.59 0.0 M 10.5 21 140 M M 7 13 32 150
9 88 76 82 5 0 17 0.55 0.0 0 9.8 32 200 M M 7 138 41 180
10 93 68 81 4 0 16 T 0.0 0 9.3 17 290 M M 4 23 210
11 86 63 75 -3 0 10 0.00 0.0 0 7.0 17 10 M M 0 22 10
12 89 62 76 -2 0 11 0.00 0.0 0 9.0 22 10 M M 0 29 20
13 92 64 78 0 0 13 0.00 0.0 0 5.4 14 30 M M 2 17 50
14 91 64 78 0 0 13 0.00 0.0 0 2.5 9 10 M M 2 11 10
15 90 64 77 -1 0 12 0.00 0.0 0 5.8 18 20 M M 1 22 10
16 86 61 74 -5 0 9 0.00 0.0 0 4.7 13 10 M M 2 16 60
17 85 62 74 -5 0 9 0.00 0.0 0 3.0 15 40 M M 3 8 17 40
18 88 63 76 -3 0 11 T 0.0 0 1.8 15 110 M M 3 13 19 130
19 92 64 78 -1 0 13 0.00 0.0 0 2.2 10 260 M M 0 1 13 260
20 93 68 81 2 0 16 0.00 0.0 0 2.8 9 190 M M 1 1 13 190
21 94 72 83 3 0 18 0.07 0.0 0 4.2 20 350 M M 2 3 29 330
22 89 69 79 -1 0 14 0.69 0.0 0 4.0 39 210 M M 3 13 51 210
23 88 70 79 -1 0 14 0.37 0.0 0 7.4 30 300 M M 6 13 39 300
24 77 70 74 -6 0 9 0.56 0.0 0 3.2 13 140 M M 6 1 17 150
25 87 69 78 -2 0 13 1.79 0.0 0 3.2 20 230 M M 6 123 30 250
26 82 68 75 -5 0 10 T 0.0 0 3.0 15 260 M M 2 18 19 260
27 87 71 79 -1 0 14 0.00 0.0 0 5.4 13 200 M M 2 18 16 200
28 92 75 84 3 0 19 0.00 0.0 0 5.1 13 240 M M 3 1 16 250
29 93 74 84 3 0 19 0.00 0.0 0 3.4 12 200 M M 1 1 16 190
30 93 75 84 3 0 19 T 0.0 0 3.5 14 230 M M 0 19 230
================================================================================
SM 2664 2049 0 414 5.17 0.0 149.5 M 76
================================================================================
AV 88.8 68.3 5.0 FASTST M M 3 MAX(MPH)
MISC ----> # 39 210 # 51 210
================================================================================
NOTES:
# LAST OF SEVERAL OCCURRENCES
COLUMN 17 PEAK WIND IN M.P.H.
PRELIMINARY LOCAL CLIMATOLOGICAL DATA (WS FORM: F-6) , PAGE 2
STATION: TUSCALOOSA
MONTH: JUNE
YEAR: 2020
LATITUDE: 33 13 N
LONGITUDE: 87 37 W
[TEMPERATURE DATA] [PRECIPITATION DATA] SYMBOLS USED IN COLUMN 16
AVERAGE MONTHLY: 78.6 TOTAL FOR MONTH: 5.17 1 = FOG OR MIST
DPTR FM NORMAL: 0.2 DPTR FM NORMAL: 0.40 2 = FOG REDUCING VISIBILITY
HIGHEST: 94 ON 21 GRTST 24HR 1.79 ON 25-25 TO 1/4 MILE OR LESS
LOWEST: 59 ON 1 3 = THUNDER
SNOW, ICE PELLETS, HAIL 4 = ICE PELLETS
TOTAL MONTH: 0.0 INCH 5 = HAIL
GRTST 24HR 0.0 6 = FREEZING RAIN OR DRIZZLE
GRTST DEPTH: 0 7 = DUSTSTORM OR SANDSTORM:
VSBY 1/2 MILE OR LESS
8 = SMOKE OR HAZE
[NO. OF DAYS WITH] [WEATHER - DAYS WITH] 9 = BLOWING SNOW
X = TORNADO
MAX 32 OR BELOW: 0 0.01 INCH OR MORE: 10
MAX 90 OR ABOVE: 12 0.10 INCH OR MORE: 8
MIN 32 OR BELOW: 0 0.50 INCH OR MORE: 5
MIN 0 OR BELOW: 0 1.00 INCH OR MORE: 1
[HDD (BASE 65) ]
TOTAL THIS MO. 0 CLEAR (SCALE 0-3) 21
DPTR FM NORMAL -1 PTCLDY (SCALE 4-7) 9
TOTAL FM JUL 1 1901 CLOUDY (SCALE 8-10) 0
DPTR FM NORMAL -621
[CDD (BASE 65) ]
TOTAL THIS MO. 414
DPTR FM NORMAL 11 [PRESSURE DATA]
TOTAL FM JAN 1 778 HIGHEST SLP 30.24 ON 26
DPTR FM NORMAL 64 LOWEST SLP 29.73 ON 8
[REMARKS]
#FINAL-06-20#