000
CXUS54 KBMX 041414
CLMTCL
CLIMATE REPORT
NATIONAL WEATHER SERVICE BIRMINGHAM AL
814 AM CST THU JAN 04 2024
...................................
...THE TUSCALOOSA CLIMATE SUMMARY FOR THE MONTH OF DECEMBER 2023...
CLIMATE NORMAL PERIOD 1991 TO 2020
CLIMATE RECORD PERIOD 1948 TO 2024
WEATHER OBSERVED NORMAL DEPART LAST YEAR`S
VALUE DATE(S) VALUE FROM VALUE DATE(S)
NORMAL
................................................................
TEMPERATURE (F)
RECORD
HIGH 86 12/24/2019
LOW 2 12/23/1989
HIGHEST 78 12/09 MM MM 79 12/07
12/08
LOWEST 25 12/19 MM MM 11 12/23
AVG. MAXIMUM 61.8 57.9 3.9 59.5
AVG. MINIMUM 36.8 38.2 -1.4 41.2
MEAN 49.3 50.4
DAYS MAX >= 90 0 0.0 0.0 0
DAYS MAX <= 32 0 0.1 -0.1 2
DAYS MIN <= 32 13 12.9 0.1 11
DAYS MIN <= 0 0 0.0 0.0 0
PRECIPITATION (INCHES)
RECORD
MAXIMUM 11.05 1983
MINIMUM 0.69 1980
TOTALS 3.49 5.06 -1.57 4.95
DAILY AVG. 0.11 0.16 -0.05
DAYS >= .01 8 10.7 -2.7
DAYS >= .10 5 7.4 -2.4
DAYS >= .50 2 3.5 -1.5
DAYS >= 1.00 1 1.4 -0.4
DEGREE DAYS
HEATING TOTAL 484 530 -46 463
SINCE 7/1 854 974 -120 MM
................................................................
WIND (MPH)
AVERAGE WIND SPEED 4.4
HIGHEST WIND SPEED/DIRECTION 31/310 DATE 12/09
HIGHEST GUST SPEED/DIRECTION 48/310 DATE 12/09
AVERAGE RH (PERCENT) 68
WEATHER CONDITIONS. NUMBER OF DAYS WITH
THUNDERSTORM 2 MIXED PRECIP 0
HEAVY RAIN 4 RAIN 4
LIGHT RAIN 11 FREEZING RAIN 0
LT FREEZING RAIN 0 HAIL 0
HEAVY SNOW 0 SNOW 0
LIGHT SNOW 0 SLEET 0
FOG 18 FOG W/VIS <= 1/4 MILE 3
HAZE 4
- INDICATES NEGATIVE NUMBERS.
R INDICATES RECORD WAS SET OR TIED.
MM INDICATES DATA IS MISSING.
T INDICATES TRACE AMOUNT.
$$