000
CXUS54 KFWD 010830
CF6TKI
PRELIMINARY LOCAL CLIMATOLOGICAL DATA (WS FORM: F-6)
STATION: MCKINNEY
MONTH: FEBRUARY
YEAR: 2021
LATITUDE: 33 10 N
LONGITUDE: 96 35 W
TEMPERATURE IN F: :PCPN: SNOW: WIND :SUNSHINE: SKY :PK WND
================================================================================
1 2 3 4 5 6A 6B 7 8 9 10 11 12 13 14 15 16 17 18
12Z AVG MX 2MIN
DY MAX MIN AVG DEP HDD CDD WTR SNW DPTH SPD SPD DIR MIN PSBL S-S WX SPD DR
================================================================================
1 58 33 46 1 19 0 0.00 M M 6.9 16 330 M M 0 19 360
2 61 36 49 4 16 0 0.00 M M 5.5 15 140 M M 0 21 150
3 69 40 55 9 10 0 0.00 M M 13.1 28 160 M M 0 34 160
4 65 39 52 6 13 0 0.00 M M 14.3 26 340 M M 2 39 200
5 57 35 46 0 19 0 0.00 M M 5.2 13 160 M M 5 18 160
6 50 37 44 -2 21 0 0.01 M M 8.0 24 340 M M 7 1 29 330
7 57 28 43 -3 22 0 0.00 M M 7.2 17 150 M M 3 1 24 150
8 64 39 52 5 13 0 0.00 M M 9.9 20 330 M M 7 1 26 330
9 39 29 34 -13 31 0 T M M 10.3 18 330 M M 10 1 23 340
10 31 26 29 -18 36 0 T M M 11.6 20 360 M M 10 16 26 10
11 27 23 25 -22 40 0 T 0.0 0 13.8 22 10 M M 10 1 28 360
12 27 21 24 -24 41 0 T 0.0 0 14.1 22 10 M M 10 18 29 360
13 33 19 26 -22 39 0 0.00 M M 15.0 21 20 M M 9 1 28 360
14 20 9 15 -33 50 0 0.02 M M 17.2 28 350 M M 10 18 37 350
15 13 4 9 -39 56 0 T M M 15.0 23 310 M M 4 1 32 350
16 19 -4 8 -40 57 0 0.01 M M 6.0 14 130 M M 4 1 19 150
17 26 18 22 -27 43 0 0.08 M M 7.8 15 360 M M 10 1 21 360
18 31 21 26 -23 39 0 0.00 M M 12.5 21 360 M M 4 27 350
19 39 13 26 -23 39 0 0.00 M M 5.4 10 140 M M 0 14 320
20 53 21 37 -12 28 0 0.00 M M 10.5 21 160 M M 0 18 27 160
21 71 41 56 6 9 0 0.00 M M 13.8 25 200 M M 5 34 190
22 69 29 49 -1 16 0 0.00 M M 5.7 15 240 M M 0 19 210
23 79 35 57 7 8 0 0.00 0.0 M 14.0 29 190 M M 0 38 180
24 72 49 61 11 4 0 0.00 M M 12.6 24 190 M M 0 35 200
25 52 44 48 -3 17 0 1.76 M M 9.8 20 130 M M 5 138 27 120
26 58 45 52 1 13 0 0.94 M M 3.4 13 20 M M 9 13 16 350
27 64 49 57 6 8 0 0.01 M M 4.9 12 140 M M 7 12 15 130
28 76 49 63 12 2 0 0.25 M M 10.8 23 320 M M 9 138 29 320
================================================================================
SM 1380 828 709 0 3.08 0.0 284.3 M 140
================================================================================
AV 49.3 29.6 10.2 FASTST M M 5 MAX(MPH)
MISC ----> 29 190 39 200
================================================================================
NOTES:
# LAST OF SEVERAL OCCURRENCES
COLUMN 17 PEAK WIND IN M.P.H.
PRELIMINARY LOCAL CLIMATOLOGICAL DATA (WS FORM: F-6) , PAGE 2
STATION: MCKINNEY
MONTH: FEBRUARY
YEAR: 2021
LATITUDE: 33 10 N
LONGITUDE: 96 35 W
[TEMPERATURE DATA] [PRECIPITATION DATA] SYMBOLS USED IN COLUMN 16
AVERAGE MONTHLY: 39.4 TOTAL FOR MONTH: 3.08 1 = FOG OR MIST
DPTR FM NORMAL: -8.8 DPTR FM NORMAL: 0.13 2 = FOG REDUCING VISIBILITY
HIGHEST: 79 ON 23 GRTST 24HR 2.70 ON 25-26 TO 1/4 MILE OR LESS
LOWEST: -4 ON 16 3 = THUNDER
SNOW, ICE PELLETS, HAIL 4 = ICE PELLETS
TOTAL MONTH: 0.0 INCH 5 = HAIL
GRTST 24HR 0.0 6 = FREEZING RAIN OR DRIZZLE
GRTST DEPTH: 0 7 = DUSTSTORM OR SANDSTORM:
VSBY 1/2 MILE OR LESS
8 = SMOKE OR HAZE
[NO. OF DAYS WITH] [WEATHER - DAYS WITH] 9 = BLOWING SNOW
X = TORNADO
MAX 32 OR BELOW: 8 0.01 INCH OR MORE: 8
MAX 90 OR ABOVE: 0 0.10 INCH OR MORE: 3
MIN 32 OR BELOW: 14 0.50 INCH OR MORE: 2
MIN 0 OR BELOW: 1 1.00 INCH OR MORE: 1
[HDD (BASE 65) ]
TOTAL THIS MO. 709 CLEAR (SCALE 0-3) 10
DPTR FM NORMAL 234 PTCLDY (SCALE 4-7) 9
TOTAL FM JUL 1 2223 CLOUDY (SCALE 8-10) 9
DPTR FM NORMAL 45
[CDD (BASE 65) ]
TOTAL THIS MO. 0
DPTR FM NORMAL -4 [PRESSURE DATA]
TOTAL FM JAN 1 0 HIGHEST SLP 30.60 ON 19
DPTR FM NORMAL -1 LOWEST SLP 29.63 ON 4
[REMARKS]
#FINAL-02-21#