000
CXUS54 KBMX 011110
CF6TOI
PRELIMINARY LOCAL CLIMATOLOGICAL DATA (WS FORM: F-6)
STATION: TROY
MONTH: APRIL
YEAR: 2020
LATITUDE: 31 51 N
LONGITUDE: 86 1 W
TEMPERATURE IN F: :PCPN: SNOW: WIND :SUNSHINE: SKY :PK WND
================================================================================
1 2 3 4 5 6A 6B 7 8 9 10 11 12 13 14 15 16 17 18
12Z AVG MX 2MIN
DY MAX MIN AVG DEP HDD CDD WTR SNW DPTH SPD SPD DIR MIN PSBL S-S WX SPD DR
================================================================================
1 72 45 59 -1 6 0 0.00 0.0 0 8.8 21 10 M M 0 30 10
2 74 41 58 -2 7 0 0.00 0.0 M 2.7 9 340 M M 0 14 360
3 77 45 61 1 4 0 0.00 0.0 0 1.8 8 220 M M 0 12 180
4 85 52 69 9 0 4 0.00 0.0 0 2.5 15 340 M M 1 18 340
5 83 59 71 10 0 6 T 0.0 0 1.8 9 200 M M 5 1 12 190
6 85 53 69 8 0 4 0.00 0.0 0 1.5 10 220 M M 0 13 220
7 82 64 73 12 0 8 M 0.0 0 2.4 10 60 M M 6 14 80
8 84 69 77 16 0 12 M 0.0 0 4.8 13 250 M M 6 12 17 240
9 86 69 78 16 0 13 M 0.0 0 6.7 16 320 M M 4 18 19 310
10 73 43 58 -4 7 0 M M 0 8.2 24 360 M M 1 31 350
11 76 38 57 -5 8 0 M 0.0 0 3.4 12 120 M M 0 16 130
12 82 49 66 4 0 1 M M 0 11.8 30 270 M M 6 13 50 280
13 82 57 70 8 0 5 M 0.0 0 7.6 24 240 M M 0 13 32 240
14 79 52 66 3 0 1 M 0.0 0 6.8 16 330 M M 1 21 330
15 68 46 57 -6 8 0 0.00 0.0 0 8.7 18 330 M M 2 28 330
16 75 40 58 -5 7 0 0.00 0.0 0 6.2 20 50 M M 0 27 40
17 80 44 62 -2 3 0 0.00 0.0 0 4.6 15 150 M M 0 20 120
18 81 61 71 7 0 6 T 0.0 0 5.5 17 300 M M 5 1 23 300
19 72 56 64 0 1 0 2.34 0.0 0 4.6 43 300 M M 7 13 53 300
20 76 54 65 1 0 0 0.12 0.0 0 5.7 16 330 M M 4 13 23 340
21 81 49 65 1 0 0 0.00 0.0 0 5.1 17 310 M M 0 1 24 260
22 78 50 64 -1 1 0 T 0.0 0 3.4 12 80 M M 2 17 40
23 70 60 65 0 0 0 1.12 0.0 0 8.3 35 330 M M 7 13 49 320
24 79 55 67 2 0 2 0.00 0.0 0 4.2 17 330 M M 2 12 21 330
25 85 55 70 4 0 5 0.00 0.0 0 8.2 20 220 M M 1 28 220
26 76 54 65 -1 0 0 0.00 0.0 0 10.3 25 310 M M 0 33 310
27 77 43 60 -6 5 0 0.00 0.0 0 3.8 14 10 M M 0 19 10
28 83 48 66 0 0 1 0.00 0.0 0 4.6 12 170 M M 0 16 170
29 78 61 70 3 0 5 0.11 0.0 0 8.4 21 210 M M 5 1 27 220
30 74 50 62 -5 3 0 0.00 0.0 0 6.9 21 320 M M 2 1 27 310
================================================================================
SM 2353 1562 60 73 3.69 0.0 169.3 M 67
================================================================================
AV 78.4 52.1 5.6 FASTST M M 2 MAX(MPH)
MISC ----> # 43 300 # 53 300
================================================================================
NOTES:
# LAST OF SEVERAL OCCURRENCES
COLUMN 17 PEAK WIND IN M.P.H.
PRELIMINARY LOCAL CLIMATOLOGICAL DATA (WS FORM: F-6) , PAGE 2
STATION: TROY
MONTH: APRIL
YEAR: 2020
LATITUDE: 31 51 N
LONGITUDE: 86 1 W
[TEMPERATURE DATA] [PRECIPITATION DATA] SYMBOLS USED IN COLUMN 16
AVERAGE MONTHLY: 65.3 TOTAL FOR MONTH: 3.69 1 = FOG OR MIST
DPTR FM NORMAL: 2.0 DPTR FM NORMAL: -0.30 2 = FOG REDUCING VISIBILITY
HIGHEST: 86 ON 9 GRTST 24HR 2.34 ON 19-19 TO 1/4 MILE OR LESS
LOWEST: 38 ON 11 3 = THUNDER
SNOW, ICE PELLETS, HAIL 4 = ICE PELLETS
TOTAL MONTH: 0.0 INCH 5 = HAIL
GRTST 24HR 0.0 6 = FREEZING RAIN OR DRIZZLE
GRTST DEPTH: 0 7 = DUSTSTORM OR SANDSTORM:
VSBY 1/2 MILE OR LESS
8 = SMOKE OR HAZE
[NO. OF DAYS WITH] [WEATHER - DAYS WITH] 9 = BLOWING SNOW
X = TORNADO
MAX 32 OR BELOW: 0 0.01 INCH OR MORE: 4
MAX 90 OR ABOVE: 0 0.10 INCH OR MORE: 4
MIN 32 OR BELOW: 0 0.50 INCH OR MORE: 2
MIN 0 OR BELOW: 0 1.00 INCH OR MORE: 2
[HDD (BASE 65) ]
TOTAL THIS MO. 60 CLEAR (SCALE 0-3) 20
DPTR FM NORMAL -52 PTCLDY (SCALE 4-7) 10
TOTAL FM JUL 1 1637 CLOUDY (SCALE 8-10) 0
DPTR FM NORMAL -676
[CDD (BASE 65) ]
TOTAL THIS MO. 73
DPTR FM NORMAL 15 [PRESSURE DATA]
TOTAL FM JAN 1 239 HIGHEST SLP 30.27 ON 16
DPTR FM NORMAL 162 LOWEST SLP 29.58 ON 20
[REMARKS]
#FINAL-04-20#