000
CXUS51 KCLE 031813
CF6TOL
PRELIMINARY LOCAL CLIMATOLOGICAL DATA (WS FORM: F-6)
STATION: TOLEDO OH
MONTH: JANUARY
YEAR: 2023
LATITUDE: 41 35 N
LONGITUDE: 83 48 W
TEMPERATURE IN F: :PCPN: SNOW: WIND :SUNSHINE: SKY :PK WND
================================================================================
1 2 3 4 5 6A 6B 7 8 9 10 11 12 13 14 15 16 17 18
12Z AVG MX 2MIN
DY MAX MIN AVG DEP HDD CDD WTR SNW DPTH SPD SPD DIR MIN PSBL S-S WX SPD DR
================================================================================
1 49 38 44 15 21 0 0.00 0.0 0 5.9 18 250 M M 9 1 24 250
2 51 44 48 19 17 0 0.00 0.0 0 4.8 12 50 M M 10 128 14 80
3 46 40 43 14 22 0 0.72 0.0 0 5.0 12 50 M M 10 12 13 50
4 61 38 50 21 15 0 0.01 0.0 0 10.5 28 260 M M 6 18 33 250
5 44 35 40 12 25 0 0.05 T 0 9.5 24 240 M M 10 18 29 250
6 37 33 35 7 30 0 T T T 11.1 17 240 M M 10 18 22 250
7 35 32 34 6 31 0 0.00 0.0 0 5.9 14 240 M M 10 8 15 240
8 38 31 35 7 30 0 0.00 0.0 0 2.3 9 360 M M 10 10 360
9 40 29 35 7 30 0 0.00 0.0 0 10.0 18 240 M M 5 8 22 250
10 40 26 33 5 32 0 0.02 0.0 0 1.9 9 70 M M 5 18 11 60
11 52 28 40 12 25 0 0.01 0.0 0 3.3 9 90 M M 6 128 14 100
12 48 37 43 15 22 0 0.03 0.0 0 10.6 23 360 M M 10 18 32 350
13 37 29 33 6 32 0 0.00 0.0 0 12.9 21 360 M M 10 27 10
14 34 19 27 0 38 0 0.00 0.0 0 5.4 16 360 M M 2 21 360
15 39 16 28 1 37 0 0.00 0.0 0 3.1 10 180 M M 0 14 120
16 42 26 34 7 31 0 0.43 0.0 0 5.3 10 130 M M 4 1 16 110
17 53 40 47 20 18 0 0.01 0.0 0 14.2 28 230 M M 9 1 34 220
18 42 38 40 13 25 0 0.15 0.0 0 8.2 20 270 M M 10 1 26 260
19 52 38 45 18 20 0 0.84 0.0 0 13.2 33 250 M M 10 13 41 250
20 38 33 36 9 29 0 T T 0 14.4 29 250 M M 10 18 37 250
21 34 32 33 6 32 0 0.00 0.0 0 6.9 14 250 M M 10 8 17 250
22 34 31 33 6 32 0 0.17 1.5 0 3.7 9 100 M M 10 18 12 90
23 35 29 32 5 33 0 T T 2 11.5 23 240 M M 10 1 28 240
24 39 27 33 6 32 0 0.00 0.0 1 7.6 21 240 M M 7 18 29 240
25 34 33 34 7 31 0 0.57 4.7 T 10.2 17 60 M M 10 12 23 60
26 34 24 29 2 36 0 0.07 0.6 4 12.9 23 250 M M 10 18 30 250
27 38 21 30 3 35 0 0.04 0.4 4 15.5 23 250 M M 8 18 33 230
28 38 26 32 5 33 0 0.00 0.0 3 9.2 25 260 M M 4 32 270
29 40 29 35 8 30 0 0.12 0.0 2 6.9 16 330 M M 10 18 20 320
30 29 16 23 -4 42 0 0.05 0.7 2 8.5 17 320 M M 10 18 21 320
31 20 6 13 -14 52 0 0.00 0.0 2 4.4 15 320 M M 2 19 330
================================================================================
SM 1253 924 918 0 3.29 7.9 254.8 M 247
================================================================================
AV 40.4 29.8 8.2 FASTST M M 8 MAX(MPH)
MISC ----> 33 250 41 250
================================================================================
NOTES:
# LAST OF SEVERAL OCCURRENCES
COLUMN 17 PEAK WIND IN M.P.H.
PRELIMINARY LOCAL CLIMATOLOGICAL DATA (WS FORM: F-6) , PAGE 2
STATION: TOLEDO OH
MONTH: JANUARY
YEAR: 2023
LATITUDE: 41 35 N
LONGITUDE: 83 48 W
[TEMPERATURE DATA] [PRECIPITATION DATA] SYMBOLS USED IN COLUMN 16
AVERAGE MONTHLY: 35.1 TOTAL FOR MONTH: 3.29 1 = FOG OR MIST
DPTR FM NORMAL: 7.6 DPTR FM NORMAL: 0.92 2 = FOG REDUCING VISIBILITY
HIGHEST: 61 ON 4 GRTST 24HR 1.00 ON 12-13 TO 1/4 MILE OR LESS
LOWEST: 6 ON 31 3 = THUNDER
SNOW, ICE PELLETS, HAIL 4 = ICE PELLETS
TOTAL MONTH: 7.9 INCHES 5 = HAIL
GRTST 24HR 4.7 ON 25-25 6 = FREEZING RAIN OR DRIZZLE
GRTST DEPTH: 4 ON 27,26 7 = DUSTSTORM OR SANDSTORM:
VSBY 1/2 MILE OR LESS
8 = SMOKE OR HAZE
[NO. OF DAYS WITH] [WEATHER - DAYS WITH] 9 = BLOWING SNOW
X = TORNADO
MAX 32 OR BELOW: 2 0.01 INCH OR MORE: 16
MAX 90 OR ABOVE: 0 0.10 INCH OR MORE: 7
MIN 32 OR BELOW: 19 0.50 INCH OR MORE: 3
MIN 0 OR BELOW: 0 1.00 INCH OR MORE: 0
[HDD (BASE 65) ]
TOTAL THIS MO. 918 CLEAR (SCALE 0-3) 3
DPTR FM NORMAL -244 PTCLDY (SCALE 4-7) 8
TOTAL FM JUL 1 2873 CLOUDY (SCALE 8-10) 20
DPTR FM NORMAL -371
[CDD (BASE 65) ]
TOTAL THIS MO. 0
DPTR FM NORMAL 0 [PRESSURE DATA]
TOTAL FM JAN 1 0 HIGHEST SLP 30.47 ON 31
DPTR FM NORMAL 0 LOWEST SLP 29.45 ON 25
[REMARKS]
#FINAL-01-23#