000
CXUS55 KLKN 021230
CLSTPH
CLIMATE REPORT
NATIONAL WEATHER SERVICE ELKO, NV
430 AM PST SAT MAR 02 2024
...................................
...THE TONOPAH AIRPORT NV CLIMATE SUMMARY FOR THE SEASON, FROM
12/1/2023 TO 2/29/2024...
CLIMATE NORMAL PERIOD 1991 TO 2020
CLIMATE RECORD PERIOD 1954 TO 2024
WEATHER OBSERVED NORMAL DEPART LAST YEAR`S
VALUE DATE(S) VALUE FROM VALUE DATE(S)
NORMAL
................................................................
TEMPERATURE (F)
RECORD
HIGH 75 02/25/1986
LOW -15 01/24/1962
01/23/1962
HIGHEST 64 01/29 64 0 58 02/20
LOWEST 10 01/12 1 9 4 12/17
AVG. MAXIMUM 48.1 46.6 1.5 42.2
AVG. MINIMUM 25.6 22.5 3.1 21.6
MEAN 36.8 34.5 2.3 31.9
DAYS MAX >= 90 0 0.0 0.0 MM
DAYS MAX <= 32 3 5.0 -2.0 MM
DAYS MIN <= 32 81 84.7 -3.7 MM
DAYS MIN <= 0 0 0.6 -0.6 MM
PRECIPITATION (INCHES)
RECORD
MAXIMUM 3.27 1968
MINIMUM 0.14 1964
TOTALS 1.85 1.24 0.61 1.48
DAILY AVG. 0.02 NAN NAN 0.02
DAYS >= .01 16 11.1 4.9 17
DAYS >= .10 5 4.1 0.9 5
DAYS >= .50 1 0.1 0.9 0
DAYS >= 1.00 0 0.0 0.0 0
GREATEST
24 HR. TOTAL 0.54 0.35
DEGREE DAYS
HEATING TOTAL 2543 2750 -207 2967
SINCE 7/1 3707 3952 -245 MM
COOLING TOTAL 0 0 0 0
SINCE 1/1 0 0 0 MM
................................................................
WIND (MPH)
AVERAGE WIND SPEED 8.6
HIGHEST WIND SPEED/DIRECTION 35/300 DATE 01/03
HIGHEST GUST SPEED/DIRECTION 49/300 DATE 01/03
AVERAGE RH (PERCENT) 62
WEATHER CONDITIONS. NUMBER OF DAYS WITH
THUNDERSTORM 0 MIXED PRECIP 0
HEAVY RAIN 2 RAIN 1
LIGHT RAIN 12 FREEZING RAIN 0
LT FREEZING RAIN 0 HAIL 0
HEAVY SNOW 1 SNOW 3
LIGHT SNOW 17 SLEET 0
FOG 19 FOG W/VIS <= 1/4 MILE 1
HAZE 2
- INDICATES NEGATIVE NUMBERS.
R INDICATES RECORD WAS SET OR TIED.
MM INDICATES DATA IS MISSING.
T INDICATES TRACE AMOUNT.
=====================================================================
...WARMER THAN NORMAL METEOROLOGICAL WINTER IN TONOPAH...
...WETTER THAN NORMAL METEOROLOGICAL WETTER IN TONOPAH...
...2ND (TIED) WARMEST DECEMBER ON RECORD FOR TONOPAH...
$$