000
CXUS53 KOAX 081452
CF6TQE
PRELIMINARY LOCAL CLIMATOLOGICAL DATA (WS FORM: F-6)
STATION: TEKAMAH NE
MONTH: AUGUST
YEAR: 2022
LATITUDE: 41 46 N
LONGITUDE: 96 11 W
TEMPERATURE IN F: :PCPN: SNOW: WIND :SUNSHINE: SKY :PK WND
================================================================================
1 2 3 4 5 6A 6B 7 8 9 10 11 12 13 14 15 16 17 18
12Z AVG MX 2MIN
DY MAX MIN AVG DEP HDD CDD WTR SNW DPTH SPD SPD DIR MIN PSBL S-S WX SPD DR
================================================================================
1 93 64 79 4 0 14 0.00 M M 3.7 10 130 M M 0 15 170
2 100 72 86 11 0 21 0.00 M M 8.6 17 200 M M 0 1 26 190
3 98 66 82 7 0 17 0.02 M M 7.1 14 360 M M 1 3 28 250
4 90 59 75 0 0 10 0.00 M M 3.8 8 100 M M 0 12 110
5 95 62 79 4 0 14 0.00 M M 8.8 18 140 M M 0 26 140
6 100 74 87 13 0 22 0.00 M M 7.2 16 350 M M 1 3 23 360
7 93 70 82 8 0 17 0.29 M M 8.6 22 310 M M 6 13 32 310
8 81 58 70 -4 0 5 0.00 M M 7.0 16 350 M M 4 22 340
9 88 53 71 -3 0 6 0.00 M M 3.2 12 150 M M 1 12 15 170
10 93 60 77 3 0 12 0.00 M M 4.5 12 140 M M 0 16 130
11 94 61 78 4 0 13 0.00 M M 5.5 14 200 M M 0 21 170
12 95 63 79 5 0 14 0.00 M M 8.0 18 180 M M 0 27 220
13 86 67 77 4 0 12 0.00 M M 7.7 17 10 M M 2 25 10
14 81 60 71 -2 0 6 0.00 M M 4.7 10 30 M M 1 12 17 50
15 71 64 68 -5 0 3 0.36 M M 7.0 17 40 M M 8 13 23 20
16 82 63 73 0 0 8 0.07 M M 6.4 13 80 M M 7 1 18 60
17 85 59 72 -1 0 7 0.00 M M 3.5 8 110 M M 2 12 10 100
18 89 57 73 1 0 8 0.23 M M 7.7 18 200 M M 1 13 28 200
19 85 60 73 1 0 8 0.11 M M 6.6 20 340 M M 4 13 32 310
20 84 61 73 1 0 8 0.00 M M 7.4 14 350 M M 5 21 350
21 86 57 72 0 0 7 0.00 M M 4.7 10 10 M M 1 1 16 10
22 87 56 72 0 0 7 0.00 M M 2.6 9 140 M M 3 128 14 160
23 92 58 75 3 0 10 0.00 M M 6.1 15 190 M M 0 21 190
24 93 67 80 9 0 15 T M M 6.0 14 240 M M 2 3 22 240
25 86 63 75 4 0 10 0.50 M M 6.4 13 10 M M 2 13 19 330
26 83 62 73 2 0 8 0.34 M M 7.7 15 130 M M 2 13 21 140
27 87 69 78 7 0 13 0.01 M M 8.2 17 170 M M 3 3 27 170
28 93 67 80 10 0 15 0.00 M M 9.4 21 190 M M 2 29 180
29 88 58 73 3 0 8 0.03 M M 4.8 13 200 M M 0 3 18 200
30 88 53 71 1 0 6 0.00 M M 5.1 12 20 M M 0 17 30
31 94 52 73 3 0 8 0.00 M M 6.7 16 180 M M 0 24 180
================================================================================
SM 2760 1915 0 332 1.96 M 194.7 M 58
================================================================================
AV 89.0 61.8 6.3 FASTST M M 2 MAX(MPH)
MISC ----> 22 310 # 32 310
================================================================================
NOTES:
# LAST OF SEVERAL OCCURRENCES
COLUMN 17 PEAK WIND IN M.P.H.
PRELIMINARY LOCAL CLIMATOLOGICAL DATA (WS FORM: F-6) , PAGE 2
STATION: TEKAMAH NE
MONTH: AUGUST
YEAR: 2022
LATITUDE: 41 46 N
LONGITUDE: 96 11 W
[TEMPERATURE DATA] [PRECIPITATION DATA] SYMBOLS USED IN COLUMN 16
AVERAGE MONTHLY: 75.4 TOTAL FOR MONTH: 1.96 1 = FOG OR MIST
DPTR FM NORMAL: 2.7 DPTR FM NORMAL: -1.51 2 = FOG REDUCING VISIBILITY
HIGHEST: 100 ON 6, 2 GRTST 24HR 0.50 ON 25-25 TO 1/4 MILE OR LESS
LOWEST: 52 ON 31 3 = THUNDER
SNOW, ICE PELLETS, HAIL 4 = ICE PELLETS
TOTAL MONTH: M 5 = HAIL
GRTST 24HR M ON M 6 = FREEZING RAIN OR DRIZZLE
GRTST DEPTH: M ON M 7 = DUSTSTORM OR SANDSTORM:
VSBY 1/2 MILE OR LESS
8 = SMOKE OR HAZE
[NO. OF DAYS WITH] [WEATHER - DAYS WITH] 9 = BLOWING SNOW
X = TORNADO
MAX 32 OR BELOW: 0 0.01 INCH OR MORE: 10
MAX 90 OR ABOVE: 14 0.10 INCH OR MORE: 6
MIN 32 OR BELOW: 0 0.50 INCH OR MORE: 1
MIN 0 OR BELOW: 0 1.00 INCH OR MORE: 0
[HDD (BASE 65) ]
TOTAL THIS MO. 0 CLEAR (SCALE 0-3) 24
DPTR FM NORMAL -8 PTCLDY (SCALE 4-7) 7
TOTAL FM JUL 1 0 CLOUDY (SCALE 8-10) 0
DPTR FM NORMAL -6
[CDD (BASE 65) ]
TOTAL THIS MO. 332
DPTR FM NORMAL 86 [PRESSURE DATA]
TOTAL FM JAN 1 1132 HIGHEST SLP 30.17 ON 17
DPTR FM NORMAL 232 LOWEST SLP 29.55 ON 28
[REMARKS]
#FINAL-08-22#