000
CXUS53 KOAX 011030
CF6TQE
PRELIMINARY LOCAL CLIMATOLOGICAL DATA (WS FORM: F-6)
STATION: TEKAMAH NE
MONTH: NOVEMBER
YEAR: 2020
LATITUDE: 41 46 N
LONGITUDE: 96 11 W
TEMPERATURE IN F: :PCPN: SNOW: WIND :SUNSHINE: SKY :PK WND
================================================================================
1 2 3 4 5 6A 6B 7 8 9 10 11 12 13 14 15 16 17 18
12Z AVG MX 2MIN
DY MAX MIN AVG DEP HDD CDD WTR SNW DPTH SPD SPD DIR MIN PSBL S-S WX SPD DR
================================================================================
1 49 22 36 -8 29 0 0.00 M M 8.5 21 330 M M 0 31 330
2 69 21 45 1 20 0 0.00 M M 7.5 14 220 M M 0 18 230
3 80 30 55 11 10 0 0.00 M M 10.0 23 190 M M 0 30 200
4 77 31 54 11 11 0 0.00 M M 6.4 14 160 M M 0 8 16 190
5 77 32 55 12 10 0 0.00 M M 4.0 10 360 M M 0 18 13 360
6 78 34 56 14 9 0 0.00 M M 11.5 25 180 M M 0 18 32 180
7 76 55 66 24 0 1 0.00 M M 21.2 32 170 M M 1 41 190
8 75 57 66 25 0 1 0.00 M M 24.5 38 170 M M 3 48 180
9 67 32 50 9 15 0 0.80 M M 19.3 29 170 M M 9 16 39 160
10 33 26 30 -10 35 0 0.66 M M 14.0 26 300 M M 4 16 37 310
11 46 24 35 -5 30 0 0.00 M M 7.2 16 230 M M 0 21 220
12 37 21 29 -10 36 0 0.00 M M 10.7 26 360 M M 4 32 350
13 44 18 31 -8 34 0 0.00 M M 11.8 25 170 M M 0 32 180
14 53 29 41 3 24 0 T M M 12.1 38 310 M M 2 50 320
15 50 25 38 0 27 0 0.00 M M 16.1 32 310 M M 1 43 300
16 58 22 40 3 25 0 0.00 M M 10.5 33 310 M M 0 44 310
17 54 23 39 2 26 0 0.00 M M 10.4 23 150 M M 3 28 140
18 69 34 52 16 13 0 0.00 M M 14.6 32 190 M M 0 40 190
19 75 37 56 20 9 0 0.00 M M 8.2 15 160 M M 0 18 160
20 56 34 45 10 20 0 0.00 M M 5.9 14 320 M M 2 8 16 30
21 47 26 37 3 28 0 T M M 4.9 12 360 M M 3 1 15 350
22 50 21 36 2 29 0 T M M 8.8 24 310 M M 2 30 300
23 38 17 28 -5 37 0 0.06 M M 11.8 23 160 M M 7 18 29 160
24 43 36 40 7 25 0 0.14 M M 10.3 17 350 M M 10 18 22 350
25 38 30 34 2 31 0 0.00 M M 10.5 21 340 M M 9 1 27 340
26 45 27 36 4 29 0 0.00 M M 9.0 15 340 M M 0 1 20 330
27 51 24 38 7 27 0 0.00 M M 4.9 13 250 M M 0 16 280
28 59 27 43 12 22 0 0.00 M M 8.8 17 210 M M 0 22 240
29 40 22 31 1 34 0 0.00 M M 16.9 35 330 M M 0 43 340
30 40 16 28 -2 37 0 0.00 M M 6.3 14 330 M M 0 18 330
================================================================================
SM 1674 853 682 2 1.66 M 326.6 M 60
================================================================================
AV 55.8 28.4 10.9 FASTST M M 2 MAX(MPH)
MISC ----> # 38 170 50 320
================================================================================
NOTES:
# LAST OF SEVERAL OCCURRENCES
COLUMN 17 PEAK WIND IN M.P.H.
PRELIMINARY LOCAL CLIMATOLOGICAL DATA (WS FORM: F-6) , PAGE 2
STATION: TEKAMAH NE
MONTH: NOVEMBER
YEAR: 2020
LATITUDE: 41 46 N
LONGITUDE: 96 11 W
[TEMPERATURE DATA] [PRECIPITATION DATA] SYMBOLS USED IN COLUMN 16
AVERAGE MONTHLY: 42.1 TOTAL FOR MONTH: 1.66 1 = FOG OR MIST
DPTR FM NORMAL: 4.9 DPTR FM NORMAL: 0.26 2 = FOG REDUCING VISIBILITY
HIGHEST: 80 ON 3 GRTST 24HR 1.40 ON 9-10 TO 1/4 MILE OR LESS
LOWEST: 16 ON 30 3 = THUNDER
SNOW, ICE PELLETS, HAIL 4 = ICE PELLETS
TOTAL MONTH: M 5 = HAIL
GRTST 24HR M ON M 6 = FREEZING RAIN OR DRIZZLE
GRTST DEPTH: M ON M 7 = DUSTSTORM OR SANDSTORM:
VSBY 1/2 MILE OR LESS
8 = SMOKE OR HAZE
[NO. OF DAYS WITH] [WEATHER - DAYS WITH] 9 = BLOWING SNOW
X = TORNADO
MAX 32 OR BELOW: 0 0.01 INCH OR MORE: 4
MAX 90 OR ABOVE: 0 0.10 INCH OR MORE: 3
MIN 32 OR BELOW: 23 0.50 INCH OR MORE: 2
MIN 0 OR BELOW: 0 1.00 INCH OR MORE: 0
[HDD (BASE 65) ]
TOTAL THIS MO. 682 CLEAR (SCALE 0-3) 23
DPTR FM NORMAL -151 PTCLDY (SCALE 4-7) 4
TOTAL FM JUL 1 1349 CLOUDY (SCALE 8-10) 3
DPTR FM NORMAL -35
[CDD (BASE 65) ]
TOTAL THIS MO. 2
DPTR FM NORMAL 2 [PRESSURE DATA]
TOTAL FM JAN 1 1096 HIGHEST SLP 30.57 ON 21
DPTR FM NORMAL 110 LOWEST SLP 29.39 ON 14
[REMARKS]
#FINAL-11-20#