000
CXUS54 KMRX 011130
CF6TRI
PRELIMINARY LOCAL CLIMATOLOGICAL DATA (WS FORM: F-6)
STATION: TRI-CITIES AIRPORT
MONTH: NOVEMBER
YEAR: 2023
LATITUDE: 36 28 N
LONGITUDE: 82 24 W
TEMPERATURE IN F: :PCPN: SNOW: WIND :SUNSHINE: SKY :PK WND
================================================================================
1 2 3 4 5 6A 6B 7 8 9 10 11 12 13 14 15 16 17 18
12Z AVG MX 2MIN
DY MAX MIN AVG DEP HDD CDD WTR SNW DPTH SPD SPD DIR MIN PSBL S-S WX SPD DR
================================================================================
1 47 26 37 -14 28 0 0.00 0.0 0 6.3 22 310 M M 3 28 310
2 55 21 38 -13 27 0 0.00 0.0 0 1.5 10 250 M M 1 15 250
3 65 25 45 -5 20 0 0.00 0.0 0 0.9 7 270 M M 0 10 250
4 67 27 47 -3 18 0 0.00 0.0 0 1.6 10 240 M M 2 14 280
5 70 38 54 4 11 0 0.00 0.0 0 1.2 10 300 M M 2 13 280
6 74 34 54 5 11 0 0.00 0.0 0 2.6 18 230 M M 2 1 24 230
7 76 42 59 10 6 0 0.00 0.0 0 3.3 17 260 M M 4 22 230
8 80 48 64 15 1 0 0.00 0.0 0 1.7 10 230 M M 4 14 220
9 77 50 64 16 1 0 T 0.0 0 4.1 17 280 M M 8 8 23 250
10 62 48 55 7 10 0 0.13 0.0 0 3.9 14 340 M M 10 18 22 340
11 63 38 51 3 14 0 0.00 0.0 0 1.2 12 90 M M 7 16 90
12 66 36 51 4 14 0 0.00 0.0 0 0.7 7 180 M M 3 10 210
13 66 31 49 2 16 0 0.00 0.0 0 1.8 12 260 M M 4 16 240
14 67 29 48 1 17 0 0.00 0.0 0 0.4 8 320 M M 8 17 360
15 68 35 52 6 13 0 0.00 0.0 0 1.1 8 140 M M 7 14 130
16 73 30 52 6 13 0 0.00 0.0 0 1.6 9 160 M M 2 14 170
17 74 43 59 13 6 0 0.08 0.0 0 2.8 20 310 M M 8 1 28 310
18 60 33 47 1 18 0 0.01 0.0 0 4.5 15 340 M M 6 1 20 350
19 65 28 47 2 18 0 0.00 0.0 0 0.8 6 360 M M 2 12 9 100
20 65 32 49 4 16 0 T 0.0 0 5.7 14 110 M M 5 22 110
21 58 50 54 9 11 0 0.73 0.0 0 6.6 18 110 M M 10 1 24 90
22 53 42 48 4 17 0 T 0.0 0 6.4 13 310 M M 10 1 17 330
23 54 33 44 0 21 0 0.00 0.0 0 1.8 9 170 M M 6 13 180
24 60 32 46 2 19 0 0.00 0.0 0 3.6 14 340 M M 8 20 330
25 59 36 48 4 17 0 0.00 0.0 0 3.1 12 100 M M 7 17 110
26 54 29 42 -1 23 0 0.17 0.0 0 3.0 13 230 M M 7 1 17 240
27 47 27 37 -6 28 0 T 0.0 0 9.4 23 260 M M 7 32 260
28 42 23 33 -10 32 0 0.00 0.0 0 9.0 21 270 M M 3 28 270
29 49 15 32 -11 33 0 0.00 0.0 0 3.3 18 240 M M 1 28 230
30 58 22 40 -2 25 0 0.00 0.0 0 0.9 9 320 M M 4 13 320
================================================================================
SM 1874 1003 504 0 1.12 0.0 94.8 M 151
================================================================================
AV 62.5 33.4 3.2 FASTST M M 5 MAX(MPH)
MISC ----> 23 260 32 260
================================================================================
NOTES:
# LAST OF SEVERAL OCCURRENCES
COLUMN 17 PEAK WIND IN M.P.H.
PRELIMINARY LOCAL CLIMATOLOGICAL DATA (WS FORM: F-6) , PAGE 2
STATION: TRI-CITIES AIRPORT
MONTH: NOVEMBER
YEAR: 2023
LATITUDE: 36 28 N
LONGITUDE: 82 24 W
[TEMPERATURE DATA] [PRECIPITATION DATA] SYMBOLS USED IN COLUMN 16
AVERAGE MONTHLY: 48.0 TOTAL FOR MONTH: 1.12 1 = FOG OR MIST
DPTR FM NORMAL: 1.5 DPTR FM NORMAL: -2.02 2 = FOG REDUCING VISIBILITY
HIGHEST: 80 ON 8 GRTST 24HR 0.73 ON 21-21 TO 1/4 MILE OR LESS
LOWEST: 15 ON 29 3 = THUNDER
SNOW, ICE PELLETS, HAIL 4 = ICE PELLETS
TOTAL MONTH: 0.0 INCH 5 = HAIL
GRTST 24HR 0.0 6 = FREEZING RAIN OR DRIZZLE
GRTST DEPTH: 0 7 = DUSTSTORM OR SANDSTORM:
VSBY 1/2 MILE OR LESS
8 = SMOKE OR HAZE
[NO. OF DAYS WITH] [WEATHER - DAYS WITH] 9 = BLOWING SNOW
X = TORNADO
MAX 32 OR BELOW: 0 0.01 INCH OR MORE: 5
MAX 90 OR ABOVE: 0 0.10 INCH OR MORE: 3
MIN 32 OR BELOW: 15 0.50 INCH OR MORE: 1
MIN 0 OR BELOW: 0 1.00 INCH OR MORE: 0
[HDD (BASE 65) ]
TOTAL THIS MO. 504 CLEAR (SCALE 0-3) 10
DPTR FM NORMAL -53 PTCLDY (SCALE 4-7) 17
TOTAL FM JUL 1 712 CLOUDY (SCALE 8-10) 3
DPTR FM NORMAL -142
[CDD (BASE 65) ]
TOTAL THIS MO. 0
DPTR FM NORMAL -1 [PRESSURE DATA]
TOTAL FM JAN 1 1077 HIGHEST SLP 30.50 ON 2
DPTR FM NORMAL -27 LOWEST SLP 29.76 ON 21
[REMARKS]
#FINAL-11-23#