000
CXUS56 KPQR 011201
CF6TTD
PRELIMINARY LOCAL CLIMATOLOGICAL DATA (WS FORM: F-6)
STATION: TROUTDALE OR
MONTH: FEBRUARY
YEAR: 2024
LATITUDE: 45 33 N
LONGITUDE: 122 25 W
TEMPERATURE IN F: :PCPN: SNOW: WIND :SUNSHINE: SKY :PK WND
================================================================================
1 2 3 4 5 6A 6B 7 8 9 10 11 12 13 14 15 16 17 18
12Z AVG MX 2MIN
DY MAX MIN AVG DEP HDD CDD WTR SNW DPTH SPD SPD DIR MIN PSBL S-S WX SPD DR
================================================================================
1 60 46 53 10 12 0 0.01 M M 8.1 16 80 M M 6 20 100
2 57 38 48 5 17 0 0.02 M M 5.4 18 220 M M 7 24 240
3 57 33 45 2 20 0 0.00 M M 2.2 7 90 M M 2 12 8 340
4 57 29 43 0 22 0 0.00 M M 9.8 24 80 M M 2 12 36 80
5 49 45 47 4 18 0 0.36 M M 14.2 28 90 M M 10 1 34 100
6 52 45 49 6 16 0 0.10 M M 2.0 9 220 M M 10 1 12 210
7 53 37 45 2 20 0 0.09 M M 2.3 9 250 M M 6 1 11 250
8 51 39 45 1 20 0 0.05 M M 0.9 8 250 M M 10 11 230
9 47 42 45 1 20 0 0.21 M M 2.5 8 220 M M 10 1 11 180
10 56 38 47 3 18 0 0.00 M M 5.1 12 80 M M 4 15 90
11 57 43 50 6 15 0 0.15 M M 8.8 17 220 M M 8 1 22 210
12 55 35 45 1 20 0 0.02 M M 5.9 17 210 M M 8 1 23 210
13 52 32 42 -2 23 0 0.00 M M 2.1 8 210 M M 3 12 11 320
14 46 33 40 -4 25 0 0.58 M M 16.0 28 90 M M 8 12 36 100
15 40 37 39 -5 26 0 0.60 M M 19.6 29 80 M M 10 1 35 80
16 46 37 42 -2 23 0 0.05 M M 20.2 29 90 M M 3 36 100
17 45 39 42 -2 23 0 0.06 M M 22.8 33 100 M M 9 40 90
18 46 38 42 -3 23 0 0.03 M M 22.8 31 90 M M 6 1 39 90
19 51 44 48 3 17 0 0.06 M M 21.0 29 90 M M 7 36 90
20 52 44 48 3 17 0 0.27 M M 18.3 29 90 M M 8 35 80
21 55 44 50 5 15 0 0.57 M M 8.9 25 90 M M 10 1 31 80
22 59 45 52 7 13 0 0.09 M M 8.0 14 90 M M 4 1 20 80
23 62 38 50 5 15 0 0.00 M M 3.7 14 60 M M 1 12 17 70
24 57 34 46 0 19 0 0.00 M M 1.3 9 310 M M 5 1 12 20
25 53 43 48 2 17 0 0.51 M M 7.2 17 220 M M 10 23 220
26 46 37 42 -4 23 0 0.22 M M 5.8 17 240 M M 8 28 240
27 50 38 44 -2 21 0 0.07 M M 6.5 16 220 M M 10 21 190
28 56 50 53 7 12 0 0.37 M M 9.4 20 210 M M 10 27 200
29 54 40 47 1 18 0 1.10 M M 8.5 23 240 M M 10 30 230
================================================================================
SM 1521 1143 548 0 5.59 M 269.3 M 205
================================================================================
AV 52.4 39.4 9.3 FASTST M M 7 MAX(MPH)
MISC ----> 33 100 40 90
================================================================================
NOTES:
# LAST OF SEVERAL OCCURRENCES
COLUMN 17 PEAK WIND IN M.P.H.
PRELIMINARY LOCAL CLIMATOLOGICAL DATA (WS FORM: F-6) , PAGE 2
STATION: TROUTDALE OR
MONTH: FEBRUARY
YEAR: 2024
LATITUDE: 45 33 N
LONGITUDE: 122 25 W
[TEMPERATURE DATA] [PRECIPITATION DATA] SYMBOLS USED IN COLUMN 16
AVERAGE MONTHLY: 45.9 TOTAL FOR MONTH: 5.59 1 = FOG OR MIST
DPTR FM NORMAL: 1.5 DPTR FM NORMAL: 1.88 2 = FOG REDUCING VISIBILITY
HIGHEST: 62 ON 23 GRTST 24HR 1.27 ON 28-29 TO 1/4 MILE OR LESS
LOWEST: 29 ON 4 3 = THUNDER
SNOW, ICE PELLETS, HAIL 4 = ICE PELLETS
TOTAL MONTH: M 5 = HAIL
GRTST 24HR M ON M 6 = FREEZING RAIN OR DRIZZLE
GRTST DEPTH: M ON M 7 = DUSTSTORM OR SANDSTORM:
VSBY 1/2 MILE OR LESS
8 = SMOKE OR HAZE
[NO. OF DAYS WITH] [WEATHER - DAYS WITH] 9 = BLOWING SNOW
X = TORNADO
MAX 32 OR BELOW: 0 0.01 INCH OR MORE: 23
MAX 90 OR ABOVE: 0 0.10 INCH OR MORE: 12
MIN 32 OR BELOW: 2 0.50 INCH OR MORE: 5
MIN 0 OR BELOW: 0 1.00 INCH OR MORE: 1
[HDD (BASE 65) ]
TOTAL THIS MO. 548 CLEAR (SCALE 0-3) 3
DPTR FM NORMAL -30 PTCLDY (SCALE 4-7) 13
TOTAL FM JUL 1 2603 CLOUDY (SCALE 8-10) 13
DPTR FM NORMAL -396
[CDD (BASE 65) ]
TOTAL THIS MO. 0
DPTR FM NORMAL 0 [PRESSURE DATA]
TOTAL FM JAN 1 0 HIGHEST SLP 30.35 ON 23
DPTR FM NORMAL 0 LOWEST SLP 29.43 ON 5
[REMARKS]
#FINAL-02-24#