000
CXUS51 KPHI 010815
CF6TTN
PRELIMINARY LOCAL CLIMATOLOGICAL DATA (WS FORM: F-6)
STATION: TRENTON NJ
MONTH: OCTOBER
YEAR: 2022
LATITUDE: 40 16 N
LONGITUDE: 74 49 W
TEMPERATURE IN F: :PCPN: SNOW: WIND :SUNSHINE: SKY :PK WND
================================================================================
1 2 3 4 5 6A 6B 7 8 9 10 11 12 13 14 15 16 17 18
12Z AVG MX 2MIN
DY MAX MIN AVG DEP HDD CDD WTR SNW DPTH SPD SPD DIR MIN PSBL S-S WX SPD DR
================================================================================
1 58 51 55 -7 10 0 1.01 0.0 0 12.9 24 30 M M 10 1 33 50
2 58 45 52 -9 13 0 1.44 0.0 0 12.6 25 60 M M 10 1 32 70
3 50 44 47 -14 18 0 0.81 0.0 0 9.5 20 30 M M 10 1 28 30
4 53 45 49 -11 16 0 0.63 0.0 0 11.8 18 10 M M 10 1 26 360
5 60 52 56 -4 9 0 0.06 0.0 0 7.0 17 20 M M 9 12 22 30
6 75 47 61 1 4 0 0.00 0.0 0 2.3 8 230 M M 0 12 340
7 76 52 64 5 1 0 T 0.0 0 5.8 14 350 M M 2 22 250
8 58 42 50 -9 15 0 0.05 0.0 0 7.2 16 340 M M 3 1 24 340
9 61 35 48 -10 17 0 0.00 0.0 0 5.5 15 250 M M 0 22 240
10 67 38 53 -5 12 0 0.00 0.0 0 3.8 14 300 M M 0 20 280
11 71 40 56 -2 9 0 0.00 0.0 0 2.1 14 270 M M 0 18 280
12 70 42 56 -1 9 0 0.00 0.0 0 4.5 16 190 M M 0 20 190
13 70 53 62 5 3 0 0.51 0.0 0 7.8 20 340 M M 10 1 24 350
14 68 42 55 -1 10 0 0.10 0.0 0 4.4 10 260 M M 4 1 17 280
15 70 40 55 -1 10 0 0.00 0.0 0 5.7 17 200 M M 0 23 190
16 65 42 54 -2 11 0 0.00 0.0 0 2.2 9 270 M M 1 1 16 290
17 67 48 58 3 7 0 0.25 0.0 0 6.2 16 190 M M 8 1238 21 190
18 55 37 46 -9 19 0 0.00 0.0 0 6.0 14 270 M M 2 19 290
19 53 33 43 -11 22 0 0.00 0.0 0 5.9 20 210 M M 4 28 210
20 58 36 47 -7 18 0 0.00 0.0 0 7.3 21 210 M M 0 29 210
21 63 33 48 -6 17 0 0.00 0.0 0 1.6 10 210 M M 0 8 14 210
22 67 34 51 -2 14 0 0.00 0.0 0 2.6 9 130 M M 0 13 160
23 63 48 56 3 9 0 0.03 0.0 0 9.2 18 40 M M 8 1 27 40
24 60 52 56 3 9 0 0.99 0.0 0 7.4 12 50 M M 10 1 17 50
25 68 60 64 12 1 0 0.02 0.0 0 4.0 9 80 M M 10 12 12 60
26 68 55 62 10 3 0 0.01 0.0 0 4.6 13 220 M M 8 12 16 190
27 64 46 55 3 10 0 0.00 0.0 0 9.8 24 350 M M 0 32 340
28 56 39 48 -3 17 0 0.00 0.0 0 7.1 16 50 M M 0 19 50
29 60 36 48 -3 17 0 0.00 0.0 0 5.7 13 30 M M 0 18 350
30 63 32 48 -2 17 0 0.00 0.0 0 2.2 7 170 M M 0 13 170
31 63 40 52 2 13 0 0.13 0.0 0 3.5 14 210 M M 8 12 17 210
================================================================================
SM 1958 1339 360 0 6.04 0.0 188.2 M 127
================================================================================
AV 63.2 43.2 6.1 FASTST M M 4 MAX(MPH)
MISC ----> 25 60 33 50
================================================================================
NOTES:
# LAST OF SEVERAL OCCURRENCES
COLUMN 17 PEAK WIND IN M.P.H.
PRELIMINARY LOCAL CLIMATOLOGICAL DATA (WS FORM: F-6) , PAGE 2
STATION: TRENTON NJ
MONTH: OCTOBER
YEAR: 2022
LATITUDE: 40 16 N
LONGITUDE: 74 49 W
[TEMPERATURE DATA] [PRECIPITATION DATA] SYMBOLS USED IN COLUMN 16
AVERAGE MONTHLY: 53.2 TOTAL FOR MONTH: 6.04 1 = FOG OR MIST
DPTR FM NORMAL: -2.5 DPTR FM NORMAL: 2.25 2 = FOG REDUCING VISIBILITY
HIGHEST: 76 ON 7 GRTST 24HR 1.67 ON 2- 3 TO 1/4 MILE OR LESS
LOWEST: 32 ON 30 3 = THUNDER
SNOW, ICE PELLETS, HAIL 4 = ICE PELLETS
TOTAL MONTH: 0.0 INCH 5 = HAIL
GRTST 24HR 0.0 6 = FREEZING RAIN OR DRIZZLE
GRTST DEPTH: 0 7 = DUSTSTORM OR SANDSTORM:
VSBY 1/2 MILE OR LESS
8 = SMOKE OR HAZE
[NO. OF DAYS WITH] [WEATHER - DAYS WITH] 9 = BLOWING SNOW
X = TORNADO
MAX 32 OR BELOW: 0 0.01 INCH OR MORE: 14
MAX 90 OR ABOVE: 0 0.10 INCH OR MORE: 9
MIN 32 OR BELOW: 1 0.50 INCH OR MORE: 6
MIN 0 OR BELOW: 0 1.00 INCH OR MORE: 2
[HDD (BASE 65) ]
TOTAL THIS MO. 360 CLEAR (SCALE 0-3) 16
DPTR FM NORMAL 56 PTCLDY (SCALE 4-7) 5
TOTAL FM JUL 1 407 CLOUDY (SCALE 8-10) 10
DPTR FM NORMAL 51
[CDD (BASE 65) ]
TOTAL THIS MO. 0
DPTR FM NORMAL -16 [PRESSURE DATA]
TOTAL FM JAN 1 1204 HIGHEST SLP 30.50 ON 28
DPTR FM NORMAL 154 LOWEST SLP 29.56 ON 17
[REMARKS]
#FINAL-10-22#