000
CXUS51 KPHI 071451
CF6TTN
PRELIMINARY LOCAL CLIMATOLOGICAL DATA (WS FORM: F-6)
STATION: TRENTON NJ
MONTH: APRIL
YEAR: 2022
LATITUDE: 40 16 N
LONGITUDE: 74 49 W
TEMPERATURE IN F: :PCPN: SNOW: WIND :SUNSHINE: SKY :PK WND
================================================================================
1 2 3 4 5 6A 6B 7 8 9 10 11 12 13 14 15 16 17 18
12Z AVG MX 2MIN
DY MAX MIN AVG DEP HDD CDD WTR SNW DPTH SPD SPD DIR MIN PSBL S-S WX SPD DR
================================================================================
1 63 42 53 6 12 0 0.27 0.0 0 12.7 26 260 M M 8 1 40 260
2 52 36 44 -4 21 0 0.00 0.0 0 7.2 21 350 M M 2 26 350
3 52 39 46 -2 19 0 0.28 0.0 0 6.5 20 270 M M 7 13 27 300
4 52 36 44 -4 21 0 0.00 0.0 0 7.1 16 340 M M 3 24 340
5 57 36 47 -2 18 0 0.12 0.0 0 7.5 18 130 M M 8 1 23 130
6 53 45 49 0 16 0 0.99 0.0 0 12.4 21 50 M M 10 1 28 40
7 54 44 49 0 16 0 1.88 0.0 0 11.2 21 100 M M 10 13 26 80
8 61 45 53 3 12 0 0.07 0.0 0 8.5 18 260 M M 4 1 28 240
9 55 43 49 -1 16 0 0.16 0.0 0 6.5 16 320 M M 8 1 22 320
10 50 40 45 -6 20 0 T 0.0 0 11.4 21 310 M M 7 32 300
11 61 36 49 -2 16 0 0.00 0.0 0 6.0 16 200 M M 1 20 280
12 72 46 59 8 6 0 0.04 0.0 0 4.1 14 320 M M 4 1 20 320
13 80 48 64 12 1 0 0.00 0.0 0 5.8 16 220 M M 1 23 230
14 83 54 69 17 0 4 0.55 0.0 0 8.5 23 300 M M 3 138 31 300
15 68 43 56 4 9 0 0.00 0.0 0 9.0 21 220 M M 0 27 220
16 73 46 60 7 5 0 0.13 0.0 0 10.2 22 340 M M 3 1 34 310
17 50 35 43 -10 22 0 0.00 0.0 0 9.1 21 340 M M 4 33 340
18 49 32 41 -13 24 0 0.90 0.0 0 12.4 29 60 M M 5 1 36 60
19 50 38 44 -10 21 0 0.18 0.0 0 14.4 25 260 M M 7 1 36 250
20 57 37 47 -7 18 0 0.00 0.0 0 6.9 18 340 M M 0 26 340
21 63 37 50 -5 15 0 T 0.0 0 7.7 20 200 M M 3 26 210
22 68 46 57 2 8 0 0.00 0.0 0 7.1 18 340 M M 0 25 340
23 63 47 55 0 10 0 0.00 0.0 0 4.4 13 150 M M 7 14 130
24 66 45 56 0 9 0 0.00 0.0 0 9.3 16 110 M M 1 23 120
25 57 44 51 -5 14 0 0.00 0.0 0 8.1 14 100 M M 8 20 100
26 68 52 60 4 5 0 0.03 0.0 0 6.1 13 290 M M 10 1 20 290
27 55 39 47 -10 18 0 0.00 0.0 0 11.8 23 340 M M 8 32 330
28 55 36 46 -11 19 0 0.00 0.0 0 14.2 26 340 M M 3 37 330
29 62 37 50 -7 15 0 0.00 0.0 0 10.9 21 340 M M 0 29 340
30 67 38 53 -5 12 0 0.00 0.0 0 6.7 16 310 M M 0 23 330
================================================================================
SM 1816 1242 418 4 5.60 0.0 263.7 M 135
================================================================================
AV 60.5 41.4 8.8 FASTST M M 5 MAX(MPH)
MISC ----> 29 60 40 260
================================================================================
NOTES:
# LAST OF SEVERAL OCCURRENCES
COLUMN 17 PEAK WIND IN M.P.H.
PRELIMINARY LOCAL CLIMATOLOGICAL DATA (WS FORM: F-6) , PAGE 2
STATION: TRENTON NJ
MONTH: APRIL
YEAR: 2022
LATITUDE: 40 16 N
LONGITUDE: 74 49 W
[TEMPERATURE DATA] [PRECIPITATION DATA] SYMBOLS USED IN COLUMN 16
AVERAGE MONTHLY: 51.0 TOTAL FOR MONTH: 5.60 1 = FOG OR MIST
DPTR FM NORMAL: -1.5 DPTR FM NORMAL: 1.97 2 = FOG REDUCING VISIBILITY
HIGHEST: 83 ON 14 GRTST 24HR 1.88 ON 7- 7 TO 1/4 MILE OR LESS
LOWEST: 32 ON 18 3 = THUNDER
SNOW, ICE PELLETS, HAIL 4 = ICE PELLETS
TOTAL MONTH: 0.0 INCH 5 = HAIL
GRTST 24HR 0.0 6 = FREEZING RAIN OR DRIZZLE
GRTST DEPTH: 0 7 = DUSTSTORM OR SANDSTORM:
VSBY 1/2 MILE OR LESS
8 = SMOKE OR HAZE
[NO. OF DAYS WITH] [WEATHER - DAYS WITH] 9 = BLOWING SNOW
X = TORNADO
MAX 32 OR BELOW: 0 0.01 INCH OR MORE: 13
MAX 90 OR ABOVE: 0 0.10 INCH OR MORE: 10
MIN 32 OR BELOW: 1 0.50 INCH OR MORE: 4
MIN 0 OR BELOW: 0 1.00 INCH OR MORE: 1
[HDD (BASE 65) ]
TOTAL THIS MO. 418 CLEAR (SCALE 0-3) 11
DPTR FM NORMAL 31 PTCLDY (SCALE 4-7) 15
TOTAL FM JUL 1 4560 CLOUDY (SCALE 8-10) 4
DPTR FM NORMAL -248
[CDD (BASE 65) ]
TOTAL THIS MO. 4
DPTR FM NORMAL -8 [PRESSURE DATA]
TOTAL FM JAN 1 4 HIGHEST SLP M ON M
DPTR FM NORMAL -9 LOWEST SLP 29.41 ON 1
[REMARKS]
#FINAL-04-22#