828
CXUS54 KTSA 221831
CF6TUL
PRELIMINARY LOCAL CLIMATOLOGICAL DATA (WS FORM: F-6)
STATION: TULSA OKLAHOMA
MONTH: FEBRUARY
YEAR: 2020
LATITUDE: 36 12 N
LONGITUDE: 95 54 W
TEMPERATURE IN F: :PCPN: SNOW: WIND :SUNSHINE: SKY :PK WND
================================================================================
1 2 3 4 5 6A 6B 7 8 9 10 11 12 13 14 15 16 17 18
12Z AVG MX 2MIN
DY MAX MIN AVG DEP HDD CDD WTR SNW DPTH SPD SPD DIR MIN PSBL S-S WX SPD DR
================================================================================
1 63 27 45 6 20 0 0.00 0.0 0 4.2 14 240 M M 2 20 240
2 77 40 59 20 6 0 0.00 0.0 0 8.0 18 170 M M 8 23 160
3 70 42 56 17 9 0 0.00 0.0 0 15.6 26 180 M M 8 34 180
4 42 34 38 -2 27 0 0.01 T 0 14.0 22 350 M M 10 14 29 340
5 34 28 31 -9 34 0 0.41 2.4 1 11.6 21 350 M M 10 146 28 350
6 41 28 35 -5 30 0 0.00 0.0 2 7.4 15 310 M M 6 19 320
7 52 27 40 0 25 0 0.00 0.0 T 3.7 15 300 M M 6 20 290
8 57 26 42 2 23 0 0.00 0.0 0 7.1 20 170 M M 5 27 160
9 65 39 52 11 13 0 0.06 0.0 0 15.7 29 170 M M 10 1 40 170
10 44 31 38 -3 27 0 0.04 T 0 10.6 20 350 M M 9 25 350
11 47 36 42 1 23 0 T T 0 7.5 17 20 M M 9 23 20
12 42 37 40 -1 25 0 0.46 T 0 7.5 16 320 M M 10 1 22 330
13 38 19 29 -13 36 0 0.00 0.0 0 13.9 26 340 M M 6 34 360
14 42 15 29 -13 36 0 0.00 0.0 0 8.4 18 170 M M 3 25 170
15 59 35 47 5 18 0 0.00 0.0 0 12.9 26 170 M M 8 37 160
16 57 37 47 5 18 0 0.00 0.0 0 4.8 12 130 M M 9 15 170
17 68 46 57 14 8 0 0.00 0.0 0 7.9 20 350 M M 8 1 26 160
18 49 35 42 -1 23 0 T 0.0 0 12.2 21 10 M M 7 32 350
19 56 27 42 -1 23 0 0.00 0.0 0 7.8 16 40 M M 7 24 40
20 44 22 33 -11 32 0 0.00 0.0 0 13.6 22 350 M M 7 30 10
21 46 18 32 -12 33 0 0.00 0.0 0 5.4 12 170 M M 1 16 190
22 59 32 46 2 19 0 T 0.0 0 12.7 22 170 M M 8 29 180
23 52 46 49 4 16 0 0.19 0.0 0 9.7 15 140 M M 10 13 21 140
24 56 45 51 6 14 0 0.03 0.0 0 11.8 23 190 M M 10 1 33 210
25 52 35 44 -1 21 0 0.17 T 0 8.5 18 290 M M 8 1 23 290
26 43 28 36 -10 29 0 T T 0 12.3 23 330 M M 7 33 340
27 58 23 41 -5 24 0 T 0.0 0 8.2 26 310 M M 4 35 310
28 65 31 48 2 17 0 0.00 0.0 0 7.2 24 280 M M 1 32 280
29 73 31 52 6 13 0 0.00 0.0 0 9.4 23 170 M M 4 32 180
================================================================================
SM 1551 920 642 0 1.37 2.4 279.6 M 201
================================================================================
AV 53.5 31.7 9.6 FASTST M M 7 MAX(MPH)
MISC ----> # 29 170 # 40 170
================================================================================
NOTES:
# LAST OF SEVERAL OCCURRENCES
COLUMN 17 PEAK WIND IN M.P.H.
PRELIMINARY LOCAL CLIMATOLOGICAL DATA (WS FORM: F-6) , PAGE 2
STATION: TULSA OKLAHOMA
MONTH: FEBRUARY
YEAR: 2020
LATITUDE: 36 12 N
LONGITUDE: 95 54 W
[TEMPERATURE DATA] [PRECIPITATION DATA] SYMBOLS USED IN COLUMN 16
AVERAGE MONTHLY: 42.6 TOTAL FOR MONTH: 1.37 1 = FOG OR MIST
DPTR FM NORMAL: 0.3 DPTR FM NORMAL: -0.48 2 = FOG REDUCING VISIBILITY
HIGHEST: 77 ON 2 GRTST 24HR 0.46 ON 12-12 TO 1/4 MILE OR LESS
LOWEST: 15 ON 14 3 = THUNDER
SNOW, ICE PELLETS, HAIL 4 = ICE PELLETS
TOTAL MONTH: 2.4 INCHES 5 = HAIL
GRTST 24HR 2.4 ON 5- 5 6 = FREEZING RAIN OR DRIZZLE
GRTST DEPTH: 2 ON 6 7 = DUSTSTORM OR SANDSTORM:
VSBY 1/2 MILE OR LESS
8 = SMOKE OR HAZE
[NO. OF DAYS WITH] [WEATHER - DAYS WITH] 9 = BLOWING SNOW
X = TORNADO
MAX 32 OR BELOW: 0 0.01 INCH OR MORE: 8
MAX 90 OR ABOVE: 0 0.10 INCH OR MORE: 4
MIN 32 OR BELOW: 16 0.50 INCH OR MORE: 0
MIN 0 OR BELOW: 0 1.00 INCH OR MORE: 0
[HDD (BASE 65) ]
TOTAL THIS MO. 642 CLEAR (SCALE 0-3) 4
DPTR FM NORMAL 4 PTCLDY (SCALE 4-7) 16
TOTAL FM JUL 1 2725 CLOUDY (SCALE 8-10) 9
DPTR FM NORMAL -205
[CDD (BASE 65) ]
TOTAL THIS MO. 0
DPTR FM NORMAL -1 [PRESSURE DATA]
TOTAL FM JAN 1 0 HIGHEST SLP 30.77 ON 20
DPTR FM NORMAL -1 LOWEST SLP 29.49 ON 24
[REMARKS]
#FINAL-02-20#
#FINAL-02-20#