000
CXUS54 KTSA 011100
CLMTUL
CLIMATE REPORT
NATIONAL WEATHER SERVICE TULSA OK
1000 AM CDT SAT JUL 01 2023
...................................
...THE TULSA OKLAHOMA CLIMATE SUMMARY FOR THE MONTH OF JUNE 2023...
CLIMATE NORMAL PERIOD 1991 TO 2020
CLIMATE RECORD PERIOD 1882 TO 2023
WEATHER OBSERVED NORMAL DEPART LAST YEAR`S
VALUE DATE(S) VALUE FROM VALUE DATE(S)
NORMAL
................................................................
TEMPERATURE (F)
RECORD
HIGH 108 06/10/1911
LOW 49 06/04/1954
06/05/1919
06/04/1919
HIGHEST 102 06/29 88 14 101 06/25
LOWEST 61 06/12 67 -6 57 06/06
AVG. MAXIMUM 89.8 88.4 1.4 90.8
AVG. MINIMUM 67.8 68.7 -0.9 70.3
MEAN 78.8 78.6 0.2 80.6
DAYS MAX >= 90 16 14.2 1.8 17
DAYS MAX <= 32 0 0.0 0.0 0
DAYS MIN <= 32 0 0.0 0.0 0
DAYS MIN <= 0 0 0.0 0.0 0
PRECIPITATION (INCHES)
RECORD
MAXIMUM 14.87 1904
MINIMUM 0.11 2020
TOTALS 4.24 4.65 -0.41 3.18
DAILY AVG. 0.14 0.16 -0.01 0.11
DAYS >= .01 9 9.1 -0.1 6
DAYS >= .10 6 6.6 -0.6 4
DAYS >= .50 2 3.2 -1.2 3
DAYS >= 1.00 1 1.5 -0.5 1
GREATEST
24 HR. TOTAL 1.87 06/03 TO 06/03
DEGREE DAYS
COOLING TOTAL 424 407 17 474
SINCE 1/1 671 660 11 MM
................................................................
WIND (MPH)
AVERAGE WIND SPEED 6.7
HIGHEST WIND SPEED/DIRECTION 36/270 DATE 06/15
HIGHEST GUST SPEED/DIRECTION 77/280 DATE 06/18
SKY COVER
POSSIBLE SUNSHINE (PERCENT) MM
AVERAGE SKY COVER 0.49
NUMBER OF DAYS FAIR 5
NUMBER OF DAYS PC 23
NUMBER OF DAYS CLOUDY 2
AVERAGE RH (PERCENT) 67
WEATHER CONDITIONS. NUMBER OF DAYS WITH
THUNDERSTORM 14 MIXED PRECIP 0
HEAVY RAIN 5 RAIN 4
LIGHT RAIN 12 FREEZING RAIN 0
LT FREEZING RAIN 0 HAIL 0
HEAVY SNOW 0 SNOW 0
LIGHT SNOW 0 SLEET 0
FOG 10 FOG W/VIS <= 1/4 MILE 0
HAZE 1
- INDICATES NEGATIVE NUMBERS.
R INDICATES RECORD WAS SET OR TIED.
MM INDICATES DATA IS MISSING.
T INDICATES TRACE AMOUNT.
$$